{"id":323,"date":"2023-03-21T13:40:29","date_gmt":"2023-03-21T13:40:29","guid":{"rendered":"https:\/\/wp.ull.es\/vicmovi\/?page_id=323"},"modified":"2023-03-23T11:00:40","modified_gmt":"2023-03-23T11:00:40","slug":"iii-jornadas-4","status":"publish","type":"page","link":"https:\/\/wp.ull.es\/vicmovi\/igualdad\/iii-jornadas-4\/","title":{"rendered":"III Jornadas LMYLE"},"content":{"rendered":"\n<h2 class=\"wp-block-heading\">Profesionales canarias<\/h2>\n\n\n\n<figure class=\"wp-block-image size-large\"><img decoding=\"async\" width=\"1024\" height=\"577\" src=\"https:\/\/wp.ull.es\/vicmovi\/wp-content\/uploads\/sites\/142\/2023\/02\/III-Jornadas-6-1024x577.jpg\" alt=\"\" class=\"wp-image-187\" srcset=\"https:\/\/wp.ull.es\/vicmovi\/wp-content\/uploads\/sites\/142\/2023\/02\/III-Jornadas-6-1024x577.jpg 1024w, https:\/\/wp.ull.es\/vicmovi\/wp-content\/uploads\/sites\/142\/2023\/02\/III-Jornadas-6-300x169.jpg 300w, https:\/\/wp.ull.es\/vicmovi\/wp-content\/uploads\/sites\/142\/2023\/02\/III-Jornadas-6-768x432.jpg 768w, https:\/\/wp.ull.es\/vicmovi\/wp-content\/uploads\/sites\/142\/2023\/02\/III-Jornadas-6-1536x865.jpg 1536w, https:\/\/wp.ull.es\/vicmovi\/wp-content\/uploads\/sites\/142\/2023\/02\/III-Jornadas-6.jpg 1600w\" sizes=\"(max-width: 767px) 89vw, (max-width: 1000px) 54vw, (max-width: 1071px) 543px, 580px\" \/><\/figure>\n\n\n\n<p>El tema central de esta tercera edici\u00f3n son las mujeres profesionales de Canarias. Hemos contado con egresadas de la Facultad de Econom\u00eda, Empresa y Turismo que en la actualidad ocupan puestos de liderazgo en distintos \u00e1mbitos empresariales y organismos p\u00fablicos. Estas destacadas profesionales canarias nos hablaron de su trayectoria e intercambiaron impresiones acerca del papel de la mujer en el mercado laboral en una mesa redonda. <\/p>\n\n\n\n<p>Durante las Jornadas, hemos disfrutado de una charla dada por Daniel Santos Torres, de la que puedes encontrar un resumen <a rel=\"noreferrer noopener\" href=\"https:\/\/wp.ull.es\/vicmovi\/2023\/03\/21\/evolucion-del-rol-de-la-mujer-en-la-economia-educacion-mercado-laboral-y-fertilidad\/\" target=\"_blank\">aqu\u00ed<\/a>. Adem\u00e1s, hemos presenciado una muestra de cine presentada por Fabi\u00e1n Or\u00e1n Llarena, una actuaci\u00f3n musical de <a rel=\"noreferrer noopener\" href=\"http:\/\/laislamusic.net\" data-type=\"URL\" data-id=\"laislamusic.net\" target=\"_blank\">Ruts &amp; La Isla Music<\/a>, acciones participativas y, por fin, una mesa redonda de profesionales canarias. Si quieres leer las conclusiones de las Jornadas, haz clic <a rel=\"noreferrer noopener\" href=\"https:\/\/wp.ull.es\/vicmovi\/2023\/03\/22\/conclusiones-de-las-iii-jornadas-lmyle\/\" target=\"_blank\">aqu\u00ed<\/a>. Tambi\u00e9n, puedes encontrar <a rel=\"noreferrer noopener\" href=\"https:\/\/wp.ull.es\/vicmovi\/2023\/03\/21\/por-que-una-mesa-redonda-de-profesionales-canarias\/\" target=\"_blank\">aqu\u00ed<\/a> la introducci\u00f3n y presentaci\u00f3n realizada por la moderadora de la mesa redonda, Judit Mendoza.<\/p>\n\n\n\n<p><strong>Colabora:<\/strong> <a href=\"https:\/\/www.ull.es\/catedras\/catedra-jovenes-emprendedores\/\">C\u00e1tedra Fundaci\u00f3n DISA de J\u00f3venes Emprendedores<\/a><\/p>\n\n\n\n<hr class=\"wp-block-separator has-alpha-channel-opacity is-style-wide\" \/>\n\n\n\n<p>Consulta el programa completo de las III Jornadas a continuaci\u00f3n:<\/p>\n\n\n<div class=\"wp-block-image\">\n<figure class=\"aligncenter size-large is-resized\"><img decoding=\"async\" src=\"https:\/\/wp.ull.es\/vicmovi\/wp-content\/uploads\/sites\/142\/2023\/02\/1-5-724x1024.png\" alt=\"\" class=\"wp-image-180\" width=\"435\" height=\"615\" srcset=\"https:\/\/wp.ull.es\/vicmovi\/wp-content\/uploads\/sites\/142\/2023\/02\/1-5-724x1024.png 724w, https:\/\/wp.ull.es\/vicmovi\/wp-content\/uploads\/sites\/142\/2023\/02\/1-5-212x300.png 212w, https:\/\/wp.ull.es\/vicmovi\/wp-content\/uploads\/sites\/142\/2023\/02\/1-5-768x1086.png 768w, https:\/\/wp.ull.es\/vicmovi\/wp-content\/uploads\/sites\/142\/2023\/02\/1-5-1086x1536.png 1086w, https:\/\/wp.ull.es\/vicmovi\/wp-content\/uploads\/sites\/142\/2023\/02\/1-5-1448x2048.png 1448w, https:\/\/wp.ull.es\/vicmovi\/wp-content\/uploads\/sites\/142\/2023\/02\/1-5.png 1587w\" sizes=\"(max-width: 435px) 100vw, 435px\" \/><\/figure>\n<\/div>\n\n<div class=\"wp-block-image\">\n<figure class=\"aligncenter size-large is-resized\"><img decoding=\"async\" src=\"https:\/\/wp.ull.es\/vicmovi\/wp-content\/uploads\/sites\/142\/2023\/02\/Programa-III-JORNADAS-724x1024.png\" alt=\"\" class=\"wp-image-185\" width=\"433\" height=\"610\" \/><\/figure>\n<\/div>\n\n\n<p>\u00a1Tenemos redes sociales! Nos puedes seguir en <a href=\"https:\/\/twitter.com\/lmyle_3\">Twitter<\/a> e <a href=\"https:\/\/www.instagram.com\/lmyle_3\/\">Instagram<\/a> con el siguiente perfil: lmyle_3<\/p>\n\n\n\n<blockquote class=\"wp-block-quote has-text-align-right is-layout-flow wp-block-quote-is-layout-flow\"><p>\u201cLas mujeres con buen comportamiento rara vez hacen historia\u00bb<\/p><cite>Eleanor Roosevelt<\/cite><\/blockquote>\n","protected":false},"excerpt":{"rendered":"<p>Profesionales canarias El tema central de esta tercera edici\u00f3n son las mujeres profesionales de Canarias. Hemos contado con egresadas de la Facultad de Econom\u00eda, Empresa y Turismo que en la actualidad ocupan puestos de liderazgo en distintos \u00e1mbitos empresariales y organismos p\u00fablicos. Estas destacadas profesionales canarias nos hablaron de su trayectoria e intercambiaron impresiones acerca &hellip; <\/p>\n<p class=\"link-more\"><a href=\"https:\/\/wp.ull.es\/vicmovi\/igualdad\/iii-jornadas-4\/\" class=\"more-link\">Continuar leyendo<span class=\"screen-reader-text\"> \u00abIII Jornadas LMYLE\u00bb<\/span><\/a><\/p>\n","protected":false},"author":368,"featured_media":0,"parent":14,"menu_order":3,"comment_status":"closed","ping_status":"closed","template":"","meta":{"ngg_post_thumbnail":0,"footnotes":""},"class_list":["post-323","page","type-page","status-publish","hentry"],"_links":{"self":[{"href":"https:\/\/wp.ull.es\/vicmovi\/wp-json\/wp\/v2\/pages\/323","targetHints":{"allow":["GET"]}}],"collection":[{"href":"https:\/\/wp.ull.es\/vicmovi\/wp-json\/wp\/v2\/pages"}],"about":[{"href":"https:\/\/wp.ull.es\/vicmovi\/wp-json\/wp\/v2\/types\/page"}],"author":[{"embeddable":true,"href":"https:\/\/wp.ull.es\/vicmovi\/wp-json\/wp\/v2\/users\/368"}],"replies":[{"embeddable":true,"href":"https:\/\/wp.ull.es\/vicmovi\/wp-json\/wp\/v2\/comments?post=323"}],"version-history":[{"count":3,"href":"https:\/\/wp.ull.es\/vicmovi\/wp-json\/wp\/v2\/pages\/323\/revisions"}],"predecessor-version":[{"id":858,"href":"https:\/\/wp.ull.es\/vicmovi\/wp-json\/wp\/v2\/pages\/323\/revisions\/858"}],"up":[{"embeddable":true,"href":"https:\/\/wp.ull.es\/vicmovi\/wp-json\/wp\/v2\/pages\/14"}],"wp:attachment":[{"href":"https:\/\/wp.ull.es\/vicmovi\/wp-json\/wp\/v2\/media?parent=323"}],"curies":[{"name":"wp","href":"https:\/\/api.w.org\/{rel}","templated":true}]}}