{"id":40,"date":"2021-07-17T12:09:27","date_gmt":"2021-07-17T12:09:27","guid":{"rendered":"https:\/\/wp.ull.es\/tecnomar\/?page_id=40"},"modified":"2021-07-17T17:17:06","modified_gmt":"2021-07-17T17:17:06","slug":"oportunidades","status":"publish","type":"page","link":"https:\/\/wp.ull.es\/tecnomar\/oportunidades\/","title":{"rendered":"Oportunidades"},"content":{"rendered":"\n<p><strong>Tecnomar LAB<\/strong> es un lugar fant\u00e1stico para formarse, estudiar y realizar investigaciones. Son bienvenidos los estudiantes de grado,  posgrado, becarios posdoctorales e investigadores visitantes que busquen oportunidades de investigaci\u00f3n. Se espera una formaci\u00f3n en ingenier\u00eda, biolog\u00eda, inform\u00e1tica u otra ciencia f\u00edsica. <\/p>\n\n\n\n<p><strong><span class=\"has-inline-color has-vivid-red-color\">Estudiantes de Grado<\/span><\/strong><\/p>\n\n\n\n<p>Si est\u00e1 interesado en formar parte del equipo de investigaci\u00f3n que trabaja en Tecnomar LAB, env\u00ede correo electr\u00f3nico a (<a rel=\"noreferrer noopener\" href=\"mailto:tecnomar@ull.edu.es\" target=\"_blank\">tecnomar@ull.edu.es<\/a>) adjuntado:<\/p>\n\n\n\n<p>1) una carta de presentaci\u00f3n en la que describa su inter\u00e9s por la investigaci\u00f3n y su experiencia relacionada,<\/p>\n\n\n\n<p>2) su breve CV,<\/p>\n\n\n\n<p>El asunto de su correo electr\u00f3nico debe indicar \u00abTecnomar_LAB Solicitud estudiante de grado \u00abNombre y Apellido\u00bb. <br><\/p>\n\n\n\n<p><strong><span class=\"has-inline-color has-vivid-red-color\">Estudiante de M\u00e1ster<\/span><\/strong><\/p>\n\n\n\n<p>Si est\u00e1 interesado en formar parte del equipo de investigaci\u00f3n que trabaja en Tecnomar LAB, env\u00ede correo electr\u00f3nico a (<a rel=\"noreferrer noopener\" href=\"mailto:tecnomar@ull.edu.es\" target=\"_blank\">tecnomar@ull.edu.es<\/a>) adjuntado:<\/p>\n\n\n\n<p>1) una carta de presentaci\u00f3n en la que describa su inter\u00e9s por la investigaci\u00f3n y la experiencia relacionada,<\/p>\n\n\n\n<p>2) su breve CV,<\/p>\n\n\n\n<p>El asunto de su correo electr\u00f3nico debe indicar \u00abTecnomar_LAB Solicitud estudiante de Master \u00abNombre y Apellido\u00bb.<\/p>\n\n\n\n<p>Trabajar en nuestro grupo de investigaci\u00f3n es una excelente manera de adquirir una valiosa experiencia, as\u00ed como de adquirir conocimientos sobre los estudios de posgrado. Algunas oportunidades de financiaci\u00f3n podr\u00edan ofrecer (si tenemos recursos de proyectos)<\/p>\n\n\n\n<p><strong><span class=\"has-inline-color has-vivid-red-color\">Estudiantes o Investigadores Postdoctorales &#8211; (Doctor &#8211; PhD)<\/span><\/strong><\/p>\n\n\n\n<p>Si est\u00e1 interesado en formar parte del equipo de investigaci\u00f3n que trabaja en Tecnomar LAB, env\u00ede correo electr\u00f3nico a (<a rel=\"noreferrer noopener\" href=\"mailto:tecnomar@ull.edu.es\" target=\"_blank\">tecnomar@ull.edu.es<\/a>) adjuntado:<\/p>\n\n\n\n<p>1) una carta de presentaci\u00f3n en la que describas tu inter\u00e9s en la investigaci\u00f3n y tu experiencia relacionada,<\/p>\n\n\n\n<p>2) su breve CV,<\/p>\n\n\n\n<p>El asunto de su correo electr\u00f3nico debe indicar \u00abTecnomar_LAB Solicitud estudiante de Doctorado\/investigador \u00abNombre y Apellido\u00bb..<\/p>\n\n\n\n<p>Los puestos posdoctorales en nuestro grupo se basan en la disponibilidad actual de fondos. Si actualmente tiene una beca de investigaci\u00f3n (FPI-FPU) o est\u00e1 buscando una y est\u00e1 interesado en trabajar en nuestro grupo, por favor p\u00f3ngase en contacto conmigo.<\/p>\n\n\n\n<p><strong><span class=\"has-inline-color has-vivid-red-color\">Estudiantes \/ Investigadores visitantes<\/span><\/strong><\/p>\n\n\n\n<p><strong>Tecnomar LAB<\/strong> acoge a estudiantes visitantes con los que compartimos intereses de investigaci\u00f3n. Las oportunidades son siempre limitadas en cuanto a recursos y normalmente se limitan a estudiantes graduados visitantes con alg\u00fan medio de apoyo financiero para su estancia. Tecnomar LAB puede ofrecer asistencia log\u00edstica y proporcionar un espacio de trabajo y recursos acad\u00e9micos.<\/p>\n\n\n\n<p>Los posibles estudiantes \/ investigadores visitantes deben ponerse en contacto con el profesor Carlos Efr\u00e9n Mora (<a href=\"mailto:carmora@ull.edu.es\" target=\"_blank\" rel=\"noreferrer noopener\">carmora@ull.edu.es<\/a>)<\/p>\n","protected":false},"excerpt":{"rendered":"<p>Tecnomar LAB es un lugar fant\u00e1stico para formarse, estudiar y realizar investigaciones. Son bienvenidos los estudiantes de grado, posgrado, becarios posdoctorales e investigadores visitantes que busquen oportunidades de investigaci\u00f3n. Se espera una formaci\u00f3n en ingenier\u00eda, biolog\u00eda, inform\u00e1tica u otra ciencia f\u00edsica. Estudiantes de Grado Si est\u00e1 interesado en formar parte del equipo de investigaci\u00f3n que [&hellip;]<\/p>\n","protected":false},"author":257,"featured_media":0,"parent":0,"menu_order":0,"comment_status":"closed","ping_status":"closed","template":"","meta":{"zakra_page_container_layout":"customizer","zakra_page_sidebar_layout":"customizer","zakra_remove_content_margin":false,"zakra_sidebar":"customizer","zakra_transparent_header":"customizer","zakra_logo":0,"zakra_main_header_style":"default","zakra_menu_item_color":"","zakra_menu_item_hover_color":"","zakra_menu_item_active_color":"","zakra_menu_active_style":"","zakra_page_header":true,"ngg_post_thumbnail":0,"footnotes":""},"class_list":["post-40","page","type-page","status-publish","hentry"],"_links":{"self":[{"href":"https:\/\/wp.ull.es\/tecnomar\/wp-json\/wp\/v2\/pages\/40","targetHints":{"allow":["GET"]}}],"collection":[{"href":"https:\/\/wp.ull.es\/tecnomar\/wp-json\/wp\/v2\/pages"}],"about":[{"href":"https:\/\/wp.ull.es\/tecnomar\/wp-json\/wp\/v2\/types\/page"}],"author":[{"embeddable":true,"href":"https:\/\/wp.ull.es\/tecnomar\/wp-json\/wp\/v2\/users\/257"}],"replies":[{"embeddable":true,"href":"https:\/\/wp.ull.es\/tecnomar\/wp-json\/wp\/v2\/comments?post=40"}],"version-history":[{"count":2,"href":"https:\/\/wp.ull.es\/tecnomar\/wp-json\/wp\/v2\/pages\/40\/revisions"}],"predecessor-version":[{"id":141,"href":"https:\/\/wp.ull.es\/tecnomar\/wp-json\/wp\/v2\/pages\/40\/revisions\/141"}],"wp:attachment":[{"href":"https:\/\/wp.ull.es\/tecnomar\/wp-json\/wp\/v2\/media?parent=40"}],"curies":[{"name":"wp","href":"https:\/\/api.w.org\/{rel}","templated":true}]}}