{"id":449,"date":"2020-04-09T16:16:12","date_gmt":"2020-04-09T16:16:12","guid":{"rendered":"https:\/\/wp.ull.es\/resiliencia\/?page_id=449"},"modified":"2020-04-16T12:04:50","modified_gmt":"2020-04-16T12:04:50","slug":"divulgacion","status":"publish","type":"page","link":"https:\/\/wp.ull.es\/resiliencia\/divulgacion\/","title":{"rendered":"Divulgaci\u00f3n cient\u00edfica"},"content":{"rendered":"[vc_row type=\u00bbfull_width_content\u00bb full_screen_row_position=\u00bbmiddle\u00bb equal_height=\u00bbyes\u00bb content_placement=\u00bbmiddle\u00bb column_margin=\u00bbdefault\u00bb full_height=\u00bbyes\u00bb columns_placement=\u00bbstretch\u00bb scene_position=\u00bbcenter\u00bb text_color=\u00bbdark\u00bb text_align=\u00bbleft\u00bb overlay_strength=\u00bb0.3&#8243; shape_divider_position=\u00bbbottom\u00bb bg_image_animation=\u00bbnone\u00bb][vc_column column_padding=\u00bbno-extra-padding\u00bb column_padding_position=\u00bball\u00bb background_color_opacity=\u00bb1&#8243; background_hover_color_opacity=\u00bb1&#8243; background_image=\u00bb470&#8243; column_link_target=\u00bb_self\u00bb column_shadow=\u00bbnone\u00bb column_border_radius=\u00bbnone\u00bb width=\u00bb1\/2&#8243; tablet_width_inherit=\u00bbdefault\u00bb tablet_text_alignment=\u00bbdefault\u00bb phone_text_alignment=\u00bbdefault\u00bb overlay_strength=\u00bb0.3&#8243; column_border_width=\u00bbnone\u00bb column_border_style=\u00bbsolid\u00bb bg_image_animation=\u00bbnone\u00bb][divider line_type=\u00bbNo Line\u00bb custom_height=\u00bb500&#8243;][\/vc_column][vc_column column_padding=\u00bbpadding-8-percent\u00bb column_padding_position=\u00bball\u00bb background_color=\u00bb#ffffff\u00bb background_color_opacity=\u00bb1&#8243; background_hover_color_opacity=\u00bb1&#8243; column_link_target=\u00bb_self\u00bb column_shadow=\u00bbnone\u00bb column_border_radius=\u00bbnone\u00bb width=\u00bb1\/2&#8243; tablet_width_inherit=\u00bbdefault\u00bb tablet_text_alignment=\u00bbdefault\u00bb phone_text_alignment=\u00bbdefault\u00bb overlay_strength=\u00bb0.3&#8243; column_border_width=\u00bbnone\u00bb column_border_style=\u00bbsolid\u00bb bg_image_animation=\u00bbnone\u00bb][nectar_animated_title heading_tag=\u00bbh5&#8243; style=\u00bbcolor-strip-reveal\u00bb color=\u00bbAccent-Color\u00bb text=\u00bbDivulgaci\u00f3n cient\u00edfica\u00bb][vc_custom_heading text=\u00bbLas actividades divulgativas conforman un pilar esencial\u00bb font_container=\u00bbtag:h2|font_size:42|text_align:left|line_height:52px\u00bb use_theme_fonts=\u00bbyes\u00bb][vc_column_text css=\u00bb.vc_custom_1586449179888{margin-top: 30px !important;margin-bottom: 30px !important;}\u00bb]<span style=\"font-weight: 400\">Son innumerables las&nbsp; conferencias y charlas en muchos espacios p\u00fablicos y privados as\u00ed como publicaciones divulgativas en libros y revistas. <\/span><\/p>\n<p><span style=\"font-weight: 400\">Entre las actividades de mayor impacto est\u00e1 la celebraci\u00f3n cada a\u00f1o, el 13 de octubre, del D\u00eda Internacional para la reducci\u00f3n de los desastres. Cada a\u00f1o se ha desarrollado en un lugar diferente de la geograf\u00eda insular canarias y en distintas instituciones.<\/span>[\/vc_column_text][\/vc_column][\/vc_row]\n","protected":false},"excerpt":{"rendered":"<p>[vc_row type=\u00bbfull_width_content\u00bb full_screen_row_position=\u00bbmiddle\u00bb equal_height=\u00bbyes\u00bb content_placement=\u00bbmiddle\u00bb column_margin=\u00bbdefault\u00bb full_height=\u00bbyes\u00bb columns_placement=\u00bbstretch\u00bb scene_position=\u00bbcenter\u00bb text_color=\u00bbdark\u00bb text_align=\u00bbleft\u00bb overlay_strength=\u00bb0.3&#8243; shape_divider_position=\u00bbbottom\u00bb bg_image_animation=\u00bbnone\u00bb][vc_column column_padding=\u00bbno-extra-padding\u00bb column_padding_position=\u00bball\u00bb background_color_opacity=\u00bb1&#8243; background_hover_color_opacity=\u00bb1&#8243; background_image=\u00bb470&#8243; column_link_target=\u00bb_self\u00bb column_shadow=\u00bbnone\u00bb column_border_radius=\u00bbnone\u00bb width=\u00bb1\/2&#8243; tablet_width_inherit=\u00bbdefault\u00bb tablet_text_alignment=\u00bbdefault\u00bb phone_text_alignment=\u00bbdefault\u00bb overlay_strength=\u00bb0.3&#8243; column_border_width=\u00bbnone\u00bb column_border_style=\u00bbsolid\u00bb bg_image_animation=\u00bbnone\u00bb][divider&#8230;<\/p>\n","protected":false},"author":102,"featured_media":0,"parent":0,"menu_order":0,"comment_status":"closed","ping_status":"closed","template":"","meta":{"ngg_post_thumbnail":0,"footnotes":""},"class_list":["post-449","page","type-page","status-publish"],"_links":{"self":[{"href":"https:\/\/wp.ull.es\/resiliencia\/wp-json\/wp\/v2\/pages\/449","targetHints":{"allow":["GET"]}}],"collection":[{"href":"https:\/\/wp.ull.es\/resiliencia\/wp-json\/wp\/v2\/pages"}],"about":[{"href":"https:\/\/wp.ull.es\/resiliencia\/wp-json\/wp\/v2\/types\/page"}],"author":[{"embeddable":true,"href":"https:\/\/wp.ull.es\/resiliencia\/wp-json\/wp\/v2\/users\/102"}],"replies":[{"embeddable":true,"href":"https:\/\/wp.ull.es\/resiliencia\/wp-json\/wp\/v2\/comments?post=449"}],"version-history":[{"count":2,"href":"https:\/\/wp.ull.es\/resiliencia\/wp-json\/wp\/v2\/pages\/449\/revisions"}],"predecessor-version":[{"id":471,"href":"https:\/\/wp.ull.es\/resiliencia\/wp-json\/wp\/v2\/pages\/449\/revisions\/471"}],"wp:attachment":[{"href":"https:\/\/wp.ull.es\/resiliencia\/wp-json\/wp\/v2\/media?parent=449"}],"curies":[{"name":"wp","href":"https:\/\/api.w.org\/{rel}","templated":true}]}}

Divulgación científica

[vc_row type=»full_width_content» full_screen_row_position=»middle» equal_height=»yes» content_placement=»middle» column_margin=»default» full_height=»yes» columns_placement=»stretch» scene_position=»center» text_color=»dark» text_align=»left» overlay_strength=»0.3&#8243; shape_divider_position=»bottom» bg_image_animation=»none»][vc_column column_padding=»no-extra-padding» column_padding_position=»all» background_color_opacity=»1&#8243; background_hover_color_opacity=»1&#8243; background_image=»470&#8243; column_link_target=»_self» column_shadow=»none» column_border_radius=»none» width=»1/2&#8243; tablet_width_inherit=»default» tablet_text_alignment=»default» phone_text_alignment=»default» overlay_strength=»0.3&#8243; column_border_width=»none» column_border_style=»solid» bg_image_animation=»none»][divider line_type=»No Line» custom_height=»500&#8243;][/vc_column][vc_column column_padding=»padding-8-percent» column_padding_position=»all» background_color=»#ffffff» background_color_opacity=»1&#8243; background_hover_color_opacity=»1&#8243; column_link_target=»_self» column_shadow=»none» column_border_radius=»none» width=»1/2&#8243; tablet_width_inherit=»default» tablet_text_alignment=»default» phone_text_alignment=»default» overlay_strength=»0.3&#8243; column_border_width=»none» column_border_style=»solid» bg_image_animation=»none»][nectar_animated_title heading_tag=»h5&#8243; style=»color-strip-reveal» color=»Accent-Color» text=»Divulgación científica»][vc_custom_heading text=»Las actividades divulgativas conforman un pilar esencial» font_container=»tag:h2|font_size:42|text_align:left|line_height:52px» use_theme_fonts=»yes»][vc_column_text css=».vc_custom_1586449179888{margin-top: 30px !important;margin-bottom: 30px !important;}»]<span style="font-weight: 400">Son innumerables las&nbsp; conferencias y charlas en muchos espacios públicos y privados así como publicaciones divulgativas en libros y revistas. </span></p>
<p><span style="font-weight: 400">Entre las actividades de mayor impacto está la celebración cada año, el 13 de octubre, del Día Internacional para la reducción de los desastres. Cada año se ha desarrollado en un lugar diferente de la geografía insular canarias y en distintas instituciones.</span>[/vc_column_text][/vc_column][/vc_row]
