{"id":423,"date":"2018-03-31T12:40:46","date_gmt":"2018-03-31T12:40:46","guid":{"rendered":"http:\/\/jocarher.luciavillalba.com\/?page_id=423"},"modified":"2020-12-09T07:11:49","modified_gmt":"2020-12-09T07:11:49","slug":"books","status":"publish","type":"page","link":"https:\/\/wp.ull.es\/jocarher\/publications\/books\/","title":{"rendered":"Books"},"content":{"rendered":"<p><section class=\"kc-elm kc-css-753387 kc_row\"><div class=\"kc-row-container  kc-container\"><div class=\"kc-wrap-columns\"><div class=\"kc-elm kc-css-393525 kc_col-sm-12 kc_column kc_col-sm-12\"><div class=\"kc-col-container\"><div class=\"kc-elm kc-css-411366\" style=\"height: 50px; clear: both; width:100%;\"><\/div><\/div><\/div><\/div><\/div><\/section><section class=\"kc-elm kc-css-836084 kc_row\"><div class=\"kc-row-container  kc-container\"><div class=\"kc-wrap-columns\"><div class=\"kc-elm kc-css-888859 kc_col-sm-3 kc_column kc_col-sm-3\"><div class=\"kc-col-container\"> <article class=\"sabbi-thumlinepost-card solitude-bg__x kc-elm kc-css-278364\"><figure class=\"sabbi-thumlinepost-card-figure\">\n                           <img decoding=\"async\" width=\"2590\" height=\"3331\" src=\"https:\/\/wp.ull.es\/jocarher\/wp-content\/uploads\/sites\/39\/2019\/09\/Final-Front-Cover_Lawrence_9780128195697.jpg\" class=\"img-responsive img-thumpost\" alt=\"\" srcset=\"https:\/\/wp.ull.es\/jocarher\/wp-content\/uploads\/sites\/39\/2019\/09\/Final-Front-Cover_Lawrence_9780128195697.jpg 2590w, https:\/\/wp.ull.es\/jocarher\/wp-content\/uploads\/sites\/39\/2019\/09\/Final-Front-Cover_Lawrence_9780128195697-233x300.jpg 233w, https:\/\/wp.ull.es\/jocarher\/wp-content\/uploads\/sites\/39\/2019\/09\/Final-Front-Cover_Lawrence_9780128195697-768x988.jpg 768w, https:\/\/wp.ull.es\/jocarher\/wp-content\/uploads\/sites\/39\/2019\/09\/Final-Front-Cover_Lawrence_9780128195697-796x1024.jpg 796w\" sizes=\"(max-width: 2590px) 100vw, 2590px\" \/>\n                          <\/figure><div class=\"sabbi-thumlinepost-card-meta\">\n                        <h2 class=\"info-box-title ht-5\">Sea Urchins: Biology and Ecology <\/h2><p>Sea urchins in a high CO2 world: Impacts<br \/>\nof climate warming and ocean acidification<br \/>\nacross life history stages.<\/p>\n<p>Byrne and Hern\u00e1ndez<\/p>\n<a href=\"#\" title=\"btn title\" target=\"_self\" class=\"btn btn-unsolemn btn-action read-more\">read more<\/a><\/div>\n                <\/article><\/div><\/div><div class=\"kc-elm kc-css-687814 kc_col-sm-3 kc_column kc_col-sm-3\"><div class=\"kc-col-container\"> <article class=\"sabbi-thumlinepost-card solitude-bg__x kc-elm kc-css-114806\"><figure class=\"sabbi-thumlinepost-card-figure\">\n                           <img decoding=\"async\" width=\"694\" height=\"1042\" src=\"https:\/\/wp.ull.es\/jocarher\/wp-content\/uploads\/sites\/39\/2020\/02\/Captura-de-pantalla-2020-02-27-a-las-10.25.46.png\" class=\"img-responsive img-thumpost\" alt=\"\" srcset=\"https:\/\/wp.ull.es\/jocarher\/wp-content\/uploads\/sites\/39\/2020\/02\/Captura-de-pantalla-2020-02-27-a-las-10.25.46.png 694w, https:\/\/wp.ull.es\/jocarher\/wp-content\/uploads\/sites\/39\/2020\/02\/Captura-de-pantalla-2020-02-27-a-las-10.25.46-200x300.png 200w, https:\/\/wp.ull.es\/jocarher\/wp-content\/uploads\/sites\/39\/2020\/02\/Captura-de-pantalla-2020-02-27-a-las-10.25.46-682x1024.png 682w\" sizes=\"(max-width: 694px) 100vw, 694px\" \/>\n                          <\/figure><div class=\"sabbi-thumlinepost-card-meta\">\n                        <h2 class=\"info-box-title ht-5\">Adv Mar Biol. 2018;80:57-99. doi: 10.1016\/bs.amb.2018.08.001.<\/h2><p>The Importance of Natural Acidified Systems in the Study of Ocean Acidification: What Have We Learned?<\/p>\n<a href=\"#\" title=\"btn title\" target=\"_self\" class=\"btn btn-unsolemn btn-action read-more\">read more<\/a><\/div>\n                <\/article><\/div><\/div><div class=\"kc-elm kc-css-407534 kc_col-sm-3 kc_column kc_col-sm-3\"><div class=\"kc-col-container\"> <article class=\"sabbi-thumlinepost-card solitude-bg__x kc-elm kc-css-694946\"><figure class=\"sabbi-thumlinepost-card-figure\">\n                           <img decoding=\"async\" width=\"1156\" height=\"1648\" src=\"https:\/\/wp.ull.es\/jocarher\/wp-content\/uploads\/sites\/39\/2020\/12\/Captura-de-pantalla-2020-12-08-a-las-11.40.51.png\" class=\"img-responsive img-thumpost\" alt=\"\" srcset=\"https:\/\/wp.ull.es\/jocarher\/wp-content\/uploads\/sites\/39\/2020\/12\/Captura-de-pantalla-2020-12-08-a-las-11.40.51.png 1156w, https:\/\/wp.ull.es\/jocarher\/wp-content\/uploads\/sites\/39\/2020\/12\/Captura-de-pantalla-2020-12-08-a-las-11.40.51-210x300.png 210w, https:\/\/wp.ull.es\/jocarher\/wp-content\/uploads\/sites\/39\/2020\/12\/Captura-de-pantalla-2020-12-08-a-las-11.40.51-718x1024.png 718w, https:\/\/wp.ull.es\/jocarher\/wp-content\/uploads\/sites\/39\/2020\/12\/Captura-de-pantalla-2020-12-08-a-las-11.40.51-768x1095.png 768w, https:\/\/wp.ull.es\/jocarher\/wp-content\/uploads\/sites\/39\/2020\/12\/Captura-de-pantalla-2020-12-08-a-las-11.40.51-1077x1536.png 1077w\" sizes=\"(max-width: 1156px) 100vw, 1156px\" \/>\n                          <\/figure><div class=\"sabbi-thumlinepost-card-meta\">\n                        <h2 class=\"info-box-title ht-5\">Estrategia reproductiva de la poblaci\u00f3n canaria del erizo Diadema aff. antillarum  Philippi, 1845: maduraci\u00f3n gonadal, asentamiento larvario y reclutamiento<\/h2><p>Doctoral thesis published by Servicio de Publicaciones de la Universidad de La Laguna. 2006<\/p>\n<a href=\"https:\/\/drive.google.com\/file\/d\/0ByEe5wfqYhsqdjdTTTFRM25sbnc\/view?usp=sharing\" title=\"\" target=\"_self\" class=\"btn btn-unsolemn btn-action read-more\">Download<\/a><\/div>\n                <\/article><\/div><\/div><div class=\"kc-elm kc-css-613863 kc_col-sm-3 kc_column kc_col-sm-3\"><div class=\"kc-col-container\"><\/div><\/div><\/div><\/div><\/section><section class=\"kc-elm kc-css-235301 kc_row\"><div class=\"kc-row-container  kc-container\"><div class=\"kc-wrap-columns\"><div class=\"kc-elm kc-css-711513 kc_col-sm-3 kc_column kc_col-sm-3\"><div class=\"kc-col-container\"> <article class=\"sabbi-thumlinepost-card solitude-bg__x kc-elm kc-css-738794\"><figure class=\"sabbi-thumlinepost-card-figure\">\n                           <img decoding=\"async\" width=\"266\" height=\"381\" src=\"https:\/\/wp.ull.es\/jocarher\/wp-content\/uploads\/sites\/39\/2018\/05\/book1.jpg\" class=\"img-responsive img-thumpost\" alt=\"\" srcset=\"https:\/\/wp.ull.es\/jocarher\/wp-content\/uploads\/sites\/39\/2018\/05\/book1.jpg 266w, https:\/\/wp.ull.es\/jocarher\/wp-content\/uploads\/sites\/39\/2018\/05\/book1-209x300.jpg 209w\" sizes=\"(max-width: 266px) 100vw, 266px\" \/>\n                          <\/figure><div class=\"sabbi-thumlinepost-card-meta\">\n                        <h2 class=\"info-box-title ht-5\">Climate Change Perspectives from the Atlantic: Past, Present and Future.<\/h2><p>Fern\u00e1ndez-Palacios, J.M\u00aa., L. de Nascimento, J.C. Hern\u00e1ndez, S. Clemente, A, Gonz\u00e1lez & J. P. D\u00edaz-Gonz\u00e1lez, Eds. (2013) Climate Change Perspectives from the Atlantic: Past, Present and Future. Servicio de Publicaciones de la Universidad de La Laguna, Tenerife. ISBN:978-84-15910-54-1.<\/p>\n<a href=\"http:\/\/jocarher.webs.ull.es\/Books_files\/Congresuales%2033.pdf\" title=\"\" target=\"_self\" class=\"btn btn-unsolemn btn-action read-more\">Download<\/a><\/div>\n                <\/article><\/div><\/div><div class=\"kc-elm kc-css-98288 kc_col-sm-3 kc_column kc_col-sm-3\"><div class=\"kc-col-container\"> <article class=\"sabbi-thumlinepost-card solitude-bg__x kc-elm kc-css-465607\"><figure class=\"sabbi-thumlinepost-card-figure\">\n                           <img decoding=\"async\" width=\"784\" height=\"1184\" src=\"https:\/\/wp.ull.es\/jocarher\/wp-content\/uploads\/sites\/39\/2019\/02\/Captura-de-pantalla-2019-02-26-a-las-16.28.10.png\" class=\"img-responsive img-thumpost\" alt=\"\" srcset=\"https:\/\/wp.ull.es\/jocarher\/wp-content\/uploads\/sites\/39\/2019\/02\/Captura-de-pantalla-2019-02-26-a-las-16.28.10.png 784w, https:\/\/wp.ull.es\/jocarher\/wp-content\/uploads\/sites\/39\/2019\/02\/Captura-de-pantalla-2019-02-26-a-las-16.28.10-199x300.png 199w, https:\/\/wp.ull.es\/jocarher\/wp-content\/uploads\/sites\/39\/2019\/02\/Captura-de-pantalla-2019-02-26-a-las-16.28.10-768x1160.png 768w, https:\/\/wp.ull.es\/jocarher\/wp-content\/uploads\/sites\/39\/2019\/02\/Captura-de-pantalla-2019-02-26-a-las-16.28.10-678x1024.png 678w\" sizes=\"(max-width: 784px) 100vw, 784px\" \/>\n                          <\/figure><div class=\"sabbi-thumlinepost-card-meta\">\n                        <h2 class=\"info-box-title ht-5\">El Hierro: Nacimiento de un volc\u00e1n<\/h2><p>Reservas marinas, cambio clim\u00e1tico y cat\u00e1strofes naturales: el caso del Mar de Las Calmas en la isla de El Hierro.<\/p>\n<a href=\"http:\/\/www.iehcan.com\/2013\/11\/el-hierro-nacimiento-de-un-volcan\/\" title=\"pdf of the book\" target=\"_blank\" class=\"btn btn-unsolemn btn-action read-more\">Download<\/a><\/div>\n                <\/article><\/div><\/div><div class=\"kc-elm kc-css-876471 kc_col-sm-3 kc_column kc_col-sm-3\"><div class=\"kc-col-container\"> <article class=\"sabbi-thumlinepost-card solitude-bg__x kc-elm kc-css-448986\"><figure class=\"sabbi-thumlinepost-card-figure\">\n                           <img decoding=\"async\" width=\"265\" height=\"400\" src=\"https:\/\/wp.ull.es\/jocarher\/wp-content\/uploads\/sites\/39\/2018\/05\/book2.jpg\" class=\"img-responsive img-thumpost\" alt=\"\" srcset=\"https:\/\/wp.ull.es\/jocarher\/wp-content\/uploads\/sites\/39\/2018\/05\/book2.jpg 265w, https:\/\/wp.ull.es\/jocarher\/wp-content\/uploads\/sites\/39\/2018\/05\/book2-199x300.jpg 199w\" sizes=\"(max-width: 265px) 100vw, 265px\" \/>\n                          <\/figure><div class=\"sabbi-thumlinepost-card-meta\">\n                        <h2 class=\"info-box-title ht-5\">Echinoderm Research and Diversity in Latin America.<\/h2><p>Hern\u00e1ndez, J.C., S. Clemente, F. Tuya, A. P\u00e9rez-Ruzafa, C. Sangil, L. Moro-Abad & J.J. Bacallado-Ar\u00e1nega (2012) Echinoderms of the Canary Islands, Spain. In: Echinoderm Research and Diversity in Latin America. Alvarado, J.J. & Sol\u00eds-Mar\u00edn F.A. (Eds.) Pages: 471-510  Springer, New York. ISBN: 978-3-642-20050<\/p>\n<a href=\"http:\/\/jocarher.webs.ull.es\/Books_files\/chap%2015%20hernandez%20et%20al%20canary%20islands.pdf\" title=\"\" target=\"_self\" class=\"btn btn-unsolemn btn-action read-more\">Download<\/a><\/div>\n                <\/article><\/div><\/div><div class=\"kc-elm kc-css-936536 kc_col-sm-3 kc_column kc_col-sm-3\"><div class=\"kc-col-container\"> <article class=\"sabbi-thumlinepost-card solitude-bg__x kc-elm kc-css-604652\"><figure class=\"sabbi-thumlinepost-card-figure\">\n                           <img decoding=\"async\" width=\"266\" height=\"380\" src=\"https:\/\/wp.ull.es\/jocarher\/wp-content\/uploads\/sites\/39\/2018\/05\/book3.jpg\" class=\"img-responsive img-thumpost\" alt=\"\" srcset=\"https:\/\/wp.ull.es\/jocarher\/wp-content\/uploads\/sites\/39\/2018\/05\/book3.jpg 266w, https:\/\/wp.ull.es\/jocarher\/wp-content\/uploads\/sites\/39\/2018\/05\/book3-210x300.jpg 210w\" sizes=\"(max-width: 266px) 100vw, 266px\" \/>\n                          <\/figure><div class=\"sabbi-thumlinepost-card-meta\">\n                        <h2 class=\"info-box-title ht-5\">Identificaci\u00f3n de los depredadores capaces de controlar las poblaciones del erizo de lima (Diadema aff. antillarum) y su importancia para la gesti\u00f3n, conservaci\u00f3n y recuperaci\u00f3n de los fondos marinos de Canarias.<\/h2><p>Clemente, S. & Hern\u00e1ndez, J.C. (2010) Identificaci\u00f3n de los depredadores capaces de controlar las poblaciones del erizo de lima (Diadema aff. antillarum) y su importancia para la gesti\u00f3n, conservaci\u00f3n y recuperaci\u00f3n de los fondos marinos de Canarias. Premio de Investigaci\u00f3n Agust\u00edn de Betencourt, Obra Social CajaCanarias 2007, Santa Cruz de Tenerife, 156 pp. ISBN: 978-84-7985-309-9<\/p>\n<\/div>\n                <\/article><\/div><\/div><\/div><\/div><\/section><section class=\"kc-elm kc-css-266872 kc_row\"><div class=\"kc-row-container  kc-container\"><div class=\"kc-wrap-columns\"><div class=\"kc-elm kc-css-555336 kc_col-sm-12 kc_column kc_col-sm-12\"><div class=\"kc-col-container\"><div class=\"kc-elm kc-css-545147\" style=\"height: 50px; clear: both; width:100%;\"><\/div><\/div><\/div><\/div><\/div><\/section><\/p>\n","protected":false},"excerpt":{"rendered":"","protected":false},"author":42,"featured_media":1193,"parent":259,"menu_order":0,"comment_status":"closed","ping_status":"closed","template":"","meta":{"ngg_post_thumbnail":0,"footnotes":""},"class_list":["post-423","page","type-page","status-publish","has-post-thumbnail","hentry"],"_links":{"self":[{"href":"https:\/\/wp.ull.es\/jocarher\/wp-json\/wp\/v2\/pages\/423","targetHints":{"allow":["GET"]}}],"collection":[{"href":"https:\/\/wp.ull.es\/jocarher\/wp-json\/wp\/v2\/pages"}],"about":[{"href":"https:\/\/wp.ull.es\/jocarher\/wp-json\/wp\/v2\/types\/page"}],"author":[{"embeddable":true,"href":"https:\/\/wp.ull.es\/jocarher\/wp-json\/wp\/v2\/users\/42"}],"replies":[{"embeddable":true,"href":"https:\/\/wp.ull.es\/jocarher\/wp-json\/wp\/v2\/comments?post=423"}],"version-history":[{"count":2,"href":"https:\/\/wp.ull.es\/jocarher\/wp-json\/wp\/v2\/pages\/423\/revisions"}],"predecessor-version":[{"id":1773,"href":"https:\/\/wp.ull.es\/jocarher\/wp-json\/wp\/v2\/pages\/423\/revisions\/1773"}],"up":[{"embeddable":true,"href":"https:\/\/wp.ull.es\/jocarher\/wp-json\/wp\/v2\/pages\/259"}],"wp:featuredmedia":[{"embeddable":true,"href":"https:\/\/wp.ull.es\/jocarher\/wp-json\/wp\/v2\/media\/1193"}],"wp:attachment":[{"href":"https:\/\/wp.ull.es\/jocarher\/wp-json\/wp\/v2\/media?parent=423"}],"curies":[{"name":"wp","href":"https:\/\/api.w.org\/{rel}","templated":true}]}}