{"id":879,"date":"2024-03-07T14:40:03","date_gmt":"2024-03-07T14:40:03","guid":{"rendered":"https:\/\/fundicionartisticaull.wordpress.com\/?page_id=879"},"modified":"2026-03-16T21:35:15","modified_gmt":"2026-03-16T21:35:15","slug":"entrevistas","status":"publish","type":"page","link":"https:\/\/wp.ull.es\/fundicionartisticaull\/entrevistas\/","title":{"rendered":"E.Entrevistas"},"content":{"rendered":"\n<hr class=\"wp-block-separator alignwide has-alpha-channel-opacity is-style-wide\" \/>\n\n\n\n<h4 class=\"wp-block-heading alignwide has-text-align-center has-background-color has-foreground-background-color has-text-color has-background has-link-color has-x-large-font-size wp-elements-2aa42543a4d3f62aece17175eaffb562\" style=\"margin-top:var(--wp--preset--spacing--20);margin-bottom:var(--wp--preset--spacing--20)\">ENTREVISTAS<\/h4>\n\n\n\n<hr class=\"wp-block-separator alignwide has-alpha-channel-opacity is-style-wide\" style=\"margin-top:0;margin-bottom:0\" \/>\n\n\n\n<div class=\"wp-block-columns alignwide is-layout-flex wp-container-core-columns-is-layout-28f84493 wp-block-columns-is-layout-flex\">\n<div class=\"wp-block-column is-layout-flow wp-block-column-is-layout-flow\">\n<figure class=\"wp-block-image size-full\"><img fetchpriority=\"high\" decoding=\"async\" width=\"779\" height=\"519\" src=\"https:\/\/wp.ull.es\/fundicionartisticaull\/wp-content\/uploads\/sites\/145\/2025\/11\/Captura-de-pantalla-2025-11-10-a-las-9.26.01-edited-2.jpeg\" alt=\"\" class=\"wp-image-2617\" srcset=\"https:\/\/wp.ull.es\/fundicionartisticaull\/wp-content\/uploads\/sites\/145\/2025\/11\/Captura-de-pantalla-2025-11-10-a-las-9.26.01-edited-2.jpeg 779w, https:\/\/wp.ull.es\/fundicionartisticaull\/wp-content\/uploads\/sites\/145\/2025\/11\/Captura-de-pantalla-2025-11-10-a-las-9.26.01-edited-2-300x200.jpeg 300w, https:\/\/wp.ull.es\/fundicionartisticaull\/wp-content\/uploads\/sites\/145\/2025\/11\/Captura-de-pantalla-2025-11-10-a-las-9.26.01-edited-2-768x512.jpeg 768w\" sizes=\"(max-width: 779px) 100vw, 779px\" \/><\/figure>\n\n\n\n<blockquote class=\"wp-block-quote is-layout-flow wp-block-quote-is-layout-flow\">\n<p><strong><a href=\"https:\/\/www.ull.es\/servicios\/tekne\/\">\u00ab<strong>TE<\/strong>nerife&nbsp;<strong>KN<\/strong>owledge&nbsp;<strong>E<\/strong>ntrepreneurship es el programa de acompa\u00f1amiento<br>de iniciativas empresariales basadas en conocimiento generado en la Universidad de La Laguna\u00bb<\/a><\/strong><\/p>\n<\/blockquote>\n\n\n\n<p class=\"has-small-font-size\">1 de abril 2025<\/p>\n\n\n\n<p>TEKNE \/ PULL<\/p>\n<\/div>\n\n\n\n<div class=\"wp-block-column is-layout-flow wp-block-column-is-layout-flow\">\n<figure class=\"wp-block-image size-full\"><img decoding=\"async\" width=\"1024\" height=\"683\" src=\"https:\/\/wp.ull.es\/fundicionartisticaull\/wp-content\/uploads\/sites\/145\/2025\/11\/Captura-de-pantalla-2025-11-03-a-las-13.16.37-1-edited.jpeg\" alt=\"\" class=\"wp-image-2454\" srcset=\"https:\/\/wp.ull.es\/fundicionartisticaull\/wp-content\/uploads\/sites\/145\/2025\/11\/Captura-de-pantalla-2025-11-03-a-las-13.16.37-1-edited.jpeg 1024w, https:\/\/wp.ull.es\/fundicionartisticaull\/wp-content\/uploads\/sites\/145\/2025\/11\/Captura-de-pantalla-2025-11-03-a-las-13.16.37-1-edited-300x200.jpeg 300w, https:\/\/wp.ull.es\/fundicionartisticaull\/wp-content\/uploads\/sites\/145\/2025\/11\/Captura-de-pantalla-2025-11-03-a-las-13.16.37-1-edited-768x512.jpeg 768w\" sizes=\"(max-width: 1024px) 100vw, 1024px\" \/><\/figure>\n\n\n\n<blockquote class=\"wp-block-quote is-layout-flow wp-block-quote-is-layout-flow\">\n<p><strong><a href=\"https:\/\/www.ull.es\/portal\/noticias\/2024\/estudiantes-fundicion-crean-arbol-navidad-ull\/\">\u00abEstudiantes de fundici\u00f3n crean el \u00e1rbol de Navidad de la ULL con materiales reciclados y sostenibles\u00bb<\/a><\/strong><\/p>\n<\/blockquote>\n\n\n\n<p>13 de diciembre de 2024<\/p>\n\n\n\n<p>PULL<\/p>\n<\/div>\n\n\n\n<div class=\"wp-block-column is-layout-flow wp-block-column-is-layout-flow\">\n<figure class=\"wp-block-image size-full is-resized\"><img decoding=\"async\" width=\"863\" height=\"575\" src=\"https:\/\/wp.ull.es\/fundicionartisticaull\/wp-content\/uploads\/sites\/145\/2025\/11\/Captura-de-pantalla-2025-11-03-a-las-13.05.21-edited.jpeg\" alt=\"\" class=\"wp-image-2443\" style=\"width:390px;height:auto\" srcset=\"https:\/\/wp.ull.es\/fundicionartisticaull\/wp-content\/uploads\/sites\/145\/2025\/11\/Captura-de-pantalla-2025-11-03-a-las-13.05.21-edited.jpeg 863w, https:\/\/wp.ull.es\/fundicionartisticaull\/wp-content\/uploads\/sites\/145\/2025\/11\/Captura-de-pantalla-2025-11-03-a-las-13.05.21-edited-300x200.jpeg 300w, https:\/\/wp.ull.es\/fundicionartisticaull\/wp-content\/uploads\/sites\/145\/2025\/11\/Captura-de-pantalla-2025-11-03-a-las-13.05.21-edited-768x512.jpeg 768w\" sizes=\"(max-width: 863px) 100vw, 863px\" \/><\/figure>\n\n\n\n<blockquote class=\"wp-block-quote is-layout-flow wp-block-quote-is-layout-flow\">\n<p><a href=\"https:\/\/periodismo.ull.es\/no-es-solo-trabajo-es-lo-que-me-da-vida\/\"><strong>\u00abNo es solo trabajo, es lo que me da vida\u00bb<\/strong><\/a><\/p>\n<\/blockquote>\n\n\n\n<p class=\"has-small-font-size\">13 de febrero de 2024<\/p>\n\n\n\n<p><a href=\"https:\/\/periodismo.ull.es\/\">PULL<\/a><\/p>\n<\/div>\n<\/div>\n\n\n\n<div class=\"wp-block-columns alignwide is-layout-flex wp-container-core-columns-is-layout-28f84493 wp-block-columns-is-layout-flex\">\n<div class=\"wp-block-column is-layout-flow wp-block-column-is-layout-flow\">\n<figure class=\"wp-block-image size-full\"><img loading=\"lazy\" decoding=\"async\" width=\"1024\" height=\"640\" src=\"https:\/\/wp.ull.es\/fundicionartisticaull\/wp-content\/uploads\/sites\/145\/2024\/03\/WhatsApp-Image-2024-03-11-at-14.46.54-edited.jpeg\" alt=\"\" class=\"wp-image-1223\" srcset=\"https:\/\/wp.ull.es\/fundicionartisticaull\/wp-content\/uploads\/sites\/145\/2024\/03\/WhatsApp-Image-2024-03-11-at-14.46.54-edited.jpeg 1024w, https:\/\/wp.ull.es\/fundicionartisticaull\/wp-content\/uploads\/sites\/145\/2024\/03\/WhatsApp-Image-2024-03-11-at-14.46.54-edited-300x188.jpeg 300w, https:\/\/wp.ull.es\/fundicionartisticaull\/wp-content\/uploads\/sites\/145\/2024\/03\/WhatsApp-Image-2024-03-11-at-14.46.54-edited-768x480.jpeg 768w\" sizes=\"(max-width: 1024px) 100vw, 1024px\" \/><\/figure>\n\n\n\n<blockquote class=\"wp-block-quote is-layout-flow wp-block-quote-is-layout-flow\">\n<p><strong>\u00abForjando redes en torno a la docencia y la investigaci\u00f3n en escultura: el aula-taller de Fundici\u00f3n Art\u00edstica de la ULL\u00bb<\/strong><\/p>\n<\/blockquote>\n\n\n\n<p class=\"has-small-font-size\">6 de junio 2023<\/p>\n\n\n\n<p>SER<\/p>\n<\/div>\n\n\n\n<div class=\"wp-block-column is-layout-flow wp-block-column-is-layout-flow\">\n<figure class=\"wp-block-image size-full\"><img loading=\"lazy\" decoding=\"async\" width=\"1002\" height=\"626\" src=\"https:\/\/wp.ull.es\/fundicionartisticaull\/wp-content\/uploads\/sites\/145\/2024\/03\/WhatsApp-Image-2024-03-11-at-14.47.19-edited.jpeg\" alt=\"\" class=\"wp-image-1222\" srcset=\"https:\/\/wp.ull.es\/fundicionartisticaull\/wp-content\/uploads\/sites\/145\/2024\/03\/WhatsApp-Image-2024-03-11-at-14.47.19-edited.jpeg 1002w, https:\/\/wp.ull.es\/fundicionartisticaull\/wp-content\/uploads\/sites\/145\/2024\/03\/WhatsApp-Image-2024-03-11-at-14.47.19-edited-300x187.jpeg 300w, https:\/\/wp.ull.es\/fundicionartisticaull\/wp-content\/uploads\/sites\/145\/2024\/03\/WhatsApp-Image-2024-03-11-at-14.47.19-edited-768x480.jpeg 768w\" sizes=\"(max-width: 1002px) 100vw, 1002px\" \/><\/figure>\n\n\n\n<blockquote class=\"wp-block-quote is-layout-flow wp-block-quote-is-layout-flow\">\n<p><strong>\u00abForjando redes en torno a la docencia y la investigaci\u00f3n en escultura: el aula-taller de Fundici\u00f3n Art\u00edstica de la ULL\u00bb<\/strong><\/p>\n<\/blockquote>\n\n\n\n<p>6 de junio 2023<\/p>\n\n\n\n<p>SER<\/p>\n<\/div>\n\n\n\n<div class=\"wp-block-column is-layout-flow wp-block-column-is-layout-flow\">\n<figure class=\"wp-block-image size-full is-resized\"><img loading=\"lazy\" decoding=\"async\" width=\"499\" height=\"312\" src=\"https:\/\/wp.ull.es\/fundicionartisticaull\/wp-content\/uploads\/sites\/145\/2024\/03\/Captura-de-pantalla-2024-03-20-124221-edited.jpg\" alt=\"\" class=\"wp-image-1421\" style=\"width:390px;height:auto\" srcset=\"https:\/\/wp.ull.es\/fundicionartisticaull\/wp-content\/uploads\/sites\/145\/2024\/03\/Captura-de-pantalla-2024-03-20-124221-edited.jpg 499w, https:\/\/wp.ull.es\/fundicionartisticaull\/wp-content\/uploads\/sites\/145\/2024\/03\/Captura-de-pantalla-2024-03-20-124221-edited-300x188.jpg 300w\" sizes=\"(max-width: 499px) 100vw, 499px\" \/><\/figure>\n\n\n\n<blockquote class=\"wp-block-quote is-layout-flow wp-block-quote-is-layout-flow\">\n<p><a href=\"https:\/\/periodismo.ull.es\/itahisa-perez-dedicarse-al-arte-es-toda-una-vida-es-un-modo-de-vivir\/\"><strong>Itahisa P\u00e9rez: \u00abDedicarse al arte es toda una vida. Es un modo de vivir\u00bb<\/strong><\/a><\/p>\n<\/blockquote>\n\n\n\n<p class=\"has-small-font-size\">30 de julio de 2022<\/p>\n\n\n\n<p><a href=\"https:\/\/periodismo.ull.es\/\">PULL<\/a><\/p>\n<\/div>\n<\/div>\n\n\n\n<p><\/p>\n","protected":false},"excerpt":{"rendered":"<p>ENTREVISTAS \u00abTEnerife&nbsp;KNowledge&nbsp;Entrepreneurship es el programa de acompa\u00f1amientode iniciativas empresariales basadas en conocimiento generado en la Universidad de La Laguna\u00bb 1 de abril 2025 TEKNE \/ PULL \u00abEstudiantes de fundici\u00f3n crean el \u00e1rbol de Navidad de la ULL con materiales reciclados y sostenibles\u00bb 13 de diciembre de 2024 PULL \u00abNo es solo trabajo, es lo que [&hellip;]<\/p>\n","protected":false},"author":441,"featured_media":0,"parent":0,"menu_order":0,"comment_status":"closed","ping_status":"closed","template":"page-large-header","meta":{"ngg_post_thumbnail":0,"footnotes":""},"class_list":["post-879","page","type-page","status-publish","hentry"],"yoast_head":"<!-- This site is optimized with the Yoast SEO plugin v27.4 - https:\/\/yoast.com\/product\/yoast-seo-wordpress\/ -->\n<title>E.Entrevistas - Fundici\u00f3n Art\u00edstica ULL<\/title>\n<meta name=\"robots\" content=\"index, follow, max-snippet:-1, max-image-preview:large, max-video-preview:-1\" \/>\n<link rel=\"canonical\" href=\"https:\/\/wp.ull.es\/fundicionartisticaull\/entrevistas\/\" \/>\n<meta property=\"og:locale\" content=\"es_ES\" \/>\n<meta property=\"og:type\" content=\"article\" \/>\n<meta property=\"og:title\" content=\"E.Entrevistas - Fundici\u00f3n Art\u00edstica ULL\" \/>\n<meta property=\"og:description\" content=\"ENTREVISTAS \u00abTEnerife&nbsp;KNowledge&nbsp;Entrepreneurship es el programa de acompa\u00f1amientode iniciativas empresariales basadas en conocimiento generado en la Universidad de La Laguna\u00bb 1 de abril 2025 TEKNE \/ PULL \u00abEstudiantes de fundici\u00f3n crean el \u00e1rbol de Navidad de la ULL con materiales reciclados y sostenibles\u00bb 13 de diciembre de 2024 PULL \u00abNo es solo trabajo, es lo que [&hellip;]\" \/>\n<meta property=\"og:url\" content=\"https:\/\/wp.ull.es\/fundicionartisticaull\/entrevistas\/\" \/>\n<meta property=\"og:site_name\" content=\"Fundici\u00f3n Art\u00edstica ULL\" \/>\n<meta property=\"article:modified_time\" content=\"2026-03-16T21:35:15+00:00\" \/>\n<meta property=\"og:image\" content=\"https:\/\/wp.ull.es\/fundicionartisticaull\/wp-content\/uploads\/sites\/145\/2025\/11\/Captura-de-pantalla-2025-11-10-a-las-9.26.01-edited-2.jpeg\" \/>\n\t<meta property=\"og:image:width\" content=\"779\" \/>\n\t<meta property=\"og:image:height\" content=\"519\" \/>\n\t<meta property=\"og:image:type\" content=\"image\/jpeg\" \/>\n<meta name=\"twitter:card\" content=\"summary_large_image\" \/>\n<script type=\"application\/ld+json\" class=\"yoast-schema-graph\">{\"@context\":\"https:\\\/\\\/schema.org\",\"@graph\":[{\"@type\":\"WebPage\",\"@id\":\"https:\\\/\\\/wp.ull.es\\\/fundicionartisticaull\\\/entrevistas\\\/\",\"url\":\"https:\\\/\\\/wp.ull.es\\\/fundicionartisticaull\\\/entrevistas\\\/\",\"name\":\"E.Entrevistas - Fundici\u00f3n Art\u00edstica ULL\",\"isPartOf\":{\"@id\":\"https:\\\/\\\/wp.ull.es\\\/fundicionartisticaull\\\/#website\"},\"primaryImageOfPage\":{\"@id\":\"https:\\\/\\\/wp.ull.es\\\/fundicionartisticaull\\\/entrevistas\\\/#primaryimage\"},\"image\":{\"@id\":\"https:\\\/\\\/wp.ull.es\\\/fundicionartisticaull\\\/entrevistas\\\/#primaryimage\"},\"thumbnailUrl\":\"https:\\\/\\\/wp.ull.es\\\/fundicionartisticaull\\\/wp-content\\\/uploads\\\/sites\\\/145\\\/2025\\\/11\\\/Captura-de-pantalla-2025-11-10-a-las-9.26.01-edited-2.jpeg\",\"datePublished\":\"2024-03-07T14:40:03+00:00\",\"dateModified\":\"2026-03-16T21:35:15+00:00\",\"breadcrumb\":{\"@id\":\"https:\\\/\\\/wp.ull.es\\\/fundicionartisticaull\\\/entrevistas\\\/#breadcrumb\"},\"inLanguage\":\"es\",\"potentialAction\":[{\"@type\":\"ReadAction\",\"target\":[\"https:\\\/\\\/wp.ull.es\\\/fundicionartisticaull\\\/entrevistas\\\/\"]}]},{\"@type\":\"ImageObject\",\"inLanguage\":\"es\",\"@id\":\"https:\\\/\\\/wp.ull.es\\\/fundicionartisticaull\\\/entrevistas\\\/#primaryimage\",\"url\":\"https:\\\/\\\/wp.ull.es\\\/fundicionartisticaull\\\/wp-content\\\/uploads\\\/sites\\\/145\\\/2025\\\/11\\\/Captura-de-pantalla-2025-11-10-a-las-9.26.01-edited-2.jpeg\",\"contentUrl\":\"https:\\\/\\\/wp.ull.es\\\/fundicionartisticaull\\\/wp-content\\\/uploads\\\/sites\\\/145\\\/2025\\\/11\\\/Captura-de-pantalla-2025-11-10-a-las-9.26.01-edited-2.jpeg\",\"width\":779,\"height\":519,\"caption\":\"Screenshot\"},{\"@type\":\"BreadcrumbList\",\"@id\":\"https:\\\/\\\/wp.ull.es\\\/fundicionartisticaull\\\/entrevistas\\\/#breadcrumb\",\"itemListElement\":[{\"@type\":\"ListItem\",\"position\":1,\"name\":\"Portada\",\"item\":\"https:\\\/\\\/wp.ull.es\\\/fundicionartisticaull\\\/\"},{\"@type\":\"ListItem\",\"position\":2,\"name\":\"E.Entrevistas\"}]},{\"@type\":\"WebSite\",\"@id\":\"https:\\\/\\\/wp.ull.es\\\/fundicionartisticaull\\\/#website\",\"url\":\"https:\\\/\\\/wp.ull.es\\\/fundicionartisticaull\\\/\",\"name\":\"FUNIDICI\u00d3N ART\u00cdSTICA ULL\",\"description\":\"Taller de fundici\u00f3n en la Universidad de La Laguna\",\"publisher\":{\"@id\":\"https:\\\/\\\/wp.ull.es\\\/fundicionartisticaull\\\/#organization\"},\"potentialAction\":[{\"@type\":\"SearchAction\",\"target\":{\"@type\":\"EntryPoint\",\"urlTemplate\":\"https:\\\/\\\/wp.ull.es\\\/fundicionartisticaull\\\/?s={search_term_string}\"},\"query-input\":{\"@type\":\"PropertyValueSpecification\",\"valueRequired\":true,\"valueName\":\"search_term_string\"}}],\"inLanguage\":\"es\"},{\"@type\":\"Organization\",\"@id\":\"https:\\\/\\\/wp.ull.es\\\/fundicionartisticaull\\\/#organization\",\"name\":\"AULA DE FUNDICI\u00d3N\",\"url\":\"https:\\\/\\\/wp.ull.es\\\/fundicionartisticaull\\\/\",\"logo\":{\"@type\":\"ImageObject\",\"inLanguage\":\"es\",\"@id\":\"https:\\\/\\\/wp.ull.es\\\/fundicionartisticaull\\\/#\\\/schema\\\/logo\\\/image\\\/\",\"url\":\"https:\\\/\\\/wp.ull.es\\\/fundicionartisticaull\\\/wp-content\\\/uploads\\\/sites\\\/145\\\/2024\\\/03\\\/9CC10F4E-628E-4F8B-BFA4-29DE0BAE15F2-edited.jpg\",\"contentUrl\":\"https:\\\/\\\/wp.ull.es\\\/fundicionartisticaull\\\/wp-content\\\/uploads\\\/sites\\\/145\\\/2024\\\/03\\\/9CC10F4E-628E-4F8B-BFA4-29DE0BAE15F2-edited.jpg\",\"width\":768,\"height\":768,\"caption\":\"AULA DE FUNDICI\u00d3N\"},\"image\":{\"@id\":\"https:\\\/\\\/wp.ull.es\\\/fundicionartisticaull\\\/#\\\/schema\\\/logo\\\/image\\\/\"}}]}<\/script>\n<!-- \/ Yoast SEO plugin. -->","yoast_head_json":{"title":"E.Entrevistas - Fundici\u00f3n Art\u00edstica ULL","robots":{"index":"index","follow":"follow","max-snippet":"max-snippet:-1","max-image-preview":"max-image-preview:large","max-video-preview":"max-video-preview:-1"},"canonical":"https:\/\/wp.ull.es\/fundicionartisticaull\/entrevistas\/","og_locale":"es_ES","og_type":"article","og_title":"E.Entrevistas - Fundici\u00f3n Art\u00edstica ULL","og_description":"ENTREVISTAS \u00abTEnerife&nbsp;KNowledge&nbsp;Entrepreneurship es el programa de acompa\u00f1amientode iniciativas empresariales basadas en conocimiento generado en la Universidad de La Laguna\u00bb 1 de abril 2025 TEKNE \/ PULL \u00abEstudiantes de fundici\u00f3n crean el \u00e1rbol de Navidad de la ULL con materiales reciclados y sostenibles\u00bb 13 de diciembre de 2024 PULL \u00abNo es solo trabajo, es lo que [&hellip;]","og_url":"https:\/\/wp.ull.es\/fundicionartisticaull\/entrevistas\/","og_site_name":"Fundici\u00f3n Art\u00edstica ULL","article_modified_time":"2026-03-16T21:35:15+00:00","og_image":[{"width":779,"height":519,"url":"https:\/\/wp.ull.es\/fundicionartisticaull\/wp-content\/uploads\/sites\/145\/2025\/11\/Captura-de-pantalla-2025-11-10-a-las-9.26.01-edited-2.jpeg","type":"image\/jpeg"}],"twitter_card":"summary_large_image","schema":{"@context":"https:\/\/schema.org","@graph":[{"@type":"WebPage","@id":"https:\/\/wp.ull.es\/fundicionartisticaull\/entrevistas\/","url":"https:\/\/wp.ull.es\/fundicionartisticaull\/entrevistas\/","name":"E.Entrevistas - Fundici\u00f3n Art\u00edstica ULL","isPartOf":{"@id":"https:\/\/wp.ull.es\/fundicionartisticaull\/#website"},"primaryImageOfPage":{"@id":"https:\/\/wp.ull.es\/fundicionartisticaull\/entrevistas\/#primaryimage"},"image":{"@id":"https:\/\/wp.ull.es\/fundicionartisticaull\/entrevistas\/#primaryimage"},"thumbnailUrl":"https:\/\/wp.ull.es\/fundicionartisticaull\/wp-content\/uploads\/sites\/145\/2025\/11\/Captura-de-pantalla-2025-11-10-a-las-9.26.01-edited-2.jpeg","datePublished":"2024-03-07T14:40:03+00:00","dateModified":"2026-03-16T21:35:15+00:00","breadcrumb":{"@id":"https:\/\/wp.ull.es\/fundicionartisticaull\/entrevistas\/#breadcrumb"},"inLanguage":"es","potentialAction":[{"@type":"ReadAction","target":["https:\/\/wp.ull.es\/fundicionartisticaull\/entrevistas\/"]}]},{"@type":"ImageObject","inLanguage":"es","@id":"https:\/\/wp.ull.es\/fundicionartisticaull\/entrevistas\/#primaryimage","url":"https:\/\/wp.ull.es\/fundicionartisticaull\/wp-content\/uploads\/sites\/145\/2025\/11\/Captura-de-pantalla-2025-11-10-a-las-9.26.01-edited-2.jpeg","contentUrl":"https:\/\/wp.ull.es\/fundicionartisticaull\/wp-content\/uploads\/sites\/145\/2025\/11\/Captura-de-pantalla-2025-11-10-a-las-9.26.01-edited-2.jpeg","width":779,"height":519,"caption":"Screenshot"},{"@type":"BreadcrumbList","@id":"https:\/\/wp.ull.es\/fundicionartisticaull\/entrevistas\/#breadcrumb","itemListElement":[{"@type":"ListItem","position":1,"name":"Portada","item":"https:\/\/wp.ull.es\/fundicionartisticaull\/"},{"@type":"ListItem","position":2,"name":"E.Entrevistas"}]},{"@type":"WebSite","@id":"https:\/\/wp.ull.es\/fundicionartisticaull\/#website","url":"https:\/\/wp.ull.es\/fundicionartisticaull\/","name":"FUNIDICI\u00d3N ART\u00cdSTICA ULL","description":"Taller de fundici\u00f3n en la Universidad de La Laguna","publisher":{"@id":"https:\/\/wp.ull.es\/fundicionartisticaull\/#organization"},"potentialAction":[{"@type":"SearchAction","target":{"@type":"EntryPoint","urlTemplate":"https:\/\/wp.ull.es\/fundicionartisticaull\/?s={search_term_string}"},"query-input":{"@type":"PropertyValueSpecification","valueRequired":true,"valueName":"search_term_string"}}],"inLanguage":"es"},{"@type":"Organization","@id":"https:\/\/wp.ull.es\/fundicionartisticaull\/#organization","name":"AULA DE FUNDICI\u00d3N","url":"https:\/\/wp.ull.es\/fundicionartisticaull\/","logo":{"@type":"ImageObject","inLanguage":"es","@id":"https:\/\/wp.ull.es\/fundicionartisticaull\/#\/schema\/logo\/image\/","url":"https:\/\/wp.ull.es\/fundicionartisticaull\/wp-content\/uploads\/sites\/145\/2024\/03\/9CC10F4E-628E-4F8B-BFA4-29DE0BAE15F2-edited.jpg","contentUrl":"https:\/\/wp.ull.es\/fundicionartisticaull\/wp-content\/uploads\/sites\/145\/2024\/03\/9CC10F4E-628E-4F8B-BFA4-29DE0BAE15F2-edited.jpg","width":768,"height":768,"caption":"AULA DE FUNDICI\u00d3N"},"image":{"@id":"https:\/\/wp.ull.es\/fundicionartisticaull\/#\/schema\/logo\/image\/"}}]}},"_links":{"self":[{"href":"https:\/\/wp.ull.es\/fundicionartisticaull\/wp-json\/wp\/v2\/pages\/879","targetHints":{"allow":["GET"]}}],"collection":[{"href":"https:\/\/wp.ull.es\/fundicionartisticaull\/wp-json\/wp\/v2\/pages"}],"about":[{"href":"https:\/\/wp.ull.es\/fundicionartisticaull\/wp-json\/wp\/v2\/types\/page"}],"author":[{"embeddable":true,"href":"https:\/\/wp.ull.es\/fundicionartisticaull\/wp-json\/wp\/v2\/users\/441"}],"replies":[{"embeddable":true,"href":"https:\/\/wp.ull.es\/fundicionartisticaull\/wp-json\/wp\/v2\/comments?post=879"}],"version-history":[{"count":2,"href":"https:\/\/wp.ull.es\/fundicionartisticaull\/wp-json\/wp\/v2\/pages\/879\/revisions"}],"predecessor-version":[{"id":2618,"href":"https:\/\/wp.ull.es\/fundicionartisticaull\/wp-json\/wp\/v2\/pages\/879\/revisions\/2618"}],"wp:attachment":[{"href":"https:\/\/wp.ull.es\/fundicionartisticaull\/wp-json\/wp\/v2\/media?parent=879"}],"curies":[{"name":"wp","href":"https:\/\/api.w.org\/{rel}","templated":true}]}}