{"id":76,"date":"2023-07-22T00:08:09","date_gmt":"2023-07-21T22:08:09","guid":{"rendered":"https:\/\/wp.ull.es\/fpiem\/?page_id=76"},"modified":"2023-07-25T15:46:47","modified_gmt":"2023-07-25T14:46:47","slug":"numero-xiii-2020","status":"publish","type":"page","link":"https:\/\/wp.ull.es\/fpiem\/numero-xiii-2020\/","title":{"rendered":"N\u00famero XIII &#8211; 2020"},"content":{"rendered":"\n<figure class=\"wp-block-image aligncenter size-full is-resized\"><img fetchpriority=\"high\" decoding=\"async\" src=\"https:\/\/wp.ull.es\/fpiem\/wp-content\/uploads\/sites\/158\/2023\/07\/image.png\" alt=\"\" class=\"wp-image-97\" width=\"285\" height=\"402\" srcset=\"https:\/\/wp.ull.es\/fpiem\/wp-content\/uploads\/sites\/158\/2023\/07\/image.png 380w, https:\/\/wp.ull.es\/fpiem\/wp-content\/uploads\/sites\/158\/2023\/07\/image-213x300.png 213w\" sizes=\"(max-width: 285px) 100vw, 285px\" \/><\/figure>\n\n\n\n<p class=\"has-black-color has-text-color has-background\" style=\"background-color:#9b51e000\">  <\/p>\n\n\n\n<div class=\"wp-block-columns is-layout-flex wp-container-core-columns-is-layout-9d6595d7 wp-block-columns-is-layout-flex\">\n<div class=\"wp-block-column has-black-color has-text-color has-background is-layout-flow wp-block-column-is-layout-flow\" style=\"background-color:#b3984d\">\n<p class=\"has-text-align-center\"><strong><a rel=\"noreferrer noopener\" href=\"https:\/\/wp.ull.es\/fpiem\/wp-content\/uploads\/sites\/158\/2023\/07\/0B-index.-Indice-VolXIII-2021.pdf\" target=\"_blank\">\u00cdndice<\/a><\/strong><\/p>\n<\/div>\n\n\n\n<div class=\"wp-block-column has-black-color has-text-color has-background is-layout-flow wp-block-column-is-layout-flow\" style=\"background-color:#b3984d\">\n<p class=\"has-text-align-center\"><strong><a rel=\"noreferrer noopener\" href=\"https:\/\/wp.ull.es\/fpiem\/wp-content\/uploads\/sites\/158\/2023\/07\/0C-PRESENTACION-VOL-XIII-RFPIEM-17-02-2022.pdf\" target=\"_blank\">Presentaci\u00f3n<\/a><\/strong><\/p>\n<\/div>\n\n\n\n<div class=\"wp-block-column has-black-color has-text-color has-background is-layout-flow wp-block-column-is-layout-flow\" style=\"background-color:#b3984d\">\n<p class=\"has-text-align-center\"><strong><a rel=\"noreferrer noopener\" href=\"https:\/\/wp.ull.es\/fpiem\/wp-content\/uploads\/sites\/158\/2023\/07\/0D-prologo-Santos-Reflexiones.pdf\" target=\"_blank\">Pr\u00f3logo<\/a><\/strong><\/p>\n<\/div>\n<\/div>\n\n\n\n<h2 class=\"wp-block-heading\"><em>Art\u00edculos:<\/em><\/h2>\n\n\n\n<p class=\"has-black-color has-text-color has-background\" style=\"background-color:#b3984d\"><strong><a href=\"https:\/\/wp.ull.es\/fpiem\/wp-content\/uploads\/sites\/158\/2023\/07\/01-index.-Hernandez-Socas-VolXIII-Rev.pdf\" target=\"_blank\" rel=\"noreferrer noopener\">1. Propuesta de ense\u00f1anza de las Matem\u00e1ticas en la Educaci\u00f3n Infantil y Primaria: \u201cpara humanizar y para la vida\u201d, desde la perspectiva competencial.<\/a> (Hern\u00e1ndez, J. y Socas, M.)<\/strong><\/p>\n\n\n\n<p class=\"has-black-color has-text-color has-background\" style=\"background-color:#b3984d\"><strong><a href=\"https:\/\/wp.ull.es\/fpiem\/wp-content\/uploads\/sites\/158\/2023\/07\/02-index.-Ascanio-Zarate_-Camacho-Machin-VolXIII-Rev.pdf\" target=\"_blank\" rel=\"noreferrer noopener\">2. Una perspectiva para la resoluci\u00f3n de problemas con GeoGebra basada en episodios. El \u201cproblema del cuadrado\u201d. <\/a>(Ascanio-Z\u00e1rate, M. y Camacho-Mach\u00edn, M.)<\/strong><\/p>\n\n\n\n<p class=\"has-black-color has-text-color has-background\" style=\"background-color:#b3984d\"><strong><a href=\"https:\/\/wp.ull.es\/fpiem\/wp-content\/uploads\/sites\/158\/2023\/07\/03-index.-Bruno-Garcia-VolXIII-Rev.pdf\" target=\"_blank\" rel=\"noreferrer noopener\">3. Un estudio sobre modelos de ense\u00f1anza de los n\u00fameros negativos en la formaci\u00f3n de futuros profesores de Educaci\u00f3n Secundaria.<\/a> (Bruno, A.; Garc\u00eda-Alonso, I.)<\/strong><\/p>\n\n\n\n<p class=\"has-black-color has-text-color has-background\" style=\"background-color:#b3984d\"><strong><a href=\"https:\/\/wp.ull.es\/fpiem\/wp-content\/uploads\/sites\/158\/2023\/07\/04-index.-Garcia-Diaz-Garcia-Alonso-Camacho-VolXIII-Rev.pdf\" target=\"_blank\" rel=\"noreferrer noopener\">4. An\u00e1lisis de la Fase de Comprensi\u00f3n en la resoluci\u00f3n de problemas de matem\u00e1ticas en el desarrollo de una sesi\u00f3n de clase. <\/a>(Garc\u00eda-Alonso, I.; Garc\u00eda-D\u00edaz, A. y Camacho-Mach\u00edn, M.)<\/strong><\/p>\n\n\n\n<p class=\"has-black-color has-text-color has-background\" style=\"background-color:#b3984d\"><strong><a href=\"https:\/\/wp.ull.es\/fpiem\/wp-content\/uploads\/sites\/158\/2023\/07\/05-index.-Garcia-Alonso-Sosa-Martin-VolXIII-V1.pdf\" target=\"_blank\" rel=\"noreferrer noopener\">5. Contribuci\u00f3n de la Evaluaci\u00f3n Formativa en el conocimiento especializado de matem\u00e1ticas de los futuros maestros y maestras de Educaci\u00f3n Primaria.<\/a> (Garc\u00eda-Alonso, I. y Sosa-Mart\u00edn, D.)<\/strong><\/p>\n\n\n\n<p class=\"has-black-color has-text-color has-background\" style=\"background-color:#b3984d\"><strong><a href=\"https:\/\/wp.ull.es\/fpiem\/wp-content\/uploads\/sites\/158\/2023\/07\/06-index.-Perdomo-Camacho-VolXIII-Rev.pdf\" target=\"_blank\" rel=\"noreferrer noopener\">6. Identificaci\u00f3n de factores cognitivos y sociales que surgen en los procesos de Resoluci\u00f3n de Problemas. Un estudio de caso.<\/a> (Perdomo-D\u00edaz, J. y Camacho-Mach\u00edn Mat\u00edas)<\/strong><\/p>\n\n\n\n<p class=\"has-black-color has-text-color has-background\" style=\"background-color:#b3984d\"><strong><a href=\"https:\/\/wp.ull.es\/fpiem\/wp-content\/uploads\/sites\/158\/2023\/07\/07-index.-Hernandez-Quevedo-Marrero-VolXIII-Rev.pdf\" target=\"_blank\" rel=\"noreferrer noopener\">7. Did\u00e1ctica de la Estad\u00edstica mediante la utilizaci\u00f3n de recursos interactivos.<\/a> (Hern\u00e1ndez, V. M., Quevedo-Guti\u00e9rrez, E. G. y Marrero M. A.)<\/strong><\/p>\n\n\n\n<p class=\"has-black-color has-text-color has-background\" style=\"background-color:#b3984d\"><strong><a href=\"https:\/\/wp.ull.es\/fpiem\/wp-content\/uploads\/sites\/158\/2023\/07\/08-index.-Moreno-VolXIII-V1.pdf\" target=\"_blank\" rel=\"noreferrer noopener\">8. Actividad geom\u00e9trica en el aula con regletas de Cuisenaire.<\/a> (Moreno-Martel, M\u00aa D.)<\/strong><\/p>\n\n\n\n<p class=\"has-black-color has-text-color has-background\" style=\"background-color:#b3984d\"><strong><a href=\"https:\/\/wp.ull.es\/fpiem\/wp-content\/uploads\/sites\/158\/2023\/07\/09-index.-Quevedo-Quevedo-VolXIII-Rev.pdf\" target=\"_blank\" rel=\"noreferrer noopener\">9. \u00c1rbol de juegos: del algoritmo Minimax con poda \u03b1-\u03b2 al algoritmo <em>Montecarlo tree search<\/em>. Fuerza bruta vs. aleatoriedad.<\/a> (Quevedo-Sarmiento, J. R. y Quevedo Guti\u00e9rrez, E. G.)<\/strong><\/p>\n\n\n\n<p class=\"has-black-color has-text-color has-background\" style=\"background-color:#b3984d\"><strong><a href=\"https:\/\/wp.ull.es\/fpiem\/wp-content\/uploads\/sites\/158\/2023\/07\/10-index.-SantosTrigo-Version1-Vol-XIII-Rev.pdf\" target=\"_blank\" rel=\"noreferrer noopener\">10. Resoluci\u00f3n de Problemas Matem\u00e1ticos y Tecnolog\u00edas Digitales: Agenda de Investigaci\u00f3n y desarrollos. <\/a>(Santos-Trigo, M.)<\/strong><\/p>\n\n\n\n<p class=\"has-text-align-center has-background\" style=\"background-color:#b3984d\"><strong><a href=\"https:\/\/wp.ull.es\/fpiem\/wp-content\/uploads\/sites\/158\/2023\/07\/ZZ-EPILOGO-REVISTA-HOMENAJE-MARTIN-SOCAS-16-02-2022.pdf\" target=\"_blank\" rel=\"noreferrer noopener\">Ep\u00edlogo<\/a><\/strong><\/p>\n\n\n\n<div class=\"wp-block-buttons is-layout-flex wp-block-buttons-is-layout-flex\">\n<div class=\"wp-block-button\"><a class=\"wp-block-button__link has-black-color has-luminous-vivid-amber-background-color has-text-color has-background wp-element-button\" href=\"https:\/\/wp.ull.es\/fpiem\/\"><strong>&lt;&lt;&lt; Volver al inicio<\/strong><\/a><\/div>\n<\/div>\n","protected":false},"excerpt":{"rendered":"<p>\u00cdndice Presentaci\u00f3n Pr\u00f3logo Art\u00edculos: 1. Propuesta de ense\u00f1anza de las Matem\u00e1ticas en la Educaci\u00f3n Infantil y Primaria: \u201cpara humanizar y para la vida\u201d, desde la perspectiva competencial. (Hern\u00e1ndez, J. y Socas, M.) 2. Una perspectiva para la resoluci\u00f3n de problemas &hellip;<\/p>\n<p class=\"read-more\"> <a class=\"more-link\" href=\"https:\/\/wp.ull.es\/fpiem\/numero-xiii-2020\/\"> <span class=\"screen-reader-text\">N\u00famero XIII &#8211; 2020<\/span> Leer m\u00e1s \u00bb<\/a><\/p>\n","protected":false},"author":394,"featured_media":0,"parent":0,"menu_order":0,"comment_status":"closed","ping_status":"closed","template":"","meta":{"footnotes":""},"class_list":["post-76","page","type-page","status-publish","hentry"],"_links":{"self":[{"href":"https:\/\/wp.ull.es\/fpiem\/wp-json\/wp\/v2\/pages\/76","targetHints":{"allow":["GET"]}}],"collection":[{"href":"https:\/\/wp.ull.es\/fpiem\/wp-json\/wp\/v2\/pages"}],"about":[{"href":"https:\/\/wp.ull.es\/fpiem\/wp-json\/wp\/v2\/types\/page"}],"author":[{"embeddable":true,"href":"https:\/\/wp.ull.es\/fpiem\/wp-json\/wp\/v2\/users\/394"}],"replies":[{"embeddable":true,"href":"https:\/\/wp.ull.es\/fpiem\/wp-json\/wp\/v2\/comments?post=76"}],"version-history":[{"count":2,"href":"https:\/\/wp.ull.es\/fpiem\/wp-json\/wp\/v2\/pages\/76\/revisions"}],"predecessor-version":[{"id":490,"href":"https:\/\/wp.ull.es\/fpiem\/wp-json\/wp\/v2\/pages\/76\/revisions\/490"}],"wp:attachment":[{"href":"https:\/\/wp.ull.es\/fpiem\/wp-json\/wp\/v2\/media?parent=76"}],"curies":[{"name":"wp","href":"https:\/\/api.w.org\/{rel}","templated":true}]}}