{"id":428,"date":"2023-07-24T13:38:25","date_gmt":"2023-07-24T12:38:25","guid":{"rendered":"https:\/\/wp.ull.es\/fpiem\/?page_id=428"},"modified":"2023-07-25T15:44:40","modified_gmt":"2023-07-25T14:44:40","slug":"numero-iii-2001","status":"publish","type":"page","link":"https:\/\/wp.ull.es\/fpiem\/numero-iii-2001\/","title":{"rendered":"N\u00famero III &#8211; 2001"},"content":{"rendered":"\n<figure class=\"wp-block-image aligncenter size-full is-resized\"><img fetchpriority=\"high\" decoding=\"async\" src=\"https:\/\/wp.ull.es\/fpiem\/wp-content\/uploads\/sites\/158\/2023\/07\/vol03.jpg\" alt=\"\" class=\"wp-image-116\" width=\"312\" height=\"443\" srcset=\"https:\/\/wp.ull.es\/fpiem\/wp-content\/uploads\/sites\/158\/2023\/07\/vol03.jpg 416w, https:\/\/wp.ull.es\/fpiem\/wp-content\/uploads\/sites\/158\/2023\/07\/vol03-212x300.jpg 212w\" sizes=\"(max-width: 312px) 100vw, 312px\" \/><\/figure>\n\n\n\n<div class=\"wp-block-columns is-layout-flex wp-container-core-columns-is-layout-9d6595d7 wp-block-columns-is-layout-flex\">\n<div class=\"wp-block-column has-white-color has-vivid-green-cyan-background-color has-text-color has-background is-layout-flow wp-block-column-is-layout-flow\" style=\"font-style:normal;font-weight:700\">\n<p class=\"has-text-align-center has-black-color has-text-color\"><a href=\"https:\/\/wp.ull.es\/fpiem\/wp-content\/uploads\/sites\/158\/2023\/07\/03_0a-Indice-Vol-III.pdf\" data-type=\"attachment\" data-id=\"414\">\u00cdndice<\/a><\/p>\n<\/div>\n\n\n\n<div class=\"wp-block-column has-white-color has-vivid-green-cyan-background-color has-text-color has-background is-layout-flow wp-block-column-is-layout-flow\" style=\"font-style:normal;font-weight:700\">\n<p class=\"has-text-align-center has-black-color has-text-color\"><a href=\"https:\/\/wp.ull.es\/fpiem\/wp-content\/uploads\/sites\/158\/2023\/07\/03_0b-presentacion.pdf\" data-type=\"attachment\" data-id=\"340\">Presentaci\u00f3n<\/a><\/p>\n<\/div>\n<\/div>\n\n\n\n<h2 class=\"wp-block-heading\"><em>Art\u00edculos:<\/em><\/h2>\n\n\n\n<p class=\"has-white-color has-text-color has-background\" style=\"background-color:#42af83;font-style:normal;font-weight:700\"><a href=\"https:\/\/wp.ull.es\/fpiem\/wp-content\/uploads\/sites\/158\/2023\/07\/03_02-afonso-camacho-socas-un-estudio.pdf\" data-type=\"attachment\" data-id=\"342\">1.- Estudio de diferentes curr\u00edculos de geometr\u00eda.<\/a> (Afonso, M\u00aa. C.; Camacho, M.; Socas, M. M.)<\/p>\n\n\n\n<p class=\"has-white-color has-text-color has-background\" style=\"background-color:#42af83;font-style:normal;font-weight:700\"><a href=\"https:\/\/wp.ull.es\/fpiem\/wp-content\/uploads\/sites\/158\/2023\/07\/03_03-depool-camacho-actitudes.pdf\" data-type=\"attachment\" data-id=\"343\">2.- Actitudes de los estudiantes hacia el uso de un software para el aprendizaje de las Matem\u00e1ticas. <\/a>(Depool, R.; Camacho, M.)<\/p>\n\n\n\n<p class=\"has-white-color has-text-color has-background\" style=\"background-color:#42af83;font-style:normal;font-weight:700\"><a href=\"https:\/\/wp.ull.es\/fpiem\/wp-content\/uploads\/sites\/158\/2023\/07\/03_04-dominguez-socas-experiencias.pdf\" data-type=\"attachment\" data-id=\"344\">3.- Experiencias con el material did\u00e1ctico: Puzzle Algebraico, sobre expresiones algebraicas elementales y operaciones, con alumnos de ESO.<\/a> (Dom\u00ednguez, E. P.; Socas, M. M.)<\/p>\n\n\n\n<p class=\"has-white-color has-text-color has-background\" style=\"background-color:#42af83;font-style:normal;font-weight:700\"><a href=\"https:\/\/wp.ull.es\/fpiem\/wp-content\/uploads\/sites\/158\/2023\/07\/03_05-espinel-elegir.pdf\" data-type=\"attachment\" data-id=\"345\">4.- Elegir entre una lista de preferencias.<\/a> (Espinel, M\u00aa.C.)<\/p>\n\n\n\n<p class=\"has-white-color has-text-color has-background\" style=\"background-color:#42af83;font-style:normal;font-weight:700\"><a href=\"https:\/\/wp.ull.es\/fpiem\/wp-content\/uploads\/sites\/158\/2023\/07\/03_06-gonzalez-camacho-temas.pdf\" data-type=\"attachment\" data-id=\"346\">5.- Temas matem\u00e1ticos para el Bachillerato: caos y fractales, una introducci\u00f3n.<\/a> (Gonz\u00e1lez-Mart\u00edn, A. S.; Camacho, M.)<\/p>\n\n\n\n<p class=\"has-white-color has-text-color has-background\" style=\"background-color:#42af83;font-style:normal;font-weight:700\"><a href=\"https:\/\/wp.ull.es\/fpiem\/wp-content\/uploads\/sites\/158\/2023\/07\/03_07-hernandez-rios-cabrera-razonamientos.pdf\" data-type=\"attachment\" data-id=\"347\">6.- Razonamientos combinatorios.<\/a> (Hern\u00e1ndez, V; R\u00edos, M\u00b0 C.; Cabrera, F. S.)<\/p>\n\n\n\n<p class=\"has-white-color has-text-color has-background\" style=\"background-color:#42af83;font-style:normal;font-weight:700\"><a href=\"https:\/\/wp.ull.es\/fpiem\/wp-content\/uploads\/sites\/158\/2023\/07\/03_08-hernandez-palarea-socas-analisis.pdf\" data-type=\"attachment\" data-id=\"348\">7.- An\u00e1lisis de las concepciones, creencias y actitudes hacia las Matem\u00e1ticas de los alumnos que comienzan la Diplomatura de Maestro.<\/a> (Hern\u00e1ndez, J.; Palarea, M\u00b0. M. Socas, M. M.)<\/p>\n\n\n\n<p class=\"has-white-color has-text-color has-background\" style=\"background-color:#42af83;font-style:normal;font-weight:700\">&#8212;8.- Breve comentario sobre el Cabri G\u00e8om\u00e8tre II y el Geometer&#8217;s Sketchpad. Ventajas e inconvenientes de uno y otro. (Martel, J.)<\/p>\n\n\n\n<p class=\"has-white-color has-text-color has-background\" style=\"background-color:#42af83;font-style:normal;font-weight:700\">&#8212;9.- Lugares geom\u00e9tricos relacionados con un tri\u00e1ngulo cuyos v\u00e9rtices son puntos de una curva plana cualquiera. (Martel, J.)<\/p>\n\n\n\n<p class=\"has-white-color has-text-color has-background\" style=\"background-color:#42af83;font-style:normal;font-weight:700\">&#8212;10.- Representaciones y razonamiento en Matem\u00e1ticas. Ejemplos de actividades. (Moreno, M\u00b0 D; Morales, A.)<\/p>\n\n\n\n<p class=\"has-white-color has-text-color has-background\" style=\"background-color:#42af83;font-style:normal;font-weight:700\"><a href=\"https:\/\/wp.ull.es\/fpiem\/wp-content\/uploads\/sites\/158\/2023\/07\/03_10-noda-hernandez-socas-comportamientos.pdf\" data-type=\"attachment\" data-id=\"350\">11.- Comportamientos observados ante la tarea de resolver problemas de encontrar.<\/a> (Noda, A\u2026; Hern\u00e1ndez, J.; Socas, M. M.)<\/p>\n\n\n\n<p class=\"has-white-color has-text-color has-background\" style=\"background-color:#42af83;font-style:normal;font-weight:700\"><a href=\"https:\/\/wp.ull.es\/fpiem\/wp-content\/uploads\/sites\/158\/2023\/07\/03_11-palarea-hernandez-socas-analisis.pdf\" data-type=\"attachment\" data-id=\"351\">12.- An\u00e1lisis del nivel de conocimientos de Matem\u00e1ticas de los alumnos que comienzan la Diplomatura de Maestro.<\/a> (Palarea, M\u00b0 M.; Hern\u00e1ndez, J. ;Socas, M. M.)<\/p>\n\n\n\n<p class=\"has-white-color has-text-color has-background\" style=\"background-color:#42af83;font-style:normal;font-weight:700\"><a href=\"https:\/\/wp.ull.es\/fpiem\/wp-content\/uploads\/sites\/158\/2023\/07\/03_12-plasencia-el-rincon.pdf\" data-type=\"attachment\" data-id=\"352\">13.- El rinc\u00f3n de matem\u00e1ticas en educaci\u00f3n infantil. Algunas ideas para su construcci\u00f3n. <\/a>(Plasencia, I.)<\/p>\n\n\n\n<p class=\"has-white-color has-text-color has-background\" style=\"background-color:#42af83;font-style:normal;font-weight:700\"><a href=\"https:\/\/wp.ull.es\/fpiem\/wp-content\/uploads\/sites\/158\/2023\/07\/03_13-ruano-socas-habilidades.pdf\" data-type=\"attachment\" data-id=\"353\">14.- Habilidades cognitivas en relaci\u00f3n con la sustituci\u00f3n formal, la generalizaci\u00f3n y la modelizaci\u00f3n que  presentan alumnos de 4\u00ba de ESO.<\/a> (Ruano, R.; Socas, M. M.)<\/p>\n\n\n\n<p class=\"has-white-color has-text-color has-background\" style=\"background-color:#42af83;font-style:normal;font-weight:700\"><a href=\"https:\/\/wp.ull.es\/fpiem\/wp-content\/uploads\/sites\/158\/2023\/07\/03_14-serrano-socas-clasificacion.pdf\" data-type=\"attachment\" data-id=\"354\">15.- Clasificaci\u00f3n de tareas em resoluci\u00f3n de problemas de estructura aditiva con magnitudes discretas relativas con alumnos de 7 y 8 a\u00f1os.<\/a> (Serrano, S.; Socas, M. M.)<\/p>\n\n\n\n<p class=\"has-white-color has-text-color has-background\" style=\"background-color:#42af83;font-style:normal;font-weight:700\"><a href=\"https:\/\/wp.ull.es\/fpiem\/wp-content\/uploads\/sites\/158\/2023\/07\/03_01-socas-problemas.pdf\" data-type=\"attachment\" data-id=\"341\">16.- Problemas did\u00e1cticos entre el objeto matem\u00e1tico y su representaci\u00f3n semi\u00f3tica. Estudio con n\u00fameros decimales.<\/a> (Socas, M. M.)<\/p>\n\n\n\n<p class=\"has-white-color has-text-color has-background\" style=\"background-color:#42af83;font-style:normal;font-weight:700\"><a href=\"https:\/\/wp.ull.es\/fpiem\/wp-content\/uploads\/sites\/158\/2023\/07\/03_15-camacho-depool-la-evolucion.pdf\" data-type=\"attachment\" data-id=\"355\">17.- La evoluci\u00f3n de las actitudes de los estudiantes cuando utilizan un CAS (Computer Algebra System) para el aprendizaje de los conceptos de C\u00e1lculo.<\/a> (Camacho, M; Depool, R.)<\/p>\n\n\n\n<div class=\"wp-block-buttons is-layout-flex wp-block-buttons-is-layout-flex\">\n<div class=\"wp-block-button\"><a class=\"wp-block-button__link has-black-color has-luminous-vivid-amber-background-color has-text-color has-background wp-element-button\" href=\"https:\/\/wp.ull.es\/fpiem\/\"><strong>&lt;&lt;&lt; Volver al inicio<\/strong><\/a><\/div>\n<\/div>\n\n\n\n<p><\/p>\n","protected":false},"excerpt":{"rendered":"<p>\u00cdndice Presentaci\u00f3n Art\u00edculos: 1.- Estudio de diferentes curr\u00edculos de geometr\u00eda. (Afonso, M\u00aa. C.; Camacho, M.; Socas, M. M.) 2.- Actitudes de los estudiantes hacia el uso de un software para el aprendizaje de las Matem\u00e1ticas. (Depool, R.; Camacho, M.) 3.- &hellip;<\/p>\n<p class=\"read-more\"> <a class=\"more-link\" href=\"https:\/\/wp.ull.es\/fpiem\/numero-iii-2001\/\"> <span class=\"screen-reader-text\">N\u00famero III &#8211; 2001<\/span> Leer m\u00e1s \u00bb<\/a><\/p>\n","protected":false},"author":394,"featured_media":0,"parent":0,"menu_order":0,"comment_status":"closed","ping_status":"closed","template":"","meta":{"footnotes":""},"class_list":["post-428","page","type-page","status-publish","hentry"],"_links":{"self":[{"href":"https:\/\/wp.ull.es\/fpiem\/wp-json\/wp\/v2\/pages\/428","targetHints":{"allow":["GET"]}}],"collection":[{"href":"https:\/\/wp.ull.es\/fpiem\/wp-json\/wp\/v2\/pages"}],"about":[{"href":"https:\/\/wp.ull.es\/fpiem\/wp-json\/wp\/v2\/types\/page"}],"author":[{"embeddable":true,"href":"https:\/\/wp.ull.es\/fpiem\/wp-json\/wp\/v2\/users\/394"}],"replies":[{"embeddable":true,"href":"https:\/\/wp.ull.es\/fpiem\/wp-json\/wp\/v2\/comments?post=428"}],"version-history":[{"count":2,"href":"https:\/\/wp.ull.es\/fpiem\/wp-json\/wp\/v2\/pages\/428\/revisions"}],"predecessor-version":[{"id":481,"href":"https:\/\/wp.ull.es\/fpiem\/wp-json\/wp\/v2\/pages\/428\/revisions\/481"}],"wp:attachment":[{"href":"https:\/\/wp.ull.es\/fpiem\/wp-json\/wp\/v2\/media?parent=428"}],"curies":[{"name":"wp","href":"https:\/\/api.w.org\/{rel}","templated":true}]}}