{"id":235,"date":"2023-07-23T18:45:35","date_gmt":"2023-07-23T16:45:35","guid":{"rendered":"https:\/\/wp.ull.es\/fpiem\/?page_id=235"},"modified":"2024-07-09T19:31:25","modified_gmt":"2024-07-09T18:31:25","slug":"numero-xi-2014","status":"publish","type":"page","link":"https:\/\/wp.ull.es\/fpiem\/numero-xi-2014\/","title":{"rendered":"N\u00famero XI &#8211; 2014"},"content":{"rendered":"\n<figure class=\"wp-block-image aligncenter size-full is-resized\"><img fetchpriority=\"high\" decoding=\"async\" width=\"628\" height=\"880\" src=\"https:\/\/wp.ull.es\/fpiem\/wp-content\/uploads\/sites\/158\/2023\/07\/vol11.png\" alt=\"\" class=\"wp-image-124\" style=\"width:314px;height:440px\" srcset=\"https:\/\/wp.ull.es\/fpiem\/wp-content\/uploads\/sites\/158\/2023\/07\/vol11.png 628w, https:\/\/wp.ull.es\/fpiem\/wp-content\/uploads\/sites\/158\/2023\/07\/vol11-214x300.png 214w\" sizes=\"(max-width: 628px) 100vw, 628px\" \/><\/figure>\n\n\n\n<div class=\"wp-block-columns is-layout-flex wp-container-core-columns-is-layout-9d6595d7 wp-block-columns-is-layout-flex\">\n<div class=\"wp-block-column has-black-color has-pale-cyan-blue-background-color has-text-color has-background is-layout-flow wp-block-column-is-layout-flow\" style=\"font-style:normal;font-weight:700\">\n<p class=\"has-text-align-center has-black-color has-text-color\" style=\"font-style:normal;font-weight:700\"><strong><a href=\"https:\/\/wp.ull.es\/fpiem\/wp-content\/uploads\/sites\/158\/2023\/07\/11_0a-indice.pdf\" data-type=\"attachment\" data-id=\"236\">\u00cdndice<\/a><\/strong><\/p>\n<\/div>\n\n\n\n<div class=\"wp-block-column has-black-color has-pale-cyan-blue-background-color has-text-color has-background is-layout-flow wp-block-column-is-layout-flow\" style=\"font-style:normal;font-weight:700\">\n<p class=\"has-text-align-center has-black-color has-text-color\"><strong><a href=\"https:\/\/wp.ull.es\/fpiem\/wp-content\/uploads\/sites\/158\/2023\/07\/11_0b-presentacion.pdf\" data-type=\"attachment\" data-id=\"237\">Presentaci\u00f3n<\/a><\/strong><\/p>\n<\/div>\n<\/div>\n\n\n\n<h2 class=\"wp-block-heading\"><em>Art\u00edculos:<\/em><\/h2>\n\n\n\n<p class=\"has-black-color has-pale-cyan-blue-background-color has-text-color has-background\" style=\"font-style:normal;font-weight:700\"><a href=\"https:\/\/wp.ull.es\/fpiem\/2023\/07\/30\/11_01-el-modelo-de-competencia-matematica-formal-cmf-como-una-organizacion-fenomenologica-de-las-matematicas-de-la-educacion-obligatoria\/\" data-type=\"post\" data-id=\"748\">1. El modelo de competencia matem\u00e1tica formal (CMF) como una organizaci\u00f3n fenomenol\u00f3gica de las Matem\u00e1ticas de la educaci\u00f3n obligatoria.<\/a> (Socas, M.M.)<\/p>\n\n\n\n<p class=\"has-black-color has-pale-cyan-blue-background-color has-text-color has-background\" style=\"font-style:normal;font-weight:700\"><a href=\"https:\/\/wp.ull.es\/fpiem\/wp-content\/uploads\/sites\/158\/2023\/07\/11_02-afonso-camacho-un-estudio.pdf\" data-type=\"attachment\" data-id=\"239\">2. <\/a><a href=\"https:\/\/wp.ull.es\/fpiem\/2023\/07\/30\/11_02-un-estudio-sobre-los-niveles-de-van-hiele-de-maestros-de-educacion-primaria-en-formacion-y-en-ejercicio-algunos-resultados-preliminares\/\" data-type=\"post\" data-id=\"750\">Un estudio sobre los Niveles de Van Hiele de maestros de Educaci\u00f3n Primaria en formaci\u00f3n y en ejercicio: Algunos resultados preliminares<\/a>. (Afonso, M\u00aa C.; Camacho, M.)<\/p>\n\n\n\n<p class=\"has-black-color has-pale-cyan-blue-background-color has-text-color has-background\" style=\"font-style:normal;font-weight:700\"><a href=\"https:\/\/wp.ull.es\/fpiem\/2023\/07\/30\/11_03-tipos-de-representaciones-y-errores-en-la-recta-numerica\/\" data-type=\"post\" data-id=\"752\">3. Tipos de representaciones y errores en la recta num\u00e9rica.<\/a> (Bruno, A.; Cabrera, N.)<\/p>\n\n\n\n<p class=\"has-black-color has-pale-cyan-blue-background-color has-text-color has-background\" style=\"font-style:normal;font-weight:700\"><a href=\"https:\/\/wp.ull.es\/fpiem\/2023\/07\/30\/11_04-hacia-la-elaboracion-de-un-marco-metodologico-para-la-formacion-de-profesores-de-secundaria-haciendo-uso-de-software-de-geometria-dinamica\/\" data-type=\"post\" data-id=\"754\">4. Hacia la elaboraci\u00f3n de un marco metodol\u00f3gico para la formaci\u00f3n de profesores de Secundaria haciendo uso de Software de Geometr\u00eda Din\u00e1mica.<\/a> (Camacho, M.; Afonso, M\u00aa C.; Moreno, M.)<\/p>\n\n\n\n<p class=\"has-black-color has-pale-cyan-blue-background-color has-text-color has-background\" style=\"font-style:normal;font-weight:700\"><a href=\"https:\/\/wp.ull.es\/fpiem\/2023\/07\/30\/11_05-el-uso-de-la-investigacion-en-la-practica-docente-un-diseno-para-la-transicion-del-pensamiento-numerico-al-algebraico\/\" data-type=\"post\" data-id=\"756\">5. El uso de la investigaci\u00f3n en la pr\u00e1ctica docente. Un dise\u00f1o para la transici\u00f3n del pensamiento num\u00e9rico al algebraico.<\/a> (Del R\u00edo Ram\u00edrez, J. A.; Calvillo, N.; Palarea M\u00aa M.; Socas, M.)<\/p>\n\n\n\n<p class=\"has-button-color-color has-pale-cyan-blue-background-color has-text-color has-background\" style=\"font-style:normal;font-weight:700\">6. <a href=\"https:\/\/wp.ull.es\/fpiem\/2023\/07\/30\/11_06-metodos-didacticos-virtuales-utilizados-por-los-estudiantes-de-los-grados-de-educacion-infantil-y-primaria-en-las-asignaturas-de-recursos-informaticos-aplicados-a-la-ensenanza-de-las-matematic\/\" data-type=\"post\" data-id=\"758\">M\u00e9todos did\u00e1cticos virtuales utilizados por los estudiantes de los grados de Educaci\u00f3n Infantil y Primaria en las asignaturas de Recursos inform\u00e1ticos aplicados a la ense\u00f1anza de las Matem\u00e1ticas<\/a>. (Carri\u00f3n, J. C.)<\/p>\n\n\n\n<p class=\"has-black-color has-pale-cyan-blue-background-color has-text-color has-background\" style=\"font-style:normal;font-weight:700\"><a href=\"https:\/\/wp.ull.es\/fpiem\/2023\/07\/30\/11_07-significado-que-atribuyen-al-cero-futuros-docentes-de-primaria\/\" data-type=\"post\" data-id=\"762\">7. Significado que atribuyen al cero futuros docentes de Primaria.<\/a> (M\u00e9ndez, D.; Gallardo, A., Bruno, A.)<\/p>\n\n\n\n<p class=\"has-button-color-color has-pale-cyan-blue-background-color has-text-color has-background\" style=\"font-style:normal;font-weight:700\">8. <a href=\"https:\/\/wp.ull.es\/fpiem\/2023\/07\/30\/11_08-un-recurso-para-la-ensenanza-y-el-aprendizaje-de-los-algoritmos-de-las-operaciones-elementales\/\" data-type=\"post\" data-id=\"765\">Un recurso para la ense\u00f1anza y el aprendizaje de los algoritmos de las operaciones elementales<\/a>. (Moreno, M.D.)<\/p>\n\n\n\n<p class=\"has-black-color has-pale-cyan-blue-background-color has-text-color has-background\" style=\"font-style:normal;font-weight:700\"><a href=\"https:\/\/wp.ull.es\/fpiem\/2023\/07\/30\/11_09-matematica-elemental-para-maestros\/\" data-type=\"post\" data-id=\"767\">9. Matem\u00e1tica Elemental para Maestros.<\/a> (Mu\u00f1oz, M., Socas, M.M.)<\/p>\n\n\n\n<p class=\"has-black-color has-pale-cyan-blue-background-color has-text-color has-background\" style=\"font-style:normal;font-weight:700\"><a href=\"https:\/\/wp.ull.es\/fpiem\/2023\/07\/30\/11_10-la-modelizacion-matematica-en-el-modelo-de-competencia-formal\/\" data-type=\"post\" data-id=\"769\">10. La modelizaci\u00f3n matem\u00e1tica en el modelo de competencia formal.<\/a> (Ruano, R.; Socas, M.M.; Palarea, M.)<\/p>\n\n\n\n<p class=\"has-black-color has-pale-cyan-blue-background-color has-text-color has-background\" style=\"font-style:normal;font-weight:700\">IN MEMORIAM:<br><a href=\"https:\/\/wp.ull.es\/fpiem\/2023\/07\/30\/11_11-semblanza-del-profesor-jose-martel-moreno-un-gran-humanista-y-maestro-en-la-didactica-de-las-matematicas\/\" data-type=\"post\" data-id=\"771\">11. Semblanza del profesor Jos\u00e9 Martel Moreno: un gran humanista y maestro en la Did\u00e1ctica de las Matem\u00e1ticas. <\/a>(Hern\u00e1ndez, V.M.; Morales, A; Hern\u00e1ndez, R. M\u00aa.)<\/p>\n\n\n\n<div class=\"wp-block-buttons is-layout-flex wp-block-buttons-is-layout-flex\">\n<div class=\"wp-block-button\"><a class=\"wp-block-button__link has-black-color has-luminous-vivid-amber-background-color has-text-color has-background wp-element-button\" href=\"https:\/\/wp.ull.es\/fpiem\/\"><strong>&lt;&lt;&lt; Volver al inicio<\/strong><\/a><\/div>\n<\/div>\n","protected":false},"excerpt":{"rendered":"<p>\u00cdndice Presentaci\u00f3n Art\u00edculos: 1. El modelo de competencia matem\u00e1tica formal (CMF) como una organizaci\u00f3n fenomenol\u00f3gica de las Matem\u00e1ticas de la educaci\u00f3n obligatoria. (Socas, M.M.) 2. Un estudio sobre los Niveles de Van Hiele de maestros de Educaci\u00f3n Primaria en formaci\u00f3n &hellip;<\/p>\n<p class=\"read-more\"> <a class=\"more-link\" href=\"https:\/\/wp.ull.es\/fpiem\/numero-xi-2014\/\"> <span class=\"screen-reader-text\">N\u00famero XI &#8211; 2014<\/span> Leer m\u00e1s \u00bb<\/a><\/p>\n","protected":false},"author":394,"featured_media":0,"parent":0,"menu_order":0,"comment_status":"closed","ping_status":"closed","template":"","meta":{"footnotes":""},"class_list":["post-235","page","type-page","status-publish","hentry"],"_links":{"self":[{"href":"https:\/\/wp.ull.es\/fpiem\/wp-json\/wp\/v2\/pages\/235","targetHints":{"allow":["GET"]}}],"collection":[{"href":"https:\/\/wp.ull.es\/fpiem\/wp-json\/wp\/v2\/pages"}],"about":[{"href":"https:\/\/wp.ull.es\/fpiem\/wp-json\/wp\/v2\/types\/page"}],"author":[{"embeddable":true,"href":"https:\/\/wp.ull.es\/fpiem\/wp-json\/wp\/v2\/users\/394"}],"replies":[{"embeddable":true,"href":"https:\/\/wp.ull.es\/fpiem\/wp-json\/wp\/v2\/comments?post=235"}],"version-history":[{"count":1,"href":"https:\/\/wp.ull.es\/fpiem\/wp-json\/wp\/v2\/pages\/235\/revisions"}],"predecessor-version":[{"id":956,"href":"https:\/\/wp.ull.es\/fpiem\/wp-json\/wp\/v2\/pages\/235\/revisions\/956"}],"wp:attachment":[{"href":"https:\/\/wp.ull.es\/fpiem\/wp-json\/wp\/v2\/media?parent=235"}],"curies":[{"name":"wp","href":"https:\/\/api.w.org\/{rel}","templated":true}]}}