{"id":203,"date":"2023-07-23T00:04:16","date_gmt":"2023-07-22T22:04:16","guid":{"rendered":"https:\/\/wp.ull.es\/fpiem\/?page_id=203"},"modified":"2023-07-25T15:45:41","modified_gmt":"2023-07-25T14:45:41","slug":"numero-ix-2008","status":"publish","type":"page","link":"https:\/\/wp.ull.es\/fpiem\/numero-ix-2008\/","title":{"rendered":"N\u00famero IX &#8211; 2008"},"content":{"rendered":"\n<figure class=\"wp-block-image aligncenter size-full is-resized\"><img fetchpriority=\"high\" decoding=\"async\" src=\"https:\/\/wp.ull.es\/fpiem\/wp-content\/uploads\/sites\/158\/2023\/07\/vol09.jpg\" alt=\"\" class=\"wp-image-122\" width=\"316\" height=\"450\" srcset=\"https:\/\/wp.ull.es\/fpiem\/wp-content\/uploads\/sites\/158\/2023\/07\/vol09.jpg 421w, https:\/\/wp.ull.es\/fpiem\/wp-content\/uploads\/sites\/158\/2023\/07\/vol09-211x300.jpg 211w\" sizes=\"(max-width: 316px) 100vw, 316px\" \/><\/figure>\n\n\n\n<div class=\"wp-block-columns is-layout-flex wp-container-core-columns-is-layout-9d6595d7 wp-block-columns-is-layout-flex\">\n<div class=\"wp-block-column has-black-color has-text-color has-background is-layout-flow wp-block-column-is-layout-flow\" style=\"background-color:#0000004f;font-style:normal;font-weight:700\">\n<p class=\"has-text-align-center\"><strong><a href=\"https:\/\/wp.ull.es\/fpiem\/wp-content\/uploads\/sites\/158\/2023\/07\/09_0a-indice.pdf\" data-type=\"attachment\" data-id=\"193\">\u00cdndice<\/a><\/strong><\/p>\n<\/div>\n\n\n\n<div class=\"wp-block-column has-black-color has-text-color has-background is-layout-flow wp-block-column-is-layout-flow\" style=\"background-color:#0000004f;font-style:normal;font-weight:700\">\n<p class=\"has-text-align-center\"><strong><a href=\"https:\/\/wp.ull.es\/fpiem\/wp-content\/uploads\/sites\/158\/2023\/07\/09_0b-presentacion.pdf\" data-type=\"attachment\" data-id=\"194\">Presentaci\u00f3n<\/a><\/strong><\/p>\n<\/div>\n<\/div>\n\n\n\n<h2 class=\"wp-block-heading\"><em>Art\u00edculos:<\/em><\/h2>\n\n\n\n<p class=\"has-black-color has-text-color has-background\" style=\"background-color:#00000052;font-style:normal;font-weight:700\"><a href=\"https:\/\/wp.ull.es\/fpiem\/wp-content\/uploads\/sites\/158\/2023\/07\/09_01-antequera-espinel-el.pdf\" data-type=\"attachment\" data-id=\"195\">1. El mejor coche. <\/a>(Antequera, A. T.; Espinel, M\u00aa. C.)<\/p>\n\n\n\n<p class=\"has-black-color has-text-color has-background\" style=\"background-color:#00000052;font-style:normal;font-weight:700\"><a href=\"https:\/\/wp.ull.es\/fpiem\/wp-content\/uploads\/sites\/158\/2023\/07\/09_02-barrera-reyes-formulando.pdf\" data-type=\"attachment\" data-id=\"196\">2. Formulando conjeturas matem\u00e1ticas en actividades de aprendizaje, asistidas con tecnolog\u00eda.<\/a> (Barrera, F.; Reyes, A.)<\/p>\n\n\n\n<p class=\"has-black-color has-text-color has-background\" style=\"background-color:#00000052;font-style:normal;font-weight:700\"><a href=\"https:\/\/wp.ull.es\/fpiem\/wp-content\/uploads\/sites\/158\/2023\/07\/09_03-bruno-noda-conceptos.pdf\" data-type=\"attachment\" data-id=\"197\">3. Conceptos num\u00e9ricos en alumnado con S\u00edndrome de Down. Un estudio de casos.<\/a> (Bruno, A.; Noda, M\u00aa A.)<\/p>\n\n\n\n<p class=\"has-black-color has-text-color has-background\" style=\"background-color:#00000052;font-style:normal;font-weight:700\"><a href=\"https:\/\/wp.ull.es\/fpiem\/wp-content\/uploads\/sites\/158\/2023\/07\/09_04-espinel-bruno-una.pdf\" data-type=\"attachment\" data-id=\"198\">4. Una experiencia con gr\u00e1ficas estad\u00edsticas temporales en la formaci\u00f3n de profesores de primaria. <\/a>(Espinel, M\u00aa. C.; Bruno, A.)<\/p>\n\n\n\n<p class=\"has-black-color has-text-color has-background\" style=\"background-color:#00000052;font-style:normal;font-weight:700\"><a href=\"https:\/\/wp.ull.es\/fpiem\/wp-content\/uploads\/sites\/158\/2023\/07\/09_05-hernandez-morales-matematicas.pdf\" data-type=\"attachment\" data-id=\"199\">5. Matem\u00e1ticas y su did\u00e1ctica: Gu\u00eda docente (ECTS &#8211; EEES).<\/a> (Hern\u00e1ndez, V. M.; Morales, A.)<\/p>\n\n\n\n<p class=\"has-black-color has-text-color has-background\" style=\"background-color:#00000052;font-style:normal;font-weight:700\"><a href=\"https:\/\/wp.ull.es\/fpiem\/wp-content\/uploads\/sites\/158\/2023\/07\/09_06-hernandez-munoz-palarea-ruano-socas-materiales.pdf\" data-type=\"attachment\" data-id=\"200\">6. Materiales manipulativos para la ense\u00f1anza y aprendizaje del \u00e1lgebra en la educaci\u00f3n obligatoria.<\/a> (Hern\u00e1ndez, J.; Mu\u00f1oz, M\u00aa; Palarea, M\u00aa M.; Ruano, R.; Socas, M. M.)<\/p>\n\n\n\n<p class=\"has-black-color has-text-color has-background\" style=\"background-color:#00000052;font-style:normal;font-weight:700\"><a href=\"https:\/\/wp.ull.es\/fpiem\/wp-content\/uploads\/sites\/158\/2023\/07\/09_07-hernandez-socas-palarea-afonso-pensamiento.pdf\" data-type=\"attachment\" data-id=\"201\">7. El pensamiento operacional en la resoluci\u00f3n de problemas de matem\u00e1ticas. <\/a>(Hern\u00e1ndez, J.; Socas, M. M.; Palarea, M\u00aa M.; Afonso, M\u00aa C.)<\/p>\n\n\n\n<div class=\"wp-block-buttons is-layout-flex wp-block-buttons-is-layout-flex\">\n<div class=\"wp-block-button\"><a class=\"wp-block-button__link has-black-color has-luminous-vivid-amber-background-color has-text-color has-background wp-element-button\" href=\"https:\/\/wp.ull.es\/fpiem\/\"><strong>&lt;&lt;&lt; Volver al inicio<\/strong><\/a><\/div>\n<\/div>\n","protected":false},"excerpt":{"rendered":"<p>\u00cdndice Presentaci\u00f3n Art\u00edculos: 1. El mejor coche. (Antequera, A. T.; Espinel, M\u00aa. C.) 2. Formulando conjeturas matem\u00e1ticas en actividades de aprendizaje, asistidas con tecnolog\u00eda. (Barrera, F.; Reyes, A.) 3. Conceptos num\u00e9ricos en alumnado con S\u00edndrome de Down. Un estudio de &hellip;<\/p>\n<p class=\"read-more\"> <a class=\"more-link\" href=\"https:\/\/wp.ull.es\/fpiem\/numero-ix-2008\/\"> <span class=\"screen-reader-text\">N\u00famero IX &#8211; 2008<\/span> Leer m\u00e1s \u00bb<\/a><\/p>\n","protected":false},"author":394,"featured_media":0,"parent":0,"menu_order":0,"comment_status":"closed","ping_status":"closed","template":"","meta":{"footnotes":""},"class_list":["post-203","page","type-page","status-publish","hentry"],"_links":{"self":[{"href":"https:\/\/wp.ull.es\/fpiem\/wp-json\/wp\/v2\/pages\/203","targetHints":{"allow":["GET"]}}],"collection":[{"href":"https:\/\/wp.ull.es\/fpiem\/wp-json\/wp\/v2\/pages"}],"about":[{"href":"https:\/\/wp.ull.es\/fpiem\/wp-json\/wp\/v2\/types\/page"}],"author":[{"embeddable":true,"href":"https:\/\/wp.ull.es\/fpiem\/wp-json\/wp\/v2\/users\/394"}],"replies":[{"embeddable":true,"href":"https:\/\/wp.ull.es\/fpiem\/wp-json\/wp\/v2\/comments?post=203"}],"version-history":[{"count":2,"href":"https:\/\/wp.ull.es\/fpiem\/wp-json\/wp\/v2\/pages\/203\/revisions"}],"predecessor-version":[{"id":486,"href":"https:\/\/wp.ull.es\/fpiem\/wp-json\/wp\/v2\/pages\/203\/revisions\/486"}],"wp:attachment":[{"href":"https:\/\/wp.ull.es\/fpiem\/wp-json\/wp\/v2\/media?parent=203"}],"curies":[{"name":"wp","href":"https:\/\/api.w.org\/{rel}","templated":true}]}}