{"id":174,"date":"2023-07-22T23:24:16","date_gmt":"2023-07-22T21:24:16","guid":{"rendered":"https:\/\/wp.ull.es\/fpiem\/?page_id=174"},"modified":"2023-07-28T13:54:03","modified_gmt":"2023-07-28T12:54:03","slug":"numero-viii-2007","status":"publish","type":"page","link":"https:\/\/wp.ull.es\/fpiem\/numero-viii-2007\/","title":{"rendered":"N\u00famero VIII &#8211; 2007"},"content":{"rendered":"\n<figure class=\"wp-block-image aligncenter size-full is-resized\"><img fetchpriority=\"high\" decoding=\"async\" src=\"https:\/\/wp.ull.es\/fpiem\/wp-content\/uploads\/sites\/158\/2023\/07\/vol08.jpg\" alt=\"\" class=\"wp-image-121\" width=\"318\" height=\"450\" srcset=\"https:\/\/wp.ull.es\/fpiem\/wp-content\/uploads\/sites\/158\/2023\/07\/vol08.jpg 424w, https:\/\/wp.ull.es\/fpiem\/wp-content\/uploads\/sites\/158\/2023\/07\/vol08-212x300.jpg 212w\" sizes=\"(max-width: 318px) 100vw, 318px\" \/><\/figure>\n\n\n\n<div class=\"wp-block-columns is-layout-flex wp-container-core-columns-is-layout-9d6595d7 wp-block-columns-is-layout-flex\">\n<div class=\"wp-block-column has-black-color has-text-color has-background is-layout-flow wp-block-column-is-layout-flow\" style=\"background-color:#0000005e\">\n<p class=\"has-text-align-center\"><strong><a href=\"https:\/\/wp.ull.es\/fpiem\/wp-content\/uploads\/sites\/158\/2023\/07\/08_0a-indice.pdf\" data-type=\"attachment\" data-id=\"176\">\u00cdndice<\/a><\/strong><\/p>\n<\/div>\n\n\n\n<div class=\"wp-block-column has-black-color has-text-color has-background is-layout-flow wp-block-column-is-layout-flow\" style=\"background-color:#0000005e\">\n<p class=\"has-text-align-center\"><strong><a href=\"https:\/\/wp.ull.es\/fpiem\/wp-content\/uploads\/sites\/158\/2023\/07\/08_0b-presentacion.pdf\" data-type=\"attachment\" data-id=\"177\">Presentaci\u00f3n<\/a><\/strong><\/p>\n<\/div>\n<\/div>\n\n\n\n<h2 class=\"wp-block-heading\"><em>Art\u00edculos:<\/em><\/h2>\n\n\n\n<p class=\"has-black-color has-text-color has-background\" style=\"background-color:#00000061;font-style:normal;font-weight:700\"><a href=\"https:\/\/wp.ull.es\/fpiem\/2023\/07\/28\/08_01-cas-computer-algebra-systems-y-software-dinamico-en-la-resolucion-de-problemas-un-ejemplo-de-aplicacion\/\" data-type=\"post\" data-id=\"681\">1. CAS (Computer Algebra Systems) y Software Din\u00e1mico en la resoluci\u00f3n de problemas. Un ejemplo de aplicaci\u00f3n.<\/a> (Afonso, M\u00aa. C.; Camacho, M.)<\/p>\n\n\n\n<p class=\"has-black-color has-text-color has-background\" style=\"background-color:#00000061;font-style:normal;font-weight:700\"><a href=\"https:\/\/wp.ull.es\/fpiem\/2023\/07\/28\/08_02-investigaciones-sobre-matematicas-y-sindrome-de-down\/\" data-type=\"post\" data-id=\"684\">2. Investigaciones sobre Matem\u00e1ticas y S\u00edndrome de Down.<\/a> (Bruno, A.; Noda, A.)<\/p>\n\n\n\n<p class=\"has-black-color has-text-color has-background\" style=\"background-color:#00000061;font-style:normal;font-weight:700\"><a href=\"https:\/\/wp.ull.es\/fpiem\/2023\/07\/28\/08_03-actitud-hacia-las-matematicas-y-hacia-el-uso-del-ordenador-en-alumnos-de-educacion-primaria\/\" data-type=\"post\" data-id=\"686\">3. Actitud hacia las Matem\u00e1ticas y hacia el uso del ordenador en alumnos de Educaci\u00f3n Primaria. <\/a>(Cannone, G.; Hern\u00e1ndez, J.; Palarea, M\u00aa. M.; Socas, M. M.)<\/p>\n\n\n\n<p class=\"has-black-color has-text-color has-background\" style=\"background-color:#00000061;font-style:normal;font-weight:700\"><a href=\"https:\/\/wp.ull.es\/fpiem\/2023\/07\/28\/08_04-analisis-del-tratamiento-tratamiento-didactico-de-las-graficas-estadisticas-en-los-libros-de-texto-de-ensenanza-primaria\/\" data-type=\"post\" data-id=\"688\">4. An\u00e1lisis del tratamiento tratamiento did\u00e1ctico de las gr\u00e1ficas estad\u00edsticas en los libros de texto de ense\u00f1anza primaria.<\/a> (Carri\u00f3n, J. C.; Espinel, C.)<\/p>\n\n\n\n<p class=\"has-black-color has-text-color has-background\" style=\"background-color:#00000061;font-style:normal;font-weight:700\"><a href=\"https:\/\/wp.ull.es\/fpiem\/2023\/07\/28\/08_05-investigacion-e-innovacion-en-el-aula-de-matematicas-un-ejemplo-en-la-eso-con-alumnos-de-un-programa-de-diversificacion-curricular\/\" data-type=\"post\" data-id=\"690\">5. Investigaci\u00f3n e innovaci\u00f3n en el aula de matem\u00e1ticas. Un ejemplo en la ESO con alumnos de un programa de diversificaci\u00f3n curricular. <\/a>(Dom\u00ednguez, E.; Hern\u00e1ndez, J.; Mu\u00f1oz, M\u00aa.; Palarea, M\u00aa M.; Ruano, R.; Socas, M. M.) <\/p>\n\n\n\n<p class=\"has-black-color has-text-color has-background\" style=\"background-color:#00000061;font-style:normal;font-weight:700\"><a href=\"https:\/\/wp.ull.es\/fpiem\/2023\/07\/28\/08_06-el-lenguaje-sobre-la-inferencia-estadistica-en-los-libros-de-texto\/\" data-type=\"post\" data-id=\"692\">6. El lenguaje sobre la inferencia estad\u00edstica en los libros de texto.<\/a> (Garc\u00eda Alonso I.; Garc\u00eda Cruz, J. A.) <\/p>\n\n\n\n<p class=\"has-black-color has-text-color has-background\" style=\"background-color:#00000061;font-style:normal;font-weight:700\"><a href=\"https:\/\/wp.ull.es\/fpiem\/2023\/07\/28\/08_07-matematicas-y-su-didactica-on-line\/\" data-type=\"post\" data-id=\"694\">7. Matem\u00e1ticas y su Did\u00e1ctica on-line. <\/a>(Hern\u00e1ndez, V. M.; Morales, A.)<\/p>\n\n\n\n<p class=\"has-black-color has-text-color has-background\" style=\"background-color:#00000061;font-style:normal;font-weight:700\"><a href=\"https:\/\/wp.ull.es\/fpiem\/wp-content\/uploads\/sites\/158\/2023\/07\/08_08-martel-lugares.pdf\" data-type=\"attachment\" data-id=\"185\">8. Lugares geom\u00e9tricos pintorescos (3).<\/a> (Martel, J.)<\/p>\n\n\n\n<p class=\"has-black-color has-text-color has-background\" style=\"background-color:#00000061;font-style:normal;font-weight:700\"><a href=\"https:\/\/wp.ull.es\/fpiem\/2023\/07\/28\/08_09-breve-descripcion-de-la-situacion-de-las-tic-en-la-ulpgc-ano-2006\/\" data-type=\"post\" data-id=\"699\">9. Breve descripci\u00f3n de la situaci\u00f3n de las TIC en la ULPGC (a\u00f1o 2006). <\/a>(Morales, A.; Hern\u00e1ndez, V. M.)<\/p>\n\n\n\n<p class=\"has-black-color has-text-color has-background\" style=\"background-color:#00000061;font-style:normal;font-weight:700\"><a href=\"https:\/\/wp.ull.es\/fpiem\/2023\/07\/28\/08_10-dificultades-y-errores-en-el-uso-de-los-numeros-decimales\/\" data-type=\"post\" data-id=\"701\">10. Dificultades y errores en el uso de los n\u00fameros decimales.<\/a> (Moreno M\u00aa D.; Hern\u00e1ndez, V. M.; Socas M. M.)<\/p>\n\n\n\n<p class=\"has-black-color has-text-color has-background\" style=\"background-color:#00000061;font-style:normal;font-weight:700\"><a href=\"https:\/\/wp.ull.es\/fpiem\/2023\/07\/28\/08_11-evaluacion-de-las-inteligencias-logico-matematica-y-naturalista-en-la-teoria-de-las-inteligencias-multiples-estudio-de-casos\/\" data-type=\"post\" data-id=\"703\">11. Evaluaci\u00f3n de las Inteligencias L\u00f3gico-Matem\u00e1tica y Naturalista en la Teor\u00eda de las Inteligencias M\u00faltiples. Estudio de casos. <\/a>(Herrera, S.; Plasencia I.; Rodr\u00edguez, R.; Varela, C.)<\/p>\n\n\n\n<div class=\"wp-block-buttons is-layout-flex wp-block-buttons-is-layout-flex\">\n<div class=\"wp-block-button\"><a class=\"wp-block-button__link has-black-color has-luminous-vivid-amber-background-color has-text-color has-background wp-element-button\" href=\"https:\/\/wp.ull.es\/fpiem\/\"><strong>&lt;&lt;&lt; Volver al inicio<\/strong><\/a><\/div>\n<\/div>\n","protected":false},"excerpt":{"rendered":"<p>\u00cdndice Presentaci\u00f3n Art\u00edculos: 1. CAS (Computer Algebra Systems) y Software Din\u00e1mico en la resoluci\u00f3n de problemas. Un ejemplo de aplicaci\u00f3n. (Afonso, M\u00aa. C.; Camacho, M.) 2. Investigaciones sobre Matem\u00e1ticas y S\u00edndrome de Down. (Bruno, A.; Noda, A.) 3. Actitud hacia &hellip;<\/p>\n<p class=\"read-more\"> <a class=\"more-link\" href=\"https:\/\/wp.ull.es\/fpiem\/numero-viii-2007\/\"> <span class=\"screen-reader-text\">N\u00famero VIII &#8211; 2007<\/span> Leer m\u00e1s \u00bb<\/a><\/p>\n","protected":false},"author":394,"featured_media":0,"parent":0,"menu_order":0,"comment_status":"closed","ping_status":"closed","template":"","meta":{"footnotes":""},"class_list":["post-174","page","type-page","status-publish","hentry"],"_links":{"self":[{"href":"https:\/\/wp.ull.es\/fpiem\/wp-json\/wp\/v2\/pages\/174","targetHints":{"allow":["GET"]}}],"collection":[{"href":"https:\/\/wp.ull.es\/fpiem\/wp-json\/wp\/v2\/pages"}],"about":[{"href":"https:\/\/wp.ull.es\/fpiem\/wp-json\/wp\/v2\/types\/page"}],"author":[{"embeddable":true,"href":"https:\/\/wp.ull.es\/fpiem\/wp-json\/wp\/v2\/users\/394"}],"replies":[{"embeddable":true,"href":"https:\/\/wp.ull.es\/fpiem\/wp-json\/wp\/v2\/comments?post=174"}],"version-history":[{"count":1,"href":"https:\/\/wp.ull.es\/fpiem\/wp-json\/wp\/v2\/pages\/174\/revisions"}],"predecessor-version":[{"id":706,"href":"https:\/\/wp.ull.es\/fpiem\/wp-json\/wp\/v2\/pages\/174\/revisions\/706"}],"wp:attachment":[{"href":"https:\/\/wp.ull.es\/fpiem\/wp-json\/wp\/v2\/media?parent=174"}],"curies":[{"name":"wp","href":"https:\/\/api.w.org\/{rel}","templated":true}]}}