{"id":97,"date":"2021-07-13T10:53:09","date_gmt":"2021-07-13T10:53:09","guid":{"rendered":"https:\/\/wp.ull.es\/fjvargas\/?page_id=97"},"modified":"2021-09-28T12:48:14","modified_gmt":"2021-09-28T11:48:14","slug":"javier-del-castillo-personal","status":"publish","type":"page","link":"https:\/\/wp.ull.es\/fjvargas\/javier-del-castillo-personal\/","title":{"rendered":"Javier del Castillo"},"content":{"rendered":"\n<div class=\"wp-block-columns is-layout-flex wp-container-core-columns-is-layout-9d6595d7 wp-block-columns-is-layout-flex\">\n<div class=\"wp-block-column is-layout-flow wp-block-column-is-layout-flow\">\n<p>Profesor Titular de Universidad<br>Departamento F\u00edsica<br>\u00c1rea F\u00edsica Aplicada<br>Despacho 25, 4\u00aa Planta, Edif F\u00edsica-Matem\u00e1ticas<br>e-mail: <a href=\"mailto:fjvargas@ull.edu.es\">fjvargas@ull.edu.es<\/a><br>Tfno: +34 922318302 +34 922316502 (Ext 6204)<br><a href=\"https:\/\/drive.google.com\/file\/d\/1mQILhtvMzHyYYhQ7qrJSLnAy3xpbAT6O\/view?usp=sharing\" data-type=\"URL\" data-id=\"https:\/\/drive.google.com\/file\/d\/1mQILhtvMzHyYYhQ7qrJSLnAy3xpbAT6O\/view?usp=sharing\">Curriculum Vitae Normalizado (actualizado Septiembre 2021)<\/a><br><a href=\"https:\/\/scholar.google.es\/citations?hl=es&amp;user=EznyMiMAAAAJ&amp;view_op=list_works&amp;sortby=pubdate&amp;cstart=0&amp;pagesize=20\">Google Scholar<\/a><br><a href=\"https:\/\/portalciencia.ull.es\/investigadores\/80908\/detalle\">Perfil en Portal Ciencia ULL<\/a><\/p>\n\n\n\n<p><br><strong>Formaci\u00f3n Acad\u00e9mica:<\/strong><\/p>\n\n\n\n<p>Licenciado en F\u00edsica, ULL 2002<br>Doctor en F\u00edsica, ULL 2007<br>Ingeniero T\u00e9cnico Industrial, esp. Mec\u00e1nica, ULL 2009<\/p>\n<\/div>\n\n\n\n<div class=\"wp-block-column is-layout-flow wp-block-column-is-layout-flow\">\n<figure class=\"wp-block-gallery columns-1 is-cropped wp-block-gallery-1 is-layout-flex wp-block-gallery-is-layout-flex\"><ul class=\"blocks-gallery-grid\"><li class=\"blocks-gallery-item\"><figure><img decoding=\"async\" width=\"788\" height=\"983\" src=\"https:\/\/wp.ull.es\/fjvargas\/wp-content\/uploads\/sites\/100\/2021\/09\/Javier-2.jpeg\" alt=\"\" data-id=\"241\" data-full-url=\"https:\/\/wp.ull.es\/fjvargas\/wp-content\/uploads\/sites\/100\/2021\/09\/Javier-2.jpeg\" data-link=\"https:\/\/wp.ull.es\/fjvargas\/javier-del-castillo-personal\/javier-2\/\" class=\"wp-image-241\" srcset=\"https:\/\/wp.ull.es\/fjvargas\/wp-content\/uploads\/sites\/100\/2021\/09\/Javier-2.jpeg 788w, https:\/\/wp.ull.es\/fjvargas\/wp-content\/uploads\/sites\/100\/2021\/09\/Javier-2-240x300.jpeg 240w, https:\/\/wp.ull.es\/fjvargas\/wp-content\/uploads\/sites\/100\/2021\/09\/Javier-2-768x958.jpeg 768w\" sizes=\"(max-width: 788px) 100vw, 788px\" \/><\/figure><\/li><\/ul><\/figure>\n<\/div>\n<\/div>\n\n\n\n<p><\/p>\n\n\n\n<p><strong>Curr\u00edculum Profesional <\/strong><\/p>\n\n\n\n<p>Becario del SEGAI (Serv. An\u00e1lisis T\u00e9rmico) entre 2003-2006.<br>Contratado Tecn\u00f3logo por la Consejer\u00eda de Industria (Gobierno de Canarias) entre 2007-2008.<br>Profesor de secundaria y bachillerato en Centro Concertado entre 2010-2011.<br>Profesor Laboral por Interinidad por la Universidad de La Laguna, 2012<br>Profesor Ayudante Doctoc, desde diciembre de 2012 hasta diciembre de 2017<br>Profesor Contratado Doctor, desde diciembre de 2017 hasta diciembre de 2020<br>Profesor Titular de Universidad, desde diciembre de 2020 hasta la actualidad<br>Ha impartido las asignaturas: F\u00edsica I; T\u00e9cnicas Experimentales II y T\u00e9cnicas de Obtenci\u00f3n y Caracterizaci\u00f3n de Materiales (Grado en F\u00edsica), F\u00edsica II (Grado Ing. Elect. Industrial), F\u00edsica I (Grado Ing. Qu\u00edmica Industrial), Fundamentos F\u00edsicos para Ingenieros (Escuela de N\u00e1utica) y Laboratorio II Materiales Avanzados (M\u00e1ster en Astrof\u00edsica).<\/p>\n\n\n\n<p>Ha sido corresponsable del Servicio de An\u00e1lisis T\u00e9rmico del SEGAI de la Universidad de La Laguna entre 2014-2015 y es responsable del mismo desde octubre de 2018 hasta la actualidad.&nbsp;<br>Director de Secretariado en Vic. de Investigaci\u00f3n, desde Julio de 2015 hasta julio de 2019.<\/p>\n\n\n\n<p><strong>Curriculum Investigador<\/strong><\/p>\n\n\n\n<p>La investigaci\u00f3n desarrollada en los \u00faltimos a\u00f1os se ha centrado en la obtenci\u00f3n, caracterizaci\u00f3n estructural, y estudio espectrosc\u00f3pico de materiales nanoestructurados luminiscentes&nbsp; (nano-vitrocer\u00e1micos sol-gel y nanocristales solvotermales, dopados iones lant\u00e1nidos) para aplicaciones en dispositivos \u00f3pticos.<br>Autor de m\u00e1s de 50 art\u00edculos cient\u00edficos publicados en revistas de difusi\u00f3n internacional recogidas en el JCR, de los cuales, m\u00e1s de la mitad se encuentran en el primer cuartil. Ha participado en la presentaci\u00f3n de m\u00e1s de 50 trabajos en congresos internacionales.<br>Ha participado en 9 proyectos de investigaci\u00f3n (2 nacionales y 7 auton\u00f3micos) subvencionados a trav\u00e9s de convocatorias competitivas.<br>Tambi\u00e9n en este contexto es coautor de cuatro patentes cient\u00edficas.<br>Posee tres sexenios de investigaci\u00f3n (2003-2008, 2009-2014 y 2015-2020) <\/p>\n","protected":false},"excerpt":{"rendered":"<p>Profesor Titular de UniversidadDepartamento F\u00edsica\u00c1rea F\u00edsica AplicadaDespacho 25, 4\u00aa Planta, Edif F\u00edsica-Matem\u00e1ticase-mail: fjvargas@ull.edu.esTfno: +34 922318302 +34 922316502 (Ext 6204)Curriculum Vitae Normalizado (actualizado Septiembre 2021)Google ScholarPerfil en Portal Ciencia ULL Formaci\u00f3n Acad\u00e9mica: Licenciado en F\u00edsica, ULL 2002Doctor en F\u00edsica, ULL 2007Ingeniero T\u00e9cnico Industrial, esp. Mec\u00e1nica, ULL 2009 Curr\u00edculum Profesional Becario del SEGAI (Serv. An\u00e1lisis T\u00e9rmico) entre [&hellip;]<\/p>\n","protected":false},"author":254,"featured_media":0,"parent":0,"menu_order":0,"comment_status":"closed","ping_status":"closed","template":"","meta":{"ngg_post_thumbnail":0,"footnotes":""},"class_list":["post-97","page","type-page","status-publish","hentry"],"_links":{"self":[{"href":"https:\/\/wp.ull.es\/fjvargas\/wp-json\/wp\/v2\/pages\/97","targetHints":{"allow":["GET"]}}],"collection":[{"href":"https:\/\/wp.ull.es\/fjvargas\/wp-json\/wp\/v2\/pages"}],"about":[{"href":"https:\/\/wp.ull.es\/fjvargas\/wp-json\/wp\/v2\/types\/page"}],"author":[{"embeddable":true,"href":"https:\/\/wp.ull.es\/fjvargas\/wp-json\/wp\/v2\/users\/254"}],"replies":[{"embeddable":true,"href":"https:\/\/wp.ull.es\/fjvargas\/wp-json\/wp\/v2\/comments?post=97"}],"version-history":[{"count":2,"href":"https:\/\/wp.ull.es\/fjvargas\/wp-json\/wp\/v2\/pages\/97\/revisions"}],"predecessor-version":[{"id":262,"href":"https:\/\/wp.ull.es\/fjvargas\/wp-json\/wp\/v2\/pages\/97\/revisions\/262"}],"wp:attachment":[{"href":"https:\/\/wp.ull.es\/fjvargas\/wp-json\/wp\/v2\/media?parent=97"}],"curies":[{"name":"wp","href":"https:\/\/api.w.org\/{rel}","templated":true}]}}

<div class="wp-block-columns is-layout-flex wp-container-core-columns-is-layout-9d6595d7 wp-block-columns-is-layout-flex">
<div class="wp-block-column is-layout-flow wp-block-column-is-layout-flow">
<p>Profesor Titular de Universidad<br>Departamento Física<br>Área Física Aplicada<br>Despacho 25, 4ª Planta, Edif Física-Matemáticas<br>e-mail: <a href="mailto:fjvargas@ull.edu.es">fjvargas@ull.edu.es</a><br>Tfno: +34 922318302 +34 922316502 (Ext 6204)<br><a href="https://drive.google.com/file/d/1mQILhtvMzHyYYhQ7qrJSLnAy3xpbAT6O/view?usp=sharing" data-type="URL" data-id="https://drive.google.com/file/d/1mQILhtvMzHyYYhQ7qrJSLnAy3xpbAT6O/view?usp=sharing">Curriculum Vitae Normalizado (actualizado Septiembre 2021)</a><br><a href="https://scholar.google.es/citations?hl=es&amp;user=EznyMiMAAAAJ&amp;view_op=list_works&amp;sortby=pubdate&amp;cstart=0&amp;pagesize=20">Google Scholar</a><br><a href="https://portalciencia.ull.es/investigadores/80908/detalle">Perfil en Portal Ciencia ULL</a></p>



<p><br><strong>Formación Académica:</strong></p>



<p>Licenciado en Física, ULL 2002<br>Doctor en Física, ULL 2007<br>Ingeniero Técnico Industrial, esp. Mecánica, ULL 2009</p>
</div>



<div class="wp-block-column is-layout-flow wp-block-column-is-layout-flow">
<figure class="wp-block-gallery columns-1 is-cropped wp-block-gallery-1 is-layout-flex wp-block-gallery-is-layout-flex"><ul class="blocks-gallery-grid"><li class="blocks-gallery-item"><figure><img decoding="async" width="788" height="983" src="https://wp.ull.es/fjvargas/wp-content/uploads/sites/100/2021/09/Javier-2.jpeg" alt="" data-id="241" data-full-url="https://wp.ull.es/fjvargas/wp-content/uploads/sites/100/2021/09/Javier-2.jpeg" data-link="https://wp.ull.es/fjvargas/javier-del-castillo-personal/javier-2/" class="wp-image-241" srcset="https://wp.ull.es/fjvargas/wp-content/uploads/sites/100/2021/09/Javier-2.jpeg 788w, https://wp.ull.es/fjvargas/wp-content/uploads/sites/100/2021/09/Javier-2-240x300.jpeg 240w, https://wp.ull.es/fjvargas/wp-content/uploads/sites/100/2021/09/Javier-2-768x958.jpeg 768w" sizes="(max-width: 788px) 100vw, 788px" /></figure></li></ul></figure>
</div>
</div>



<p></p>



<p><strong>Currículum Profesional </strong></p>



<p>Becario del SEGAI (Serv. Análisis Térmico) entre 2003-2006.<br>Contratado Tecnólogo por la Consejería de Industria (Gobierno de Canarias) entre 2007-2008.<br>Profesor de secundaria y bachillerato en Centro Concertado entre 2010-2011.<br>Profesor Laboral por Interinidad por la Universidad de La Laguna, 2012<br>Profesor Ayudante Doctoc, desde diciembre de 2012 hasta diciembre de 2017<br>Profesor Contratado Doctor, desde diciembre de 2017 hasta diciembre de 2020<br>Profesor Titular de Universidad, desde diciembre de 2020 hasta la actualidad<br>Ha impartido las asignaturas: Física I; Técnicas Experimentales II y Técnicas de Obtención y Caracterización de Materiales (Grado en Física), Física II (Grado Ing. Elect. Industrial), Física I (Grado Ing. Química Industrial), Fundamentos Físicos para Ingenieros (Escuela de Náutica) y Laboratorio II Materiales Avanzados (Máster en Astrofísica).</p>



<p>Ha sido corresponsable del Servicio de Análisis Térmico del SEGAI de la Universidad de La Laguna entre 2014-2015 y es responsable del mismo desde octubre de 2018 hasta la actualidad.&nbsp;<br>Director de Secretariado en Vic. de Investigación, desde Julio de 2015 hasta julio de 2019.</p>



<p><strong>Curriculum Investigador</strong></p>



<p>La investigación desarrollada en los últimos años se ha centrado en la obtención, caracterización estructural, y estudio espectroscópico de materiales nanoestructurados luminiscentes&nbsp; (nano-vitrocerámicos sol-gel y nanocristales solvotermales, dopados iones lantánidos) para aplicaciones en dispositivos ópticos.<br>Autor de más de 50 artículos científicos publicados en revistas de difusión internacional recogidas en el JCR, de los cuales, más de la mitad se encuentran en el primer cuartil. Ha participado en la presentación de más de 50 trabajos en congresos internacionales.<br>Ha participado en 9 proyectos de investigación (2 nacionales y 7 autonómicos) subvencionados a través de convocatorias competitivas.<br>También en este contexto es coautor de cuatro patentes científicas.<br>Posee tres sexenios de investigación (2003-2008, 2009-2014 y 2015-2020) </p>

<p>Profesor Titular de UniversidadDepartamento FísicaÁrea Física AplicadaDespacho 25, 4ª Planta, Edif Física-Matemáticase-mail: fjvargas@ull.edu.esTfno: +34 922318302 +34 922316502 (Ext 6204)Curriculum Vitae Normalizado (actualizado Septiembre 2021)Google ScholarPerfil en Portal Ciencia ULL Formación Académica: Licenciado en Física, ULL 2002Doctor en Física, ULL 2007Ingeniero Técnico Industrial, esp. Mecánica, ULL 2009 Currículum Profesional Becario del SEGAI (Serv. Análisis Térmico) entre [&hellip;]</p>
