{"id":53,"date":"2021-07-13T09:16:23","date_gmt":"2021-07-13T09:16:23","guid":{"rendered":"https:\/\/wp.ull.es\/fjvargas\/?page_id=53"},"modified":"2021-09-28T12:54:49","modified_gmt":"2021-09-28T11:54:49","slug":"congresos","status":"publish","type":"page","link":"https:\/\/wp.ull.es\/fjvargas\/congresos\/","title":{"rendered":"Congresos"},"content":{"rendered":"\n<p><\/p>\n\n\n\n<p><strong>2021<\/strong><\/p>\n\n\n\n<p>Improving the performance of luminescent solar concentrators: squeezing the sun. Materials Challenges in Alternative &amp; Renewable Energy 2021 (MCARE 2021) (<strong>Invited Keynote<\/strong>)<\/p>\n\n\n\n<p>Colour tuneability in rare-earth doped sol-gel nano-glass-ceramics for anti-counterfeiting luminescent stamps: an encoded lightkey. Materials Challenges in Alternative &amp; Renewable Energy 2021 (MCARE 2021) (<strong>P\u00f3ster<\/strong>)<\/p>\n\n\n\n<p>Near-infrared driven photocatalysis for extending spectral response of water-splitting semiconductor electrodes: Up-conversion, what else? Materials Challenges in Alternative &amp; Renewable Energy 2021 (MCARE 2021) (<strong>Invited Keynote<\/strong>) <\/p>\n\n\n\n<p><\/p>\n\n\n\n<p><strong>2019<\/strong><\/p>\n\n\n\n<p>Core-Shell architecture to enhance RE-doped UC nanocrystals luminescence emissions for photocatalytic applications. PRE 2019 Niza, Francia (<strong>P\u00f3ster<\/strong>)<\/p>\n\n\n\n<p><strong>2018<\/strong><\/p>\n\n\n\n<p>Efficient energy transferin transparent nanostructured RE<sup>3+<\/sup> doped sol-gel SiO2-LaF<sub>3<\/sub> glass-ceramics.  8th International Conference on Optical, Optoelectronic and Photonic Materials and Applications. Maresias (Brasil) (<strong>Oral Presentation<\/strong>)<\/p>\n\n\n\n<p><strong>2017<\/strong><\/p>\n\n\n\n<p>Ultraviolet and visible up-conversion in SiO<sub>2<\/sub>-BaY<sub>0.78-x<\/sub>Yb<sub>0.2<\/sub>Tm<sub>0.02<\/sub>Gd<sub>x<\/sub>F<sub>5<\/sub> doped glass-ceramics under 980 nm excitation. SHIFT2017 Tenerife, Espa\u00f1a (<strong>P\u00f3ster<\/strong>)<\/p>\n\n\n\n<p>White light up-conversion in rare-earth doped BaYF<sub>5<\/sub> nanocrystals embedded in sol-gel silica glass. Sol-Gel Conference 2017 Lieja, B\u00e9lgica (<strong>P\u00f3ster<\/strong>)<\/p>\n\n\n\n<p>Intense UV and visible up-conversion luminescence from SiO<sub>2<\/sub>-BaGdF<sub>5<\/sub> glass-ceramics doped with Yb<sup>3+<\/sup>\/Er<sup>3+<\/sup>, Yb<sup>3+<\/sup>\/Tm <sup>3+<\/sup> or Yb<sup>3+<\/sup>\/Er<sup>3+<\/sup>\/Tm<sup>3+<\/sup> . Nanospain 2017 San Sebasti\u00e1n, Espa\u00f1a (<strong>P\u00f3ster<\/strong>)<\/p>\n\n\n\n<p><\/p>\n\n\n\n<p><\/p>\n\n\n\n<p><\/p>\n\n\n\n<p><\/p>\n","protected":false},"excerpt":{"rendered":"<p>2021 Improving the performance of luminescent solar concentrators: squeezing the sun. Materials Challenges in Alternative &amp; Renewable Energy 2021 (MCARE 2021) (Invited Keynote) Colour tuneability in rare-earth doped sol-gel nano-glass-ceramics for anti-counterfeiting luminescent stamps: an encoded lightkey. Materials Challenges in Alternative &amp; Renewable Energy 2021 (MCARE 2021) (P\u00f3ster) Near-infrared driven photocatalysis for extending spectral response [&hellip;]<\/p>\n","protected":false},"author":254,"featured_media":0,"parent":0,"menu_order":0,"comment_status":"closed","ping_status":"closed","template":"","meta":{"ngg_post_thumbnail":0,"footnotes":""},"class_list":["post-53","page","type-page","status-publish","hentry"],"_links":{"self":[{"href":"https:\/\/wp.ull.es\/fjvargas\/wp-json\/wp\/v2\/pages\/53","targetHints":{"allow":["GET"]}}],"collection":[{"href":"https:\/\/wp.ull.es\/fjvargas\/wp-json\/wp\/v2\/pages"}],"about":[{"href":"https:\/\/wp.ull.es\/fjvargas\/wp-json\/wp\/v2\/types\/page"}],"author":[{"embeddable":true,"href":"https:\/\/wp.ull.es\/fjvargas\/wp-json\/wp\/v2\/users\/254"}],"replies":[{"embeddable":true,"href":"https:\/\/wp.ull.es\/fjvargas\/wp-json\/wp\/v2\/comments?post=53"}],"version-history":[{"count":1,"href":"https:\/\/wp.ull.es\/fjvargas\/wp-json\/wp\/v2\/pages\/53\/revisions"}],"predecessor-version":[{"id":268,"href":"https:\/\/wp.ull.es\/fjvargas\/wp-json\/wp\/v2\/pages\/53\/revisions\/268"}],"wp:attachment":[{"href":"https:\/\/wp.ull.es\/fjvargas\/wp-json\/wp\/v2\/media?parent=53"}],"curies":[{"name":"wp","href":"https:\/\/api.w.org\/{rel}","templated":true}]}}

<p></p>



<p><strong>2021</strong></p>



<p>Improving the performance of luminescent solar concentrators: squeezing the sun. Materials Challenges in Alternative &amp; Renewable Energy 2021 (MCARE 2021) (<strong>Invited Keynote</strong>)</p>



<p>Colour tuneability in rare-earth doped sol-gel nano-glass-ceramics for anti-counterfeiting luminescent stamps: an encoded lightkey. Materials Challenges in Alternative &amp; Renewable Energy 2021 (MCARE 2021) (<strong>Póster</strong>)</p>



<p>Near-infrared driven photocatalysis for extending spectral response of water-splitting semiconductor electrodes: Up-conversion, what else? Materials Challenges in Alternative &amp; Renewable Energy 2021 (MCARE 2021) (<strong>Invited Keynote</strong>) </p>



<p></p>



<p><strong>2019</strong></p>



<p>Core-Shell architecture to enhance RE-doped UC nanocrystals luminescence emissions for photocatalytic applications. PRE 2019 Niza, Francia (<strong>Póster</strong>)</p>



<p><strong>2018</strong></p>



<p>Efficient energy transferin transparent nanostructured RE<sup>3+</sup> doped sol-gel SiO2-LaF<sub>3</sub> glass-ceramics.  8th International Conference on Optical, Optoelectronic and Photonic Materials and Applications. Maresias (Brasil) (<strong>Oral Presentation</strong>)</p>



<p><strong>2017</strong></p>



<p>Ultraviolet and visible up-conversion in SiO<sub>2</sub>-BaY<sub>0.78-x</sub>Yb<sub>0.2</sub>Tm<sub>0.02</sub>Gd<sub>x</sub>F<sub>5</sub> doped glass-ceramics under 980 nm excitation. SHIFT2017 Tenerife, España (<strong>Póster</strong>)</p>



<p>White light up-conversion in rare-earth doped BaYF<sub>5</sub> nanocrystals embedded in sol-gel silica glass. Sol-Gel Conference 2017 Lieja, Bélgica (<strong>Póster</strong>)</p>



<p>Intense UV and visible up-conversion luminescence from SiO<sub>2</sub>-BaGdF<sub>5</sub> glass-ceramics doped with Yb<sup>3+</sup>/Er<sup>3+</sup>, Yb<sup>3+</sup>/Tm <sup>3+</sup> or Yb<sup>3+</sup>/Er<sup>3+</sup>/Tm<sup>3+</sup> . Nanospain 2017 San Sebastián, España (<strong>Póster</strong>)</p>



<p></p>



<p></p>



<p></p>



<p></p>

<p>2021 Improving the performance of luminescent solar concentrators: squeezing the sun. Materials Challenges in Alternative &amp; Renewable Energy 2021 (MCARE 2021) (Invited Keynote) Colour tuneability in rare-earth doped sol-gel nano-glass-ceramics for anti-counterfeiting luminescent stamps: an encoded lightkey. Materials Challenges in Alternative &amp; Renewable Energy 2021 (MCARE 2021) (Póster) Near-infrared driven photocatalysis for extending spectral response [&hellip;]</p>
