{"id":22,"date":"2018-10-01T11:23:31","date_gmt":"2018-10-01T11:23:31","guid":{"rendered":"https:\/\/wp.ull.es\/dibaf\/?page_id=22"},"modified":"2022-11-21T13:21:06","modified_gmt":"2022-11-21T13:21:06","slug":"quienes-somos","status":"publish","type":"page","link":"https:\/\/wp.ull.es\/dibaf\/quienes-somos\/","title":{"rendered":"DI-Home"},"content":{"rendered":"\n<p class=\"has-text-align-right\">We welcome you to our educational outreach blog, a learning experience developed by  students of the degrees of Accounting and Finance, Business Administration and Computer Engineering of the University of La Laguna.<\/p>\n\n\n\n<p class=\"has-text-align-right\"> The blog was born in 2018 at the Faculty of Economics, Business and Tourism, as a continuation of the ULL educational innovation project &#8216;Working in Banking and Finance (WIBAF)&#8217;, developed in the subject of Banking Management since 2014 by Judit Mendoza Aguilar. The Higher School of Engineering and Technology is incorporated from the 2020\/21 academic year.  <\/p>\n\n\n\n<p class=\"has-text-align-right\">Different professors (with their academic subjects) have participated throughout these years. The teaching team has been made up of:<\/p>\n\n\n\n<p class=\"has-text-align-right\"> \n&#8211; Lilibeth Fuentes Medina (Auditing I) <br>\n&#8211; Sandra Morini Marrero (International Finances) <br>\n&#8211; M\u00aa del Carmen Hern\u00e1ndez Garc\u00eda (Financial Accounting Basics)<br>\n&#8211; Mar\u00eda Gracia Rodr\u00edguez Brito (Economy)<br>\n&#8211; Judit Mendoza Aguilar (Banking management) <br>\n<em>Economics, Accounting and Finance Department<\/em><br>\n&#8211; Fabi\u00e1n Or\u00e1n Llarena (Business English)<br>\n<em>English Filology Department<\/em><br>\n&#8211; Jos\u00e9 Luis Roda Garc\u00eda (Rules and Regulations)<br>\n&#8211; Julio A. Brito Santana (Knowledge management in organizations)<br>\n<em>Computer and System Engineering Department<\/em><\/p>\n\n\n\n<p class=\"has-text-align-right\">DIBAF is a result of the following ULL educational innovation projects, designed and directed by Judit Mendoza Aguilar:<\/p>\n\n\n\n<ul class=\"wp-block-list\"><li><em>Collaborative teaching strategies for the dissemination of Web 2.0 learning<\/em>, during the 2018\/19 and 2019\/20 academic years<\/li><li><em>Disseminating learning with transversal strategies<\/em>, during the 2020\/21 (DIBAF) and 2021\/22 (DIBATEC) academic years<\/li><\/ul>\n\n\n\n<figure class=\"wp-block-image\"><img decoding=\"async\" width=\"1024\" height=\"247\" src=\"https:\/\/wp.ull.es\/dibaf\/wp-content\/uploads\/sites\/46\/2018\/11\/prueba-4.jpg\" alt=\"\" class=\"wp-image-71\" srcset=\"https:\/\/wp.ull.es\/dibaf\/wp-content\/uploads\/sites\/46\/2018\/11\/prueba-4.jpg 1024w, https:\/\/wp.ull.es\/dibaf\/wp-content\/uploads\/sites\/46\/2018\/11\/prueba-4-300x72.jpg 300w, https:\/\/wp.ull.es\/dibaf\/wp-content\/uploads\/sites\/46\/2018\/11\/prueba-4-768x185.jpg 768w\" sizes=\"(max-width: 767px) 89vw, (max-width: 1000px) 54vw, (max-width: 1071px) 543px, 580px\" \/><\/figure>\n\n\n\n<p>Te damos la bienvenida a nuestro blog de divulgaci\u00f3n educativa, una experiencia colaborativa desarrollada por estudiantes de los grados de Contabilidad y Finanzas, ADE e Ingenier\u00eda Inform\u00e1tica de la Universidad de La Laguna. <\/p>\n\n\n\n<p>El blog nace en 2018 en la Facultad de Econom\u00eda, Empresa y Turismo, como continuaci\u00f3n del proyecto de innovaci\u00f3n educativa de la ULL <em>&#8216;Working in Banking and Finance<\/em> <em>(WIBAF)<\/em>&#8216;, desarrollado en la asignatura de Gesti\u00f3n Bancaria desde 2014 por Judit Mendoza Aguilar. La Escuela Superior de Ingenier\u00eda y Tecnolog\u00eda se une a partir del curso acad\u00e9mico 2020\/21.<\/p>\n\n\n\n<p>A lo largo de estos a\u00f1os han participado diferentes profesores (con sus materias acad\u00e9micas). El equipo docente de DIBAF ha estado formado por:<\/p>\n\n\n\n<p>&#8211; Sandra Morini Marrero (Finanzas Internacionales)<br>&#8211; Lilibeth Fuentes Medina (Auditor\u00eda I)<br>&#8211; M\u00aa del Carmen Hdez. Garc\u00eda (Fdtos. de Contabilidad Financiera)<br>&#8211; M\u00aa Gracia Rodr\u00edguez Brito (Econom\u00eda)<br> &#8211; Judit Mendoza Aguilar (Gesti\u00f3n Bancaria)<br><em>Dpto. de Econom\u00eda, Contabilidad y Finanzas<\/em><br>&#8211; Fabi\u00e1n Or\u00e1n Llarena (Ingl\u00e9s Empresarial)<br><em>Dpto. de Filolog\u00eda Inglesa<\/em><br>&#8211; Jos\u00e9 Luis Roda Garc\u00eda (Normativa y Regulaci\u00f3n)<br>&#8211; Julio A. Brito Santana (Gesti\u00f3n del conocimiento en las organizaciones)<br><em>Dpto. de Ingenier\u00eda Inform\u00e1tica y de Sistemas<\/em><br>   <\/p>\n\n\n\n<p>Este blog es parte de los resultados de los siguientes proyectos de innovaci\u00f3n educativa de la ULL, dise\u00f1ados y dirigidos por Judit Mendoza Aguilar:<\/p>\n\n\n\n<ul class=\"wp-block-list\"><li><em>Estrategias docentes colaborativas para la divulgaci\u00f3n del aprendizaje en la Web 2.0.<\/em>,  cursos acad\u00e9micos 2018\/19 y 2019\/20<\/li><li><em>Divulgando el aprendizaje con estrategias transversales, <\/em>cursos acad\u00e9micos 2020\/21 (<em>DIBAF<\/em>) y 2021\/22 (<em>DIBATEC<\/em>)<\/li><\/ul>\n\n\n\n<figure class=\"wp-block-image is-resized\"><img decoding=\"async\" src=\"https:\/\/wp.ull.es\/dibaf\/wp-content\/uploads\/sites\/46\/2018\/12\/Logo-dpto.png\" alt=\"\" class=\"wp-image-95\" width=\"240\" height=\"82\" srcset=\"https:\/\/wp.ull.es\/dibaf\/wp-content\/uploads\/sites\/46\/2018\/12\/Logo-dpto.png 958w, https:\/\/wp.ull.es\/dibaf\/wp-content\/uploads\/sites\/46\/2018\/12\/Logo-dpto-300x103.png 300w, https:\/\/wp.ull.es\/dibaf\/wp-content\/uploads\/sites\/46\/2018\/12\/Logo-dpto-768x263.png 768w\" sizes=\"(max-width: 240px) 100vw, 240px\" \/><\/figure>\n","protected":false},"excerpt":{"rendered":"<p>We welcome you to our educational outreach blog, a learning experience developed by students of the degrees of Accounting and Finance, Business Administration and Computer Engineering of the University of La Laguna. The blog was born in 2018 at the Faculty of Economics, Business and Tourism, as a continuation of the ULL educational innovation project &hellip; <\/p>\n<p class=\"link-more\"><a href=\"https:\/\/wp.ull.es\/dibaf\/quienes-somos\/\" class=\"more-link\">Continuar leyendo<span class=\"screen-reader-text\"> \u00abDI-Home\u00bb<\/span><\/a><\/p>\n","protected":false},"author":52,"featured_media":0,"parent":0,"menu_order":0,"comment_status":"closed","ping_status":"closed","template":"","meta":{"ngg_post_thumbnail":0,"footnotes":""},"class_list":["post-22","page","type-page","status-publish","hentry"],"_links":{"self":[{"href":"https:\/\/wp.ull.es\/dibaf\/wp-json\/wp\/v2\/pages\/22","targetHints":{"allow":["GET"]}}],"collection":[{"href":"https:\/\/wp.ull.es\/dibaf\/wp-json\/wp\/v2\/pages"}],"about":[{"href":"https:\/\/wp.ull.es\/dibaf\/wp-json\/wp\/v2\/types\/page"}],"author":[{"embeddable":true,"href":"https:\/\/wp.ull.es\/dibaf\/wp-json\/wp\/v2\/users\/52"}],"replies":[{"embeddable":true,"href":"https:\/\/wp.ull.es\/dibaf\/wp-json\/wp\/v2\/comments?post=22"}],"version-history":[{"count":2,"href":"https:\/\/wp.ull.es\/dibaf\/wp-json\/wp\/v2\/pages\/22\/revisions"}],"predecessor-version":[{"id":1720,"href":"https:\/\/wp.ull.es\/dibaf\/wp-json\/wp\/v2\/pages\/22\/revisions\/1720"}],"wp:attachment":[{"href":"https:\/\/wp.ull.es\/dibaf\/wp-json\/wp\/v2\/media?parent=22"}],"curies":[{"name":"wp","href":"https:\/\/api.w.org\/{rel}","templated":true}]}}