{"id":427,"date":"2022-02-14T20:02:37","date_gmt":"2022-02-14T20:02:37","guid":{"rendered":"https:\/\/conestbiol.wordpress.com\/?page_id=13"},"modified":"2026-02-09T14:56:55","modified_gmt":"2026-02-09T14:56:55","slug":"xi-congreso-de-estudiantes-de-biologia-2023","status":"publish","type":"page","link":"https:\/\/wp.ull.es\/coesbiol\/?page_id=427","title":{"rendered":"\u00bfQui\u00e9nes somos?"},"content":{"rendered":"\n<h2 class=\"wp-block-heading has-text-align-center has-black-color has-text-color has-link-color wp-elements-f21cae41bf34730309fb6f68bb4a7cfb\" style=\"font-size:30px;font-style:normal\"><strong>XIV Congreso de Estudiantes de Biolog\u00eda <\/strong><\/h2>\n\n\n\n<section class=\"wp-block-group alignfull has-white-background-color has-text-color has-background\" style=\"color:#000000\"><div class=\"wp-block-group__inner-container is-layout-flow wp-block-group-is-layout-flow\">\n<ul class=\"wp-block-list\">\n<li style=\"font-size:16px\">Siguiendo con la<strong> misma trayectoria desde el a\u00f1o 2011,<\/strong> la Secci\u00f3n de Biolog\u00eda de la Universidad de La Laguna organiza el<strong> Congreso de Estudiantes de Biolog\u00eda<\/strong> en el que estudiantes de distintos grados y M\u00e1steres, principalmente alumnado del grado de Biolog\u00eda, presentan trabajos originales de investigaci\u00f3n relacionados con la Biolog\u00eda en formato <strong>p\u00f3steres o presentaciones orales<\/strong>. <\/li>\n<\/ul>\n\n\n\n<ul class=\"wp-block-list\">\n<li style=\"font-size:16px\">Este a\u00f1o, la <strong>XIV Edici\u00f3n del Congreso <\/strong>se celebrar\u00e1 de forma presencial en la Facultad de Ciencias, en el Aula 1 del edificio de la Secci\u00f3n de Biolog\u00eda, los d\u00edas <strong>29 y 30 de abril de 2026<\/strong>.<\/li>\n<\/ul>\n\n\n\n<ul class=\"wp-block-list\">\n<li style=\"font-size:16px\">En el acto de clausura del Congreso, el Comit\u00e9 Cient\u00edfico har\u00e1 <strong>entrega de los premios a las mejores ponencias y p\u00f3steres<\/strong>.<\/li>\n<\/ul>\n\n\n\n<ul class=\"wp-block-list\">\n<li>Este a\u00f1o, al igual que en ediciones anteriores, tambi\u00e9n contaremos con <strong>investigadores de prestigio que impartir\u00e1n una charla cada d\u00eda<\/strong>. <\/li>\n<\/ul>\n\n\n\n<p class=\"has-text-align-center has-black-color has-text-color\" style=\"font-size:16px\">\u00a1<strong>Te esperamos, participando como ponente o como asistente<\/strong>!<\/p>\n<\/div><\/section>\n\n\n\n<hr class=\"wp-block-separator has-css-opacity\" \/>\n","protected":false},"excerpt":{"rendered":"<p>XIV Congreso de Estudiantes de Biolog\u00eda \u00a1Te esperamos, participando como ponente o como asistente!<\/p>\n","protected":false},"author":237,"featured_media":0,"parent":0,"menu_order":1,"comment_status":"closed","ping_status":"closed","template":"","meta":{"kk_blocks_editor_width":"","_kiokenblocks_attr":"","_kiokenblocks_dimensions":"","ngg_post_thumbnail":0,"footnotes":""},"class_list":["post-427","page","type-page","status-publish","hentry"],"_links":{"self":[{"href":"https:\/\/wp.ull.es\/coesbiol\/index.php?rest_route=\/wp\/v2\/pages\/427","targetHints":{"allow":["GET"]}}],"collection":[{"href":"https:\/\/wp.ull.es\/coesbiol\/index.php?rest_route=\/wp\/v2\/pages"}],"about":[{"href":"https:\/\/wp.ull.es\/coesbiol\/index.php?rest_route=\/wp\/v2\/types\/page"}],"author":[{"embeddable":true,"href":"https:\/\/wp.ull.es\/coesbiol\/index.php?rest_route=\/wp\/v2\/users\/237"}],"replies":[{"embeddable":true,"href":"https:\/\/wp.ull.es\/coesbiol\/index.php?rest_route=%2Fwp%2Fv2%2Fcomments&post=427"}],"version-history":[{"count":2,"href":"https:\/\/wp.ull.es\/coesbiol\/index.php?rest_route=\/wp\/v2\/pages\/427\/revisions"}],"predecessor-version":[{"id":3245,"href":"https:\/\/wp.ull.es\/coesbiol\/index.php?rest_route=\/wp\/v2\/pages\/427\/revisions\/3245"}],"wp:attachment":[{"href":"https:\/\/wp.ull.es\/coesbiol\/index.php?rest_route=%2Fwp%2Fv2%2Fmedia&parent=427"}],"curies":[{"name":"wp","href":"https:\/\/api.w.org\/{rel}","templated":true}]}}