{"id":3080,"date":"2025-11-26T19:51:01","date_gmt":"2025-11-26T19:51:01","guid":{"rendered":"https:\/\/wp.ull.es\/coesbiol\/?page_id=3080"},"modified":"2026-02-27T09:46:39","modified_gmt":"2026-02-27T09:46:39","slug":"participacion-ceb-xiv","status":"publish","type":"page","link":"https:\/\/wp.ull.es\/coesbiol\/?page_id=3080","title":{"rendered":"XIV Participaci\u00f3n"},"content":{"rendered":"\n<p>\u00a1Participa!<\/p>\n\n\n\n<p><strong>2 de marzo<\/strong>: L\u00edmite para la presentaci\u00f3n de res\u00famenes. Has de tener en cuenta que tu ponencia podr\u00eda no ser aceptada. Esto depender\u00e1 del criterio del selecci\u00f3n y de la cantidad de participantes.<\/p>\n\n\n\n<p><strong>26 de marzo<\/strong>: selecci\u00f3n y publicaci\u00f3n de las comunicaciones aceptadas para el Congreso.<\/p>\n\n\n\n<p><strong>22 de abril<\/strong>: l\u00edmite para enviar los archivos PDF de las comunicaciones en formato p\u00f3ster y  para enviar los archivos de las comunicaciones orales en formato PDF o PowerPoint.<\/p>\n\n\n\n<p><strong>24 de abril<\/strong>: l\u00edmite para enviar las fotograf\u00edas del concurso fotogr\u00e1fico.<\/p>\n\n\n\n<p>Aqu\u00ed te dejamos los pasos necesarios para entregar correctamente tus propuestas y, si son aceptadas, tus ponencias.<\/p>\n\n\n\n<div class=\"wp-block-buttons is-content-justification-center is-layout-flex wp-container-core-buttons-is-layout-16018d1d wp-block-buttons-is-layout-flex\">\n<div class=\"wp-block-button\"><a class=\"wp-block-button__link wp-element-button\" href=\"https:\/\/drive.google.com\/file\/d\/1ub2t38UF3CRCYLow1OGc9P60LGMu2wJh\/view?usp=sharing\">\u00bfC\u00f3mo participo?<\/a><\/div>\n<\/div>\n\n\n\n<div class=\"wp-block-buttons is-content-justification-center is-layout-flex wp-container-core-buttons-is-layout-16018d1d wp-block-buttons-is-layout-flex\">\n<div class=\"wp-block-button\"><a class=\"wp-block-button__link wp-element-button\" href=\"https:\/\/drive.google.com\/file\/d\/1DIDScJ_XbT5MXAcxRxXFPv1T592hgC98\/view?usp=sharing\">\u00bfC\u00f3mo entrego mi resumen?<\/a><\/div>\n<\/div>\n\n\n\n<p><\/p>\n\n\n\n<p><\/p>\n","protected":false},"excerpt":{"rendered":"<p>\u00a1Participa! 2 de marzo: L\u00edmite para la presentaci\u00f3n de res\u00famenes. Has de tener en cuenta que tu ponencia podr\u00eda no ser aceptada. Esto depender\u00e1 del criterio del selecci\u00f3n y de la cantidad de participantes. 26 de marzo: selecci\u00f3n y publicaci\u00f3n de las comunicaciones aceptadas para el Congreso. 22 de abril: l\u00edmite para enviar los archivos &hellip; <\/p>\n<p class=\"link-more\"><a href=\"https:\/\/wp.ull.es\/coesbiol\/?page_id=3080\" class=\"more-link\">Continuar leyendo<span class=\"screen-reader-text\"> \u00abXIV Participaci\u00f3n\u00bb<\/span><\/a><\/p>\n","protected":false},"author":237,"featured_media":0,"parent":0,"menu_order":0,"comment_status":"closed","ping_status":"closed","template":"","meta":{"kk_blocks_editor_width":"","_kiokenblocks_attr":"","_kiokenblocks_dimensions":"","ngg_post_thumbnail":0,"footnotes":""},"class_list":["post-3080","page","type-page","status-publish","hentry"],"_links":{"self":[{"href":"https:\/\/wp.ull.es\/coesbiol\/index.php?rest_route=\/wp\/v2\/pages\/3080","targetHints":{"allow":["GET"]}}],"collection":[{"href":"https:\/\/wp.ull.es\/coesbiol\/index.php?rest_route=\/wp\/v2\/pages"}],"about":[{"href":"https:\/\/wp.ull.es\/coesbiol\/index.php?rest_route=\/wp\/v2\/types\/page"}],"author":[{"embeddable":true,"href":"https:\/\/wp.ull.es\/coesbiol\/index.php?rest_route=\/wp\/v2\/users\/237"}],"replies":[{"embeddable":true,"href":"https:\/\/wp.ull.es\/coesbiol\/index.php?rest_route=%2Fwp%2Fv2%2Fcomments&post=3080"}],"version-history":[{"count":2,"href":"https:\/\/wp.ull.es\/coesbiol\/index.php?rest_route=\/wp\/v2\/pages\/3080\/revisions"}],"predecessor-version":[{"id":3246,"href":"https:\/\/wp.ull.es\/coesbiol\/index.php?rest_route=\/wp\/v2\/pages\/3080\/revisions\/3246"}],"wp:attachment":[{"href":"https:\/\/wp.ull.es\/coesbiol\/index.php?rest_route=%2Fwp%2Fv2%2Fmedia&parent=3080"}],"curies":[{"name":"wp","href":"https:\/\/api.w.org\/{rel}","templated":true}]}}