{"id":2650,"date":"2024-02-15T15:27:30","date_gmt":"2024-02-15T15:27:30","guid":{"rendered":"https:\/\/wp.ull.es\/coesbiol\/?page_id=2650"},"modified":"2025-11-27T21:45:45","modified_gmt":"2025-11-27T21:45:45","slug":"organizadorxii","status":"publish","type":"page","link":"https:\/\/wp.ull.es\/coesbiol\/?page_id=2650","title":{"rendered":"XIII Comit\u00e9 Organizador"},"content":{"rendered":"\n<p class=\"has-text-align-center has-large-font-size has-black-color has-text-color has-link-color wp-elements-380cb224a475865ce000e2d6128a58f3\"><strong>Comit\u00e9 Organizador XIII Edici\u00f3n<\/strong><\/p>\n\n\n\n<p class=\"has-text-align-center\"><mark class=\"has-inline-color has-vivid-red-color\">Estamos trabajando en actualizar la informaci\u00f3n para adaptarla a la presente edici\u00f3n <\/mark><\/p>\n\n\n\n<p><\/p>\n\n\n\n<p class=\"has-black-color has-text-color has-link-color wp-elements-67fbc23ff48f926b0a8289c9d853ea98\" style=\"font-size:16px\">Conoce a las\/los encargados\/as de que este evento sea el mejor posible:<\/p>\n\n\n\n<div class=\"wp-block-columns is-layout-flex wp-container-core-columns-is-layout-9d6595d7 wp-block-columns-is-layout-flex\">\n<div class=\"wp-block-column is-layout-flow wp-block-column-is-layout-flow\">\n<p class=\"has-text-align-left has-black-color has-text-color has-link-color wp-elements-9930ebc437db62f524e6f6d379f448db\" style=\"font-size:16px\"><strong>Profesores<\/strong><\/p>\n\n\n\n<ul class=\"wp-block-list\">\n<li style=\"font-size:16px\">Mar\u00eda de Carmen Alfayate Casa\u00f1as <\/li>\n\n\n\n<li>Ricardo Guillermo \u00c1lvarez<\/li>\n\n\n\n<li>Guido Santos Rosales<\/li>\n<\/ul>\n<\/div>\n\n\n\n<div class=\"wp-block-column is-layout-flow wp-block-column-is-layout-flow\">\n<p class=\"has-text-align-left has-black-color has-text-color has-link-color wp-elements-4676bc538ff374d5c0eacd023264df65\" style=\"font-size:16px\"><strong>Estudiantes<\/strong><\/p>\n\n\n\n<ul class=\"wp-block-list\">\n<li>Carla Weitkamp Garc\u00eda<\/li>\n\n\n\n<li>Gabriela \u00c1lvarez Su\u00e1rez<\/li>\n\n\n\n<li>Kendra Borges Afonso<\/li>\n\n\n\n<li>Maritxu Merino Nogueras<\/li>\n\n\n\n<li>Carla Almeida Mach\u00edn<\/li>\n\n\n\n<li>Zeus Barbuzano Le\u00f3n<\/li>\n\n\n\n<li>Marcos Santiago Concepci\u00f3n P\u00e9rez<\/li>\n\n\n\n<li>Sabrina Garritano Leccese<\/li>\n\n\n\n<li>Fabi\u00e1n Hern\u00e1ndez Couros<\/li>\n\n\n\n<li>Irene Hern\u00e1ndez D\u00edaz<\/li>\n\n\n\n<li style=\"font-size:16px\">Alba Shui Mayoral Hern\u00e1ndez <\/li>\n\n\n\n<li style=\"font-size:16px\">N\u00e9stor Negr\u00edn Arteaga<\/li>\n\n\n\n<li>Laura Nicole Ram\u00edrez Vallejo<\/li>\n\n\n\n<li>Orestes Ramos \u00c1lvarez<\/li>\n\n\n\n<li>Joel Rodr\u00edguez Garc\u00eda<\/li>\n\n\n\n<li>Sara Salma Stalder Abid<\/li>\n\n\n\n<li>Marcos Valma\u00f1a Formell<\/li>\n<\/ul>\n<\/div>\n<\/div>\n","protected":false},"excerpt":{"rendered":"<p>Comit\u00e9 Organizador XIII Edici\u00f3n Estamos trabajando en actualizar la informaci\u00f3n para adaptarla a la presente edici\u00f3n Conoce a las\/los encargados\/as de que este evento sea el mejor posible: Profesores Estudiantes<\/p>\n","protected":false},"author":237,"featured_media":0,"parent":0,"menu_order":0,"comment_status":"closed","ping_status":"closed","template":"","meta":{"kk_blocks_editor_width":"","_kiokenblocks_attr":"","_kiokenblocks_dimensions":"","ngg_post_thumbnail":0,"footnotes":""},"class_list":["post-2650","page","type-page","status-publish","hentry"],"_links":{"self":[{"href":"https:\/\/wp.ull.es\/coesbiol\/index.php?rest_route=\/wp\/v2\/pages\/2650","targetHints":{"allow":["GET"]}}],"collection":[{"href":"https:\/\/wp.ull.es\/coesbiol\/index.php?rest_route=\/wp\/v2\/pages"}],"about":[{"href":"https:\/\/wp.ull.es\/coesbiol\/index.php?rest_route=\/wp\/v2\/types\/page"}],"author":[{"embeddable":true,"href":"https:\/\/wp.ull.es\/coesbiol\/index.php?rest_route=\/wp\/v2\/users\/237"}],"replies":[{"embeddable":true,"href":"https:\/\/wp.ull.es\/coesbiol\/index.php?rest_route=%2Fwp%2Fv2%2Fcomments&post=2650"}],"version-history":[{"count":2,"href":"https:\/\/wp.ull.es\/coesbiol\/index.php?rest_route=\/wp\/v2\/pages\/2650\/revisions"}],"predecessor-version":[{"id":3157,"href":"https:\/\/wp.ull.es\/coesbiol\/index.php?rest_route=\/wp\/v2\/pages\/2650\/revisions\/3157"}],"wp:attachment":[{"href":"https:\/\/wp.ull.es\/coesbiol\/index.php?rest_route=%2Fwp%2Fv2%2Fmedia&parent=2650"}],"curies":[{"name":"wp","href":"https:\/\/api.w.org\/{rel}","templated":true}]}}