{"id":2562,"date":"2024-01-27T13:17:48","date_gmt":"2024-01-27T13:17:48","guid":{"rendered":"https:\/\/wp.ull.es\/coesbiol\/?page_id=2562"},"modified":"2024-01-27T13:18:51","modified_gmt":"2024-01-27T13:18:51","slug":"xi-congreso-de-estudiantes-de-biologia-2023-2","status":"publish","type":"page","link":"https:\/\/wp.ull.es\/coesbiol\/?page_id=2562","title":{"rendered":"XI Congreso de Estudiantes de Biolog\u00eda &#8211; 2023"},"content":{"rendered":"\n<p class=\"has-black-color has-text-color has-link-color has-small-font-size wp-elements-469512681c4935b74977f8677c1804f7\"><mark style=\"background-color:#ffffff\" class=\"has-inline-color has-black-color\">Aqu\u00ed podr\u00e1s encontrar las ponencias, los p\u00f3steres y las fotograf\u00edas realizadas por los estudiantes en la XI Edici\u00f3n.<\/mark><\/p>\n\n\n\n<p class=\"has-black-color has-white-background-color has-text-color has-background\" style=\"font-size:15px\"><\/p>\n\n\n\n<div class=\"wp-block-columns is-layout-flex wp-container-core-columns-is-layout-9d6595d7 wp-block-columns-is-layout-flex\">\n<div class=\"wp-block-column is-layout-flow wp-block-column-is-layout-flow\">\n<div class=\"wp-block-cover is-light\" style=\"min-height:388px;aspect-ratio:unset;\"><span aria-hidden=\"true\" class=\"wp-block-cover__background has-cyan-bluish-gray-background-color has-background-dim-70 has-background-dim\"><\/span><img fetchpriority=\"high\" decoding=\"async\" width=\"1024\" height=\"614\" class=\"wp-block-cover__image-background wp-image-930\" alt=\"\" src=\"https:\/\/wp.ull.es\/coesbiol\/wp-content\/uploads\/sites\/92\/2022\/02\/Copia-de-x-congreso-de-estudiantes-de-biologia-2000-\u00d7-1200-px-23.jpg\" style=\"object-position:50% 59%\" data-object-fit=\"cover\" data-object-position=\"50% 59%\" srcset=\"https:\/\/wp.ull.es\/coesbiol\/wp-content\/uploads\/sites\/92\/2022\/02\/Copia-de-x-congreso-de-estudiantes-de-biologia-2000-\u00d7-1200-px-23.jpg 1024w, https:\/\/wp.ull.es\/coesbiol\/wp-content\/uploads\/sites\/92\/2022\/02\/Copia-de-x-congreso-de-estudiantes-de-biologia-2000-\u00d7-1200-px-23-300x180.jpg 300w, https:\/\/wp.ull.es\/coesbiol\/wp-content\/uploads\/sites\/92\/2022\/02\/Copia-de-x-congreso-de-estudiantes-de-biologia-2000-\u00d7-1200-px-23-768x461.jpg 768w, https:\/\/wp.ull.es\/coesbiol\/wp-content\/uploads\/sites\/92\/2022\/02\/Copia-de-x-congreso-de-estudiantes-de-biologia-2000-\u00d7-1200-px-23-1536x922.jpg 1536w, https:\/\/wp.ull.es\/coesbiol\/wp-content\/uploads\/sites\/92\/2022\/02\/Copia-de-x-congreso-de-estudiantes-de-biologia-2000-\u00d7-1200-px-23-2000x1200.jpg 2000w\" sizes=\"(max-width: 767px) 89vw, (max-width: 1000px) 54vw, (max-width: 1071px) 543px, 580px\" \/><div class=\"wp-block-cover__inner-container is-layout-flow wp-block-cover-is-layout-flow\">\n<p class=\"has-text-align-center has-black-color has-text-color\" style=\"font-size:35px\"><em><strong>Ponencias<\/strong><\/em><\/p>\n\n\n\n<div class=\"wp-block-buttons is-horizontal is-content-justification-center is-layout-flex wp-container-core-buttons-is-layout-499968f5 wp-block-buttons-is-layout-flex\">\n<div class=\"wp-block-button has-custom-font-size has-small-font-size\"><a class=\"wp-block-button__link has-white-color has-black-background-color has-text-color has-background wp-element-button\" href=\"https:\/\/wp.ull.es\/coesbiol\/ponencias-oralesxi\/\">Ver<\/a><\/div>\n<\/div>\n\n\n\n<p><\/p>\n<\/div><\/div>\n<\/div>\n\n\n\n<div class=\"wp-block-column is-layout-flow wp-block-column-is-layout-flow\">\n<div class=\"wp-block-cover is-light\" style=\"min-height:390px;aspect-ratio:unset;\"><span aria-hidden=\"true\" class=\"wp-block-cover__background has-cyan-bluish-gray-background-color has-background-dim-70 has-background-dim\"><\/span><img decoding=\"async\" width=\"1024\" height=\"614\" class=\"wp-block-cover__image-background wp-image-929\" alt=\"\" src=\"https:\/\/wp.ull.es\/coesbiol\/wp-content\/uploads\/sites\/92\/2022\/02\/Copia-de-x-congreso-de-estudiantes-de-biologia-2000-\u00d7-1200-px-22.jpg\" style=\"object-position:50% 50%\" data-object-fit=\"cover\" data-object-position=\"50% 50%\" srcset=\"https:\/\/wp.ull.es\/coesbiol\/wp-content\/uploads\/sites\/92\/2022\/02\/Copia-de-x-congreso-de-estudiantes-de-biologia-2000-\u00d7-1200-px-22.jpg 1024w, https:\/\/wp.ull.es\/coesbiol\/wp-content\/uploads\/sites\/92\/2022\/02\/Copia-de-x-congreso-de-estudiantes-de-biologia-2000-\u00d7-1200-px-22-300x180.jpg 300w, https:\/\/wp.ull.es\/coesbiol\/wp-content\/uploads\/sites\/92\/2022\/02\/Copia-de-x-congreso-de-estudiantes-de-biologia-2000-\u00d7-1200-px-22-768x461.jpg 768w, https:\/\/wp.ull.es\/coesbiol\/wp-content\/uploads\/sites\/92\/2022\/02\/Copia-de-x-congreso-de-estudiantes-de-biologia-2000-\u00d7-1200-px-22-1536x922.jpg 1536w, https:\/\/wp.ull.es\/coesbiol\/wp-content\/uploads\/sites\/92\/2022\/02\/Copia-de-x-congreso-de-estudiantes-de-biologia-2000-\u00d7-1200-px-22-2000x1200.jpg 2000w\" sizes=\"(max-width: 767px) 89vw, (max-width: 1000px) 54vw, (max-width: 1071px) 543px, 580px\" \/><div class=\"wp-block-cover__inner-container is-layout-flow wp-block-cover-is-layout-flow\">\n<p class=\"has-text-align-center has-black-color has-text-color\" style=\"font-size:35px\"><em><strong>P\u00f3steres<\/strong><\/em><\/p>\n\n\n\n<div class=\"wp-block-buttons is-horizontal is-content-justification-center is-layout-flex wp-container-core-buttons-is-layout-499968f5 wp-block-buttons-is-layout-flex\">\n<div class=\"wp-block-button has-custom-font-size has-small-font-size\"><a class=\"wp-block-button__link has-white-color has-black-background-color has-text-color has-background wp-element-button\" href=\"https:\/\/wp.ull.es\/coesbiol\/posteresxi\/\">Ver<\/a><\/div>\n<\/div>\n\n\n\n<p><\/p>\n<\/div><\/div>\n<\/div>\n\n\n\n<div class=\"wp-block-column is-layout-flow wp-block-column-is-layout-flow\">\n<div class=\"wp-block-cover is-light\" style=\"min-height:389px;aspect-ratio:unset;\"><span aria-hidden=\"true\" class=\"wp-block-cover__background has-cyan-bluish-gray-background-color has-background-dim-70 has-background-dim\"><\/span><img decoding=\"async\" width=\"1024\" height=\"614\" class=\"wp-block-cover__image-background wp-image-983\" alt=\"\" src=\"https:\/\/wp.ull.es\/coesbiol\/wp-content\/uploads\/sites\/92\/2022\/02\/Copia-de-x-congreso-de-estudiantes-de-biologia-2000-\u00d7-1200-px-26.jpg\" style=\"object-position:51% 53%\" data-object-fit=\"cover\" data-object-position=\"51% 53%\" srcset=\"https:\/\/wp.ull.es\/coesbiol\/wp-content\/uploads\/sites\/92\/2022\/02\/Copia-de-x-congreso-de-estudiantes-de-biologia-2000-\u00d7-1200-px-26.jpg 1024w, https:\/\/wp.ull.es\/coesbiol\/wp-content\/uploads\/sites\/92\/2022\/02\/Copia-de-x-congreso-de-estudiantes-de-biologia-2000-\u00d7-1200-px-26-300x180.jpg 300w, https:\/\/wp.ull.es\/coesbiol\/wp-content\/uploads\/sites\/92\/2022\/02\/Copia-de-x-congreso-de-estudiantes-de-biologia-2000-\u00d7-1200-px-26-768x461.jpg 768w, https:\/\/wp.ull.es\/coesbiol\/wp-content\/uploads\/sites\/92\/2022\/02\/Copia-de-x-congreso-de-estudiantes-de-biologia-2000-\u00d7-1200-px-26-1536x922.jpg 1536w, https:\/\/wp.ull.es\/coesbiol\/wp-content\/uploads\/sites\/92\/2022\/02\/Copia-de-x-congreso-de-estudiantes-de-biologia-2000-\u00d7-1200-px-26-2000x1200.jpg 2000w\" sizes=\"(max-width: 767px) 89vw, (max-width: 1000px) 54vw, (max-width: 1071px) 543px, 580px\" \/><div class=\"wp-block-cover__inner-container is-layout-flow wp-block-cover-is-layout-flow\">\n<p class=\"has-text-align-center has-black-color has-text-color\" style=\"font-size:35px\"><em><strong>Fotograf\u00edas<\/strong><\/em><\/p>\n\n\n\n<div class=\"wp-block-buttons is-horizontal is-content-justification-center is-layout-flex wp-container-core-buttons-is-layout-499968f5 wp-block-buttons-is-layout-flex\">\n<div class=\"wp-block-button has-custom-font-size has-small-font-size\"><a class=\"wp-block-button__link has-white-color has-black-background-color has-text-color has-background wp-element-button\" href=\"https:\/\/wp.ull.es\/coesbiol\/fotografiasxi\/\">Ver<\/a><\/div>\n<\/div>\n\n\n\n<p><\/p>\n<\/div><\/div>\n<\/div>\n<\/div>\n\n\n\n<p><\/p>\n\n\n\n<div class=\"wp-block-columns is-layout-flex wp-container-core-columns-is-layout-9d6595d7 wp-block-columns-is-layout-flex\">\n<div class=\"wp-block-column is-layout-flow wp-block-column-is-layout-flow\">\n<div class=\"wp-block-buttons is-content-justification-center is-layout-flex wp-container-core-buttons-is-layout-16018d1d wp-block-buttons-is-layout-flex\">\n<div class=\"wp-block-button\"><a class=\"wp-block-button__link has-white-color has-black-background-color has-text-color has-background has-link-color wp-element-button\" href=\"https:\/\/wp.ull.es\/coesbiol\/comite-organizadorxi\/\">Comit\u00e9 Organizador XI<\/a><\/div>\n<\/div>\n<\/div>\n\n\n\n<div class=\"wp-block-column is-layout-flow wp-block-column-is-layout-flow\">\n<div class=\"wp-block-buttons is-content-justification-center is-layout-flex wp-container-core-buttons-is-layout-16018d1d wp-block-buttons-is-layout-flex\">\n<div class=\"wp-block-button\"><a class=\"wp-block-button__link has-white-color has-black-background-color has-text-color has-background has-link-color wp-element-button\" href=\"https:\/\/wp.ull.es\/coesbiol\/comite-cientificoxi\/\">Comit\u00e9 Cient\u00edfico XI<\/a><\/div>\n<\/div>\n<\/div>\n<\/div>\n","protected":false},"excerpt":{"rendered":"<p>Aqu\u00ed podr\u00e1s encontrar las ponencias, los p\u00f3steres y las fotograf\u00edas realizadas por los estudiantes en la XI Edici\u00f3n.<\/p>\n","protected":false},"author":237,"featured_media":0,"parent":0,"menu_order":0,"comment_status":"closed","ping_status":"closed","template":"","meta":{"kk_blocks_editor_width":"","_kiokenblocks_attr":"","_kiokenblocks_dimensions":"","ngg_post_thumbnail":0,"footnotes":""},"class_list":["post-2562","page","type-page","status-publish","hentry"],"_links":{"self":[{"href":"https:\/\/wp.ull.es\/coesbiol\/index.php?rest_route=\/wp\/v2\/pages\/2562","targetHints":{"allow":["GET"]}}],"collection":[{"href":"https:\/\/wp.ull.es\/coesbiol\/index.php?rest_route=\/wp\/v2\/pages"}],"about":[{"href":"https:\/\/wp.ull.es\/coesbiol\/index.php?rest_route=\/wp\/v2\/types\/page"}],"author":[{"embeddable":true,"href":"https:\/\/wp.ull.es\/coesbiol\/index.php?rest_route=\/wp\/v2\/users\/237"}],"replies":[{"embeddable":true,"href":"https:\/\/wp.ull.es\/coesbiol\/index.php?rest_route=%2Fwp%2Fv2%2Fcomments&post=2562"}],"version-history":[{"count":2,"href":"https:\/\/wp.ull.es\/coesbiol\/index.php?rest_route=\/wp\/v2\/pages\/2562\/revisions"}],"predecessor-version":[{"id":2566,"href":"https:\/\/wp.ull.es\/coesbiol\/index.php?rest_route=\/wp\/v2\/pages\/2562\/revisions\/2566"}],"wp:attachment":[{"href":"https:\/\/wp.ull.es\/coesbiol\/index.php?rest_route=%2Fwp%2Fv2%2Fmedia&parent=2562"}],"curies":[{"name":"wp","href":"https:\/\/api.w.org\/{rel}","templated":true}]}}