{"id":2381,"date":"2023-03-30T01:45:21","date_gmt":"2023-03-30T00:45:21","guid":{"rendered":"https:\/\/wp.ull.es\/coesbiol\/?page_id=2381"},"modified":"2025-11-27T21:48:00","modified_gmt":"2025-11-27T21:48:00","slug":"premiados","status":"publish","type":"page","link":"https:\/\/wp.ull.es\/coesbiol\/?page_id=2381","title":{"rendered":"XI PREMIADOS"},"content":{"rendered":"\n<p class=\"has-text-align-center has-black-color has-text-color\" style=\"font-size:30px\">PREMIADOS<\/p>\n\n\n\n<p><\/p>\n\n\n\n<p class=\"has-text-align-center has-black-color has-text-color has-medium-font-size\"><strong>PONENCIAS<\/strong><\/p>\n\n\n\n<hr class=\"wp-block-separator has-alpha-channel-opacity\" \/>\n\n\n\n<div class=\"wp-block-columns is-layout-flex wp-container-core-columns-is-layout-9d6595d7 wp-block-columns-is-layout-flex\">\n<div class=\"wp-block-column is-layout-flow wp-block-column-is-layout-flow\" style=\"flex-basis:33.33%\"><div class=\"wp-block-image\">\n<figure class=\"aligncenter size-large\"><img fetchpriority=\"high\" decoding=\"async\" width=\"683\" height=\"1024\" src=\"https:\/\/wp.ull.es\/coesbiol\/wp-content\/uploads\/sites\/92\/2023\/03\/IMG_2445-683x1024.jpg\" alt=\"\" class=\"wp-image-2386\" srcset=\"https:\/\/wp.ull.es\/coesbiol\/wp-content\/uploads\/sites\/92\/2023\/03\/IMG_2445-683x1024.jpg 683w, https:\/\/wp.ull.es\/coesbiol\/wp-content\/uploads\/sites\/92\/2023\/03\/IMG_2445-200x300.jpg 200w, https:\/\/wp.ull.es\/coesbiol\/wp-content\/uploads\/sites\/92\/2023\/03\/IMG_2445-768x1152.jpg 768w, https:\/\/wp.ull.es\/coesbiol\/wp-content\/uploads\/sites\/92\/2023\/03\/IMG_2445-1024x1536.jpg 1024w, https:\/\/wp.ull.es\/coesbiol\/wp-content\/uploads\/sites\/92\/2023\/03\/IMG_2445.jpg 1067w\" sizes=\"(max-width: 683px) 100vw, 683px\" \/><\/figure>\n<\/div><\/div>\n\n\n\n<div class=\"wp-block-column is-layout-flow wp-block-column-is-layout-flow\" style=\"flex-basis:66.66%\">\n<p><\/p>\n\n\n\n<p class=\"has-black-color has-luminous-vivid-amber-background-color has-text-color has-background\" style=\"font-size:16px\"><strong>Primer Premio:<\/strong>  Molaye Mohamed-Ahid Nuez<\/p>\n\n\n\n<div class=\"wp-block-buttons is-content-justification-center is-layout-flex wp-container-core-buttons-is-layout-e1485a7b wp-block-buttons-is-layout-flex\">\n<div class=\"wp-block-button\"><a class=\"wp-block-button__link has-white-color has-text-color\" href=\"https:\/\/drive.google.com\/file\/d\/1gd5xySB2rfUT1-MyZ1ReIkPJdKevLsW_\/view\" target=\"_blank\" rel=\"noreferrer noopener\">Resumen<\/a><\/div>\n<\/div>\n<\/div>\n<\/div>\n\n\n\n<p class=\"has-text-align-center has-black-color has-text-color has-medium-font-size\"><\/p>\n\n\n\n<div class=\"wp-block-columns has-white-background-color has-background is-layout-flex wp-container-core-columns-is-layout-9d6595d7 wp-block-columns-is-layout-flex\">\n<div class=\"wp-block-column is-layout-flow wp-block-column-is-layout-flow\" style=\"flex-basis:33.33%\"><div class=\"wp-block-image\">\n<figure class=\"aligncenter size-large\"><img decoding=\"async\" width=\"683\" height=\"1024\" src=\"https:\/\/wp.ull.es\/coesbiol\/wp-content\/uploads\/sites\/92\/2023\/03\/IMG_2613-683x1024.jpg\" alt=\"\" class=\"wp-image-2387\" srcset=\"https:\/\/wp.ull.es\/coesbiol\/wp-content\/uploads\/sites\/92\/2023\/03\/IMG_2613-683x1024.jpg 683w, https:\/\/wp.ull.es\/coesbiol\/wp-content\/uploads\/sites\/92\/2023\/03\/IMG_2613-200x300.jpg 200w, https:\/\/wp.ull.es\/coesbiol\/wp-content\/uploads\/sites\/92\/2023\/03\/IMG_2613-768x1152.jpg 768w, https:\/\/wp.ull.es\/coesbiol\/wp-content\/uploads\/sites\/92\/2023\/03\/IMG_2613-1024x1536.jpg 1024w, https:\/\/wp.ull.es\/coesbiol\/wp-content\/uploads\/sites\/92\/2023\/03\/IMG_2613.jpg 1067w\" sizes=\"(max-width: 683px) 100vw, 683px\" \/><\/figure>\n<\/div><\/div>\n\n\n\n<div class=\"wp-block-column is-layout-flow wp-block-column-is-layout-flow\" style=\"flex-basis:66.66%\">\n<p><\/p>\n\n\n\n<p class=\"has-black-color has-text-color has-background\" style=\"background-color:#fcb9007a;font-size:16px\"><strong>Segundo Premio:<\/strong>  Adam Khan<\/p>\n\n\n\n<div class=\"wp-block-buttons is-content-justification-center is-layout-flex wp-container-core-buttons-is-layout-e1485a7b wp-block-buttons-is-layout-flex\">\n<div class=\"wp-block-button\"><a class=\"wp-block-button__link has-white-color has-text-color\" href=\"https:\/\/drive.google.com\/file\/d\/1aNd6_HctBZlKBcjQApxo0nn1eoqt5eyq\/view\" target=\"_blank\" rel=\"noreferrer noopener\">Resumen<\/a><\/div>\n<\/div>\n<\/div>\n<\/div>\n\n\n\n<p><\/p>\n\n\n\n<p class=\"has-text-align-center has-black-color has-text-color has-medium-font-size\"><strong>POSTERES<\/strong><\/p>\n\n\n\n<hr class=\"wp-block-separator has-alpha-channel-opacity\" \/>\n\n\n\n<div class=\"wp-block-columns is-layout-flex wp-container-core-columns-is-layout-9d6595d7 wp-block-columns-is-layout-flex\">\n<div class=\"wp-block-column is-layout-flow wp-block-column-is-layout-flow\" style=\"flex-basis:33.33%\"><div class=\"wp-block-image\">\n<figure class=\"aligncenter size-large is-resized\"><img decoding=\"async\" src=\"https:\/\/wp.ull.es\/coesbiol\/wp-content\/uploads\/sites\/92\/2023\/03\/IMG_334s1-485x1024.jpg\" alt=\"\" class=\"wp-image-2391\" width=\"183\" height=\"386\" srcset=\"https:\/\/wp.ull.es\/coesbiol\/wp-content\/uploads\/sites\/92\/2023\/03\/IMG_334s1-485x1024.jpg 485w, https:\/\/wp.ull.es\/coesbiol\/wp-content\/uploads\/sites\/92\/2023\/03\/IMG_334s1-142x300.jpg 142w, https:\/\/wp.ull.es\/coesbiol\/wp-content\/uploads\/sites\/92\/2023\/03\/IMG_334s1-728x1536.jpg 728w, https:\/\/wp.ull.es\/coesbiol\/wp-content\/uploads\/sites\/92\/2023\/03\/IMG_334s1.jpg 758w\" sizes=\"(max-width: 183px) 100vw, 183px\" \/><\/figure>\n<\/div><\/div>\n\n\n\n<div class=\"wp-block-column is-layout-flow wp-block-column-is-layout-flow\" style=\"flex-basis:66.66%\">\n<p><\/p>\n\n\n\n<p class=\"has-black-color has-luminous-vivid-amber-background-color has-text-color has-background\" style=\"font-size:16px\"><strong>Primer Premio:<\/strong>  Sheila Garc\u00eda de Pero-Sanz<\/p>\n\n\n\n<div class=\"wp-block-buttons is-content-justification-center is-layout-flex wp-container-core-buttons-is-layout-e1485a7b wp-block-buttons-is-layout-flex\">\n<div class=\"wp-block-button\"><a class=\"wp-block-button__link has-white-color has-text-color\" href=\"https:\/\/drive.google.com\/file\/d\/1rcr633wIrexzgdxm-geFJ4BKDZMXlV-I\/view\" target=\"_blank\" rel=\"noreferrer noopener\">P\u00f3ster<\/a><\/div>\n<\/div>\n<\/div>\n<\/div>\n\n\n\n<p class=\"has-text-align-center has-black-color has-text-color has-medium-font-size\"><\/p>\n\n\n\n<div class=\"wp-block-columns is-layout-flex wp-container-core-columns-is-layout-9d6595d7 wp-block-columns-is-layout-flex\">\n<div class=\"wp-block-column is-layout-flow wp-block-column-is-layout-flow\" style=\"flex-basis:33.33%\"><div class=\"wp-block-image\">\n<figure class=\"aligncenter size-large\"><img loading=\"lazy\" decoding=\"async\" width=\"673\" height=\"1024\" src=\"https:\/\/wp.ull.es\/coesbiol\/wp-content\/uploads\/sites\/92\/2023\/03\/IMG_3318-673x1024.jpg\" alt=\"\" class=\"wp-image-2392\" srcset=\"https:\/\/wp.ull.es\/coesbiol\/wp-content\/uploads\/sites\/92\/2023\/03\/IMG_3318-673x1024.jpg 673w, https:\/\/wp.ull.es\/coesbiol\/wp-content\/uploads\/sites\/92\/2023\/03\/IMG_3318-197x300.jpg 197w, https:\/\/wp.ull.es\/coesbiol\/wp-content\/uploads\/sites\/92\/2023\/03\/IMG_3318-768x1168.jpg 768w, https:\/\/wp.ull.es\/coesbiol\/wp-content\/uploads\/sites\/92\/2023\/03\/IMG_3318-1010x1536.jpg 1010w, https:\/\/wp.ull.es\/coesbiol\/wp-content\/uploads\/sites\/92\/2023\/03\/IMG_3318.jpg 1052w\" sizes=\"(max-width: 673px) 100vw, 673px\" \/><\/figure>\n<\/div><\/div>\n\n\n\n<div class=\"wp-block-column is-layout-flow wp-block-column-is-layout-flow\" style=\"flex-basis:66.66%\">\n<p><\/p>\n\n\n\n<p class=\"has-black-color has-text-color has-background\" style=\"background-color:#fcb9007a;font-size:16px\"><strong>Segundo Premio:<\/strong>  <em>Kendra Borges Afonso<\/em><\/p>\n\n\n\n<div class=\"wp-block-buttons is-content-justification-center is-layout-flex wp-container-core-buttons-is-layout-e1485a7b wp-block-buttons-is-layout-flex\">\n<div class=\"wp-block-button\"><a class=\"wp-block-button__link has-white-color has-text-color\" href=\"https:\/\/drive.google.com\/file\/d\/1yyDsYT1YkNTm9j864kVfwXRm1WXDDVmZ\/view\" target=\"_blank\" rel=\"noreferrer noopener\">P\u00f3ster<\/a><\/div>\n<\/div>\n<\/div>\n<\/div>\n\n\n\n<div class=\"wp-block-columns is-layout-flex wp-container-core-columns-is-layout-9d6595d7 wp-block-columns-is-layout-flex\">\n<div class=\"wp-block-column is-layout-flow wp-block-column-is-layout-flow\" style=\"flex-basis:33.33%\"><div class=\"wp-block-image\">\n<figure class=\"aligncenter size-large is-resized\"><img loading=\"lazy\" decoding=\"async\" src=\"https:\/\/wp.ull.es\/coesbiol\/wp-content\/uploads\/sites\/92\/2023\/03\/IMG_3359ssss-595x1024.jpg\" alt=\"\" class=\"wp-image-2393\" width=\"199\" height=\"341\" \/><\/figure>\n<\/div><\/div>\n\n\n\n<div class=\"wp-block-column is-layout-flow wp-block-column-is-layout-flow\" style=\"flex-basis:66.66%\">\n<p><\/p>\n\n\n\n<p class=\"has-text-align-center has-black-color has-luminous-vivid-amber-background-color has-text-color has-background\" style=\"font-size:16px\"><strong>Premio Transici\u00f3n Ecol\u00f3gico e Innovaci\u00f3n<\/strong>:       Ra\u00fal Luis Afonso Dorta y <em>Pedro Aurelio S\u00e1nchez Hern\u00e1ndez Abad<\/em><\/p>\n\n\n\n<div class=\"wp-block-buttons is-content-justification-center is-layout-flex wp-container-core-buttons-is-layout-e1485a7b wp-block-buttons-is-layout-flex\">\n<div class=\"wp-block-button\"><a class=\"wp-block-button__link has-white-color has-text-color\" href=\"https:\/\/drive.google.com\/file\/d\/1AN9yuQCSNjZd_HTwd-Ean8Zcs5EWGwWY\/view\">P\u00f3ster<\/a><\/div>\n<\/div>\n<\/div>\n<\/div>\n\n\n\n<hr class=\"wp-block-separator has-alpha-channel-opacity\" \/>\n\n\n\n<p class=\"has-text-align-center has-black-color has-text-color has-medium-font-size\"><strong>FOTOGRAF\u00cdA<\/strong><\/p>\n\n\n\n<hr class=\"wp-block-separator has-alpha-channel-opacity\" \/>\n\n\n\n<div class=\"wp-block-columns is-layout-flex wp-container-core-columns-is-layout-9d6595d7 wp-block-columns-is-layout-flex\">\n<div class=\"wp-block-column is-layout-flow wp-block-column-is-layout-flow\" style=\"flex-basis:33.33%\"><div class=\"wp-block-image\">\n<figure class=\"aligncenter size-large\"><img loading=\"lazy\" decoding=\"async\" width=\"602\" height=\"1024\" src=\"https:\/\/wp.ull.es\/coesbiol\/wp-content\/uploads\/sites\/92\/2023\/03\/IMG_3307-602x1024.jpg\" alt=\"\" class=\"wp-image-2403\" srcset=\"https:\/\/wp.ull.es\/coesbiol\/wp-content\/uploads\/sites\/92\/2023\/03\/IMG_3307-602x1024.jpg 602w, https:\/\/wp.ull.es\/coesbiol\/wp-content\/uploads\/sites\/92\/2023\/03\/IMG_3307-176x300.jpg 176w, https:\/\/wp.ull.es\/coesbiol\/wp-content\/uploads\/sites\/92\/2023\/03\/IMG_3307-768x1307.jpg 768w, https:\/\/wp.ull.es\/coesbiol\/wp-content\/uploads\/sites\/92\/2023\/03\/IMG_3307-902x1536.jpg 902w, https:\/\/wp.ull.es\/coesbiol\/wp-content\/uploads\/sites\/92\/2023\/03\/IMG_3307.jpg 940w\" sizes=\"(max-width: 602px) 100vw, 602px\" \/><\/figure>\n<\/div><\/div>\n\n\n\n<div class=\"wp-block-column is-layout-flow wp-block-column-is-layout-flow\" style=\"flex-basis:66.66%\">\n<p><\/p>\n\n\n\n<p class=\"has-black-color has-luminous-vivid-amber-background-color has-text-color has-background\" style=\"font-size:16px\"><strong>Primer Premio:<\/strong>  David Chong P\u00e9rez<\/p>\n\n\n\n<div class=\"wp-block-buttons is-content-justification-center is-layout-flex wp-container-core-buttons-is-layout-e1485a7b wp-block-buttons-is-layout-flex\">\n<div class=\"wp-block-button\"><a class=\"wp-block-button__link has-white-color has-text-color\" href=\"https:\/\/drive.google.com\/file\/d\/1yhI-rGcZDWRVInRgXLIraDBd6xDnqyKk\/view?usp=sharing\">Fotograf\u00eda<\/a><\/div>\n<\/div>\n<\/div>\n<\/div>\n","protected":false},"excerpt":{"rendered":"<p>PREMIADOS PONENCIAS Primer Premio: Molaye Mohamed-Ahid Nuez Segundo Premio: Adam Khan POSTERES Primer Premio: Sheila Garc\u00eda de Pero-Sanz Segundo Premio: Kendra Borges Afonso Premio Transici\u00f3n Ecol\u00f3gico e Innovaci\u00f3n: Ra\u00fal Luis Afonso Dorta y Pedro Aurelio S\u00e1nchez Hern\u00e1ndez Abad FOTOGRAF\u00cdA Primer Premio: David Chong P\u00e9rez<\/p>\n","protected":false},"author":237,"featured_media":0,"parent":0,"menu_order":0,"comment_status":"closed","ping_status":"closed","template":"","meta":{"kk_blocks_editor_width":"","_kiokenblocks_attr":"","_kiokenblocks_dimensions":"","ngg_post_thumbnail":0,"footnotes":""},"class_list":["post-2381","page","type-page","status-publish","hentry"],"_links":{"self":[{"href":"https:\/\/wp.ull.es\/coesbiol\/index.php?rest_route=\/wp\/v2\/pages\/2381","targetHints":{"allow":["GET"]}}],"collection":[{"href":"https:\/\/wp.ull.es\/coesbiol\/index.php?rest_route=\/wp\/v2\/pages"}],"about":[{"href":"https:\/\/wp.ull.es\/coesbiol\/index.php?rest_route=\/wp\/v2\/types\/page"}],"author":[{"embeddable":true,"href":"https:\/\/wp.ull.es\/coesbiol\/index.php?rest_route=\/wp\/v2\/users\/237"}],"replies":[{"embeddable":true,"href":"https:\/\/wp.ull.es\/coesbiol\/index.php?rest_route=%2Fwp%2Fv2%2Fcomments&post=2381"}],"version-history":[{"count":2,"href":"https:\/\/wp.ull.es\/coesbiol\/index.php?rest_route=\/wp\/v2\/pages\/2381\/revisions"}],"predecessor-version":[{"id":3167,"href":"https:\/\/wp.ull.es\/coesbiol\/index.php?rest_route=\/wp\/v2\/pages\/2381\/revisions\/3167"}],"wp:attachment":[{"href":"https:\/\/wp.ull.es\/coesbiol\/index.php?rest_route=%2Fwp%2Fv2%2Fmedia&parent=2381"}],"curies":[{"name":"wp","href":"https:\/\/api.w.org\/{rel}","templated":true}]}}