{"id":184,"date":"2023-09-26T18:11:13","date_gmt":"2023-09-26T17:11:13","guid":{"rendered":"https:\/\/wp.ull.es\/calvarez\/?page_id=184"},"modified":"2024-01-17T05:33:31","modified_gmt":"2024-01-17T05:33:31","slug":"divulgacion-cientifica","status":"publish","type":"page","link":"https:\/\/wp.ull.es\/calvarez\/divulgacion-cientifica\/","title":{"rendered":"Divulgaci\u00f3n cient\u00edfica"},"content":{"rendered":"\n<p class=\"has-large-font-size\">(Sci spreading)<\/p>\n\n\n\n<p>Codirector de Aula Cultural de Divulgaci\u00f3n Cient\u00edfica<\/p>\n\n\n\n<figure class=\"wp-block-image size-large is-resized\"><img decoding=\"async\" width=\"1024\" height=\"942\" src=\"https:\/\/wp.ull.es\/calvarez\/wp-content\/uploads\/sites\/161\/2023\/09\/sello-20-aniversario-1024x942.png\" alt=\"\" class=\"wp-image-185\" style=\"width:207px;height:190px\" srcset=\"https:\/\/wp.ull.es\/calvarez\/wp-content\/uploads\/sites\/161\/2023\/09\/sello-20-aniversario-1024x942.png 1024w, https:\/\/wp.ull.es\/calvarez\/wp-content\/uploads\/sites\/161\/2023\/09\/sello-20-aniversario-300x276.png 300w, https:\/\/wp.ull.es\/calvarez\/wp-content\/uploads\/sites\/161\/2023\/09\/sello-20-aniversario-768x706.png 768w, https:\/\/wp.ull.es\/calvarez\/wp-content\/uploads\/sites\/161\/2023\/09\/sello-20-aniversario-1536x1413.png 1536w, https:\/\/wp.ull.es\/calvarez\/wp-content\/uploads\/sites\/161\/2023\/09\/sello-20-aniversario.png 1742w\" sizes=\"(max-width: 1024px) 100vw, 1024px\" \/><\/figure>\n\n\n\n<p><a href=\"https:\/\/www.ull.es\/portal\/aulasycatedrasculturales\/aula-cultural-de-divulgacion-cientifica\/\">Web del ACDC-ULL<\/a><\/p>\n\n\n\n<p><a href=\"https:\/\/www.eldia.es\/tenerife\/2023\/09\/24\/casa-lucha-tiempo-92475734.html\">La lucha hist\u00f3rica por salvar la Casa Amarilla<\/a><\/p>\n\n\n\n<div class=\"wp-block-group\"><div class=\"wp-block-group__inner-container is-layout-constrained wp-block-group-is-layout-constrained\">\n<p>Por qu\u00e9 es necesario analizar cr\u00edticamente a las Pseudociencias. <\/p>\n\n\n\n<p class=\"has-small-font-size\">Me parece dif\u00edcil que alguien pueda poner en duda hoy en d\u00eda que ser\u00eda pr\u00e1cticamente imposible imaginar nuestra sociedad sin los avances cient\u00edficos y tecnol\u00f3gicos, sin los adelantos con los que mantenemos contacto diario. Nuestras vidas ser\u00edan muy distintas sin ellos. Pero es igual de cierto que existe un preocupante desconocimiento de los resultados, m\u00e9todos y contenidos generales de las distintas disciplinas cient\u00edficas en nuestra sociedad. Este \u201canalfabetismo cient\u00edfico\u201d ha sido se\u00f1alado por diferentes estudios y encuestas entre la poblaci\u00f3n. Por otro lado, la sociedad en su conjunto es quien financia en definitiva la investigaci\u00f3n p\u00fablica y, por tanto, demanda conocer qu\u00e9 es lo que se hace en las universidades y en los centros de investigaci\u00f3n. Adem\u00e1s, pensamos que es un compromiso \u00e9tico de los investigadores contar a la sociedad qu\u00e9 es y qu\u00e9 no es ciencia.<\/p>\n\n\n\n<p class=\"has-small-font-size\">Ambos factores, desconocimiento y desconfianza hacia la Ciencia, se encuentran inextricablemente ligados a otro fen\u00f3meno: el auge, claramente observable en los medios de comunicaci\u00f3n de las denominadas&nbsp;<em>pseudociencias,<\/em>&nbsp;disciplinas o creencias de tipo irracional cuyos defensores pretenden hacerlas pasar por ciencias. Muchos de los embaucadores que las defienden realizan afirmaciones que contradicen nuestra racionalidad as\u00ed como los principios y teor\u00edas cient\u00edficas mejor establecidas. Entre ellas podr\u00edamos citar a la astrolog\u00eda, la videncia o futurolog\u00eda, la parapsicolog\u00eda, las medicinas mal llamadas \u201calternativas\u201d, la ufolog\u00eda, la creencia en energ\u00edas no mensurables, en seres inmateriales, en viajes fuera del cuerpo, etc.<\/p>\n\n\n\n<p class=\"has-small-font-size\">A la luz de lo ocurrido en los \u00faltimos siglos, no es totalmente evidente que una s\u00f3lida formaci\u00f3n cient\u00edfica conlleve un rechazo frontal de los contenidos pseudocient\u00edficos. Pero lo que parece indiscutible es que una buena formaci\u00f3n cient\u00edfica, unida al conocimiento de las herramientas b\u00e1sicas del pensamiento cr\u00edtico y de la metodolog\u00eda de la Ciencia, posibilitan la realizaci\u00f3n de an\u00e1lisis cr\u00edticos y la b\u00fasqueda de explicaciones alternativas y \u201cterrenales\u201d a los argumentos de las pseudociencias. Por todo ello, la necesidad de la\u00a0<strong>DIVULGACI\u00d3N Y DIFUSI\u00d3N DE LA CIENCIA.<\/strong><\/p>\n<\/div><\/div>\n\n\n\n<p>Alguna charla m\u00eda reciente de divulgaci\u00f3n. En La Orotava, en 2022.<\/p>\n\n\n\n<figure class=\"wp-block-embed is-type-video is-provider-youtube wp-block-embed-youtube wp-embed-aspect-16-9 wp-has-aspect-ratio\"><div class=\"wp-block-embed__wrapper\">\n<iframe loading=\"lazy\" title=\"Neurociencia Cognitiva: el caso de la atenci\u00f3n - Conferencia de Carlos J. \u00c1lvarez Gonz\u00e1lez (ULL)\" width=\"790\" height=\"444\" src=\"https:\/\/www.youtube.com\/embed\/Oo73kiQHFGE?feature=oembed\" frameborder=\"0\" allow=\"accelerometer; autoplay; clipboard-write; encrypted-media; gyroscope; picture-in-picture; web-share\" referrerpolicy=\"strict-origin-when-cross-origin\" allowfullscreen><\/iframe>\n<\/div><\/figure>\n","protected":false},"excerpt":{"rendered":"<p>(Sci spreading) Codirector de Aula Cultural de Divulgaci\u00f3n Cient\u00edfica Web del ACDC-ULL La lucha hist\u00f3rica por salvar la Casa Amarilla Por qu\u00e9 es necesario analizar cr\u00edticamente a las Pseudociencias. Me parece dif\u00edcil que alguien pueda poner en duda hoy en d\u00eda que ser\u00eda pr\u00e1cticamente imposible imaginar nuestra sociedad sin los avances cient\u00edficos y tecnol\u00f3gicos, sin&hellip;<\/p>\n<p><a class=\"more-link\" href=\"https:\/\/wp.ull.es\/calvarez\/divulgacion-cientifica\/\" title=\"Seguir leyendo &lsquo;Divulgaci\u00f3n cient\u00edfica&rsquo;\">Sigue leyendo <span class=\"meta-nav\">&rarr;<\/span><\/a><\/p>\n","protected":false},"author":403,"featured_media":0,"parent":0,"menu_order":0,"comment_status":"closed","ping_status":"closed","template":"","meta":{"footnotes":""},"class_list":["post-184","page","type-page","status-publish","hentry"],"_links":{"self":[{"href":"https:\/\/wp.ull.es\/calvarez\/wp-json\/wp\/v2\/pages\/184","targetHints":{"allow":["GET"]}}],"collection":[{"href":"https:\/\/wp.ull.es\/calvarez\/wp-json\/wp\/v2\/pages"}],"about":[{"href":"https:\/\/wp.ull.es\/calvarez\/wp-json\/wp\/v2\/types\/page"}],"author":[{"embeddable":true,"href":"https:\/\/wp.ull.es\/calvarez\/wp-json\/wp\/v2\/users\/403"}],"replies":[{"embeddable":true,"href":"https:\/\/wp.ull.es\/calvarez\/wp-json\/wp\/v2\/comments?post=184"}],"version-history":[{"count":1,"href":"https:\/\/wp.ull.es\/calvarez\/wp-json\/wp\/v2\/pages\/184\/revisions"}],"predecessor-version":[{"id":274,"href":"https:\/\/wp.ull.es\/calvarez\/wp-json\/wp\/v2\/pages\/184\/revisions\/274"}],"wp:attachment":[{"href":"https:\/\/wp.ull.es\/calvarez\/wp-json\/wp\/v2\/media?parent=184"}],"curies":[{"name":"wp","href":"https:\/\/api.w.org\/{rel}","templated":true}]}}

Divulgación científica

<p class="has-large-font-size">(Sci spreading)</p>



<p>Codirector de Aula Cultural de Divulgación Científica</p>



<figure class="wp-block-image size-large is-resized"><img decoding="async" width="1024" height="942" src="https://wp.ull.es/calvarez/wp-content/uploads/sites/161/2023/09/sello-20-aniversario-1024x942.png" alt="" class="wp-image-185" style="width:207px;height:190px" srcset="https://wp.ull.es/calvarez/wp-content/uploads/sites/161/2023/09/sello-20-aniversario-1024x942.png 1024w, https://wp.ull.es/calvarez/wp-content/uploads/sites/161/2023/09/sello-20-aniversario-300x276.png 300w, https://wp.ull.es/calvarez/wp-content/uploads/sites/161/2023/09/sello-20-aniversario-768x706.png 768w, https://wp.ull.es/calvarez/wp-content/uploads/sites/161/2023/09/sello-20-aniversario-1536x1413.png 1536w, https://wp.ull.es/calvarez/wp-content/uploads/sites/161/2023/09/sello-20-aniversario.png 1742w" sizes="(max-width: 1024px) 100vw, 1024px" /></figure>



<p><a href="https://www.ull.es/portal/aulasycatedrasculturales/aula-cultural-de-divulgacion-cientifica/">Web del ACDC-ULL</a></p>



<p><a href="https://www.eldia.es/tenerife/2023/09/24/casa-lucha-tiempo-92475734.html">La lucha histórica por salvar la Casa Amarilla</a></p>



<div class="wp-block-group"><div class="wp-block-group__inner-container is-layout-constrained wp-block-group-is-layout-constrained">
<p>Por qué es necesario analizar críticamente a las Pseudociencias. </p>



<p class="has-small-font-size">Me parece difícil que alguien pueda poner en duda hoy en día que sería prácticamente imposible imaginar nuestra sociedad sin los avances científicos y tecnológicos, sin los adelantos con los que mantenemos contacto diario. Nuestras vidas serían muy distintas sin ellos. Pero es igual de cierto que existe un preocupante desconocimiento de los resultados, métodos y contenidos generales de las distintas disciplinas científicas en nuestra sociedad. Este “analfabetismo científico” ha sido señalado por diferentes estudios y encuestas entre la población. Por otro lado, la sociedad en su conjunto es quien financia en definitiva la investigación pública y, por tanto, demanda conocer qué es lo que se hace en las universidades y en los centros de investigación. Además, pensamos que es un compromiso ético de los investigadores contar a la sociedad qué es y qué no es ciencia.</p>



<p class="has-small-font-size">Ambos factores, desconocimiento y desconfianza hacia la Ciencia, se encuentran inextricablemente ligados a otro fenómeno: el auge, claramente observable en los medios de comunicación de las denominadas&nbsp;<em>pseudociencias,</em>&nbsp;disciplinas o creencias de tipo irracional cuyos defensores pretenden hacerlas pasar por ciencias. Muchos de los embaucadores que las defienden realizan afirmaciones que contradicen nuestra racionalidad así como los principios y teorías científicas mejor establecidas. Entre ellas podríamos citar a la astrología, la videncia o futurología, la parapsicología, las medicinas mal llamadas “alternativas”, la ufología, la creencia en energías no mensurables, en seres inmateriales, en viajes fuera del cuerpo, etc.</p>



<p class="has-small-font-size">A la luz de lo ocurrido en los últimos siglos, no es totalmente evidente que una sólida formación científica conlleve un rechazo frontal de los contenidos pseudocientíficos. Pero lo que parece indiscutible es que una buena formación científica, unida al conocimiento de las herramientas básicas del pensamiento crítico y de la metodología de la Ciencia, posibilitan la realización de análisis críticos y la búsqueda de explicaciones alternativas y “terrenales” a los argumentos de las pseudociencias. Por todo ello, la necesidad de la <strong>DIVULGACIÓN Y DIFUSIÓN DE LA CIENCIA.</strong></p>
</div></div>



<p>Alguna charla mía reciente de divulgación. En La Orotava, en 2022.</p>



<figure class="wp-block-embed is-type-video is-provider-youtube wp-block-embed-youtube wp-embed-aspect-16-9 wp-has-aspect-ratio"><div class="wp-block-embed__wrapper">
<iframe loading="lazy" title="Neurociencia Cognitiva: el caso de la atención - Conferencia de Carlos J. Álvarez González (ULL)" width="790" height="444" src="https://www.youtube.com/embed/Oo73kiQHFGE?feature=oembed" frameborder="0" allow="accelerometer; autoplay; clipboard-write; encrypted-media; gyroscope; picture-in-picture; web-share" referrerpolicy="strict-origin-when-cross-origin" allowfullscreen></iframe>
</div></figure>

<p>(Sci spreading) Codirector de Aula Cultural de Divulgación Científica Web del ACDC-ULL La lucha histórica por salvar la Casa Amarilla Por qué es necesario analizar críticamente a las Pseudociencias. Me parece difícil que alguien pueda poner en duda hoy en día que sería prácticamente imposible imaginar nuestra sociedad sin los avances científicos y tecnológicos, sin&hellip;</p>
<p><a class="more-link" href="https://wp.ull.es/calvarez/divulgacion-cientifica/" title="Seguir leyendo &lsquo;Divulgación científica&rsquo;">Sigue leyendo <span class="meta-nav">&rarr;</span></a></p>
