{"id":6394,"date":"2024-08-10T10:14:28","date_gmt":"2024-08-10T10:14:28","guid":{"rendered":"https:\/\/wp.ull.es\/aenogas\/?post_type=mec-events&#038;p=6394"},"modified":"2024-08-10T10:31:59","modified_gmt":"2024-08-10T10:31:59","slug":"fiesta-de-la-vendimia-de-el-hierro","status":"publish","type":"mec-events","link":"https:\/\/wp.ull.es\/aenogas\/events\/fiesta-de-la-vendimia-de-el-hierro\/","title":{"rendered":"Fiesta de la Vendimia de El Hierro"},"content":{"rendered":"<p>Acto principal de la Fiesta de la Vendimia de El Hierro promovido por la Asociaci\u00f3n ARME en colaboraci\u00f3n con la C\u00e1tedra de Agroturismo y Enoturismo de Canarias del ICCA y de la ULL, con la participaci\u00f3n como mantenedor Javier Luaces Hern\u00e1ndez, copropietario de El Rebusco Bodegas &#8211; Premio Enogastroturismo de la Universidad de La Laguna 2024 en la categor\u00eda de Iniciativa Empresarial.<\/p>\n","protected":false},"excerpt":{"rendered":"<p>Acto principal de la Fiesta de la Vendimia de El Hierro promovido por la Asociaci\u00f3n ARME en colaboraci\u00f3n con la C\u00e1tedra de Agroturismo y Enoturismo de Canarias del ICCA y de la ULL, con la participaci\u00f3n como mantenedor Javier Luaces &hellip;<\/p>\n<p class=\"read-more\"> <a class=\"more-link\" href=\"https:\/\/wp.ull.es\/aenogas\/events\/fiesta-de-la-vendimia-de-el-hierro\/\"> <span class=\"screen-reader-text\">Fiesta de la Vendimia de El Hierro<\/span> Leer m\u00e1s \u00bb<\/a><\/p>\n","protected":false},"author":227,"featured_media":6401,"comment_status":"closed","ping_status":"closed","template":"","tags":[42,43],"mec_category":[90],"class_list":["post-6394","mec-events","type-mec-events","status-publish","has-post-thumbnail","hentry","tag-el-hierro","tag-fiesta-de-la-vendimia","mec_category-otros"],"yoast_head":"<!-- This site is optimized with the Yoast SEO plugin v27.4 - https:\/\/yoast.com\/product\/yoast-seo-wordpress\/ -->\n<title>Fiesta de la Vendimia de El Hierro - Enoturismo Canarias<\/title>\n<meta name=\"robots\" content=\"index, follow, max-snippet:-1, max-image-preview:large, max-video-preview:-1\" \/>\n<link rel=\"canonical\" href=\"https:\/\/wp.ull.es\/aenogas\/events\/fiesta-de-la-vendimia-de-el-hierro\/\" \/>\n<meta property=\"og:locale\" content=\"es_ES\" \/>\n<meta property=\"og:type\" content=\"article\" \/>\n<meta property=\"og:title\" content=\"Fiesta de la Vendimia de El Hierro - Enoturismo Canarias\" \/>\n<meta property=\"og:description\" content=\"Acto principal de la Fiesta de la Vendimia de El Hierro promovido por la Asociaci\u00f3n ARME en colaboraci\u00f3n con la C\u00e1tedra de Agroturismo y Enoturismo de Canarias del ICCA y de la ULL, con la participaci\u00f3n como mantenedor Javier Luaces &hellip; Fiesta de la Vendimia de El Hierro Leer m\u00e1s \u00bb\" \/>\n<meta property=\"og:url\" content=\"https:\/\/wp.ull.es\/aenogas\/events\/fiesta-de-la-vendimia-de-el-hierro\/\" \/>\n<meta property=\"og:site_name\" content=\"Enoturismo Canarias\" \/>\n<meta property=\"article:publisher\" content=\"https:\/\/www.facebook.com\/enoturismoull\" \/>\n<meta property=\"article:modified_time\" content=\"2024-08-10T10:31:59+00:00\" \/>\n<meta property=\"og:image\" content=\"https:\/\/wp.ull.es\/aenogas\/wp-content\/uploads\/sites\/90\/2024\/08\/Banner-2.jpg\" \/>\n\t<meta property=\"og:image:width\" content=\"700\" \/>\n\t<meta property=\"og:image:height\" content=\"350\" \/>\n\t<meta property=\"og:image:type\" content=\"image\/jpeg\" \/>\n<meta name=\"twitter:card\" content=\"summary_large_image\" \/>\n<meta name=\"twitter:site\" content=\"@enoturismoull\" \/>\n<script type=\"application\/ld+json\" class=\"yoast-schema-graph\">{\"@context\":\"https:\\\/\\\/schema.org\",\"@graph\":[{\"@type\":\"WebPage\",\"@id\":\"https:\\\/\\\/wp.ull.es\\\/aenogas\\\/events\\\/fiesta-de-la-vendimia-de-el-hierro\\\/\",\"url\":\"https:\\\/\\\/wp.ull.es\\\/aenogas\\\/events\\\/fiesta-de-la-vendimia-de-el-hierro\\\/\",\"name\":\"Fiesta de la Vendimia de El Hierro - Enoturismo Canarias\",\"isPartOf\":{\"@id\":\"https:\\\/\\\/wp.ull.es\\\/aenogas\\\/#website\"},\"primaryImageOfPage\":{\"@id\":\"https:\\\/\\\/wp.ull.es\\\/aenogas\\\/events\\\/fiesta-de-la-vendimia-de-el-hierro\\\/#primaryimage\"},\"image\":{\"@id\":\"https:\\\/\\\/wp.ull.es\\\/aenogas\\\/events\\\/fiesta-de-la-vendimia-de-el-hierro\\\/#primaryimage\"},\"thumbnailUrl\":\"https:\\\/\\\/wp.ull.es\\\/aenogas\\\/wp-content\\\/uploads\\\/sites\\\/90\\\/2024\\\/08\\\/Banner-2.jpg\",\"datePublished\":\"2024-08-10T10:14:28+00:00\",\"dateModified\":\"2024-08-10T10:31:59+00:00\",\"breadcrumb\":{\"@id\":\"https:\\\/\\\/wp.ull.es\\\/aenogas\\\/events\\\/fiesta-de-la-vendimia-de-el-hierro\\\/#breadcrumb\"},\"inLanguage\":\"es\",\"potentialAction\":[{\"@type\":\"ReadAction\",\"target\":[\"https:\\\/\\\/wp.ull.es\\\/aenogas\\\/events\\\/fiesta-de-la-vendimia-de-el-hierro\\\/\"]}]},{\"@type\":\"ImageObject\",\"inLanguage\":\"es\",\"@id\":\"https:\\\/\\\/wp.ull.es\\\/aenogas\\\/events\\\/fiesta-de-la-vendimia-de-el-hierro\\\/#primaryimage\",\"url\":\"https:\\\/\\\/wp.ull.es\\\/aenogas\\\/wp-content\\\/uploads\\\/sites\\\/90\\\/2024\\\/08\\\/Banner-2.jpg\",\"contentUrl\":\"https:\\\/\\\/wp.ull.es\\\/aenogas\\\/wp-content\\\/uploads\\\/sites\\\/90\\\/2024\\\/08\\\/Banner-2.jpg\",\"width\":700,\"height\":350},{\"@type\":\"BreadcrumbList\",\"@id\":\"https:\\\/\\\/wp.ull.es\\\/aenogas\\\/events\\\/fiesta-de-la-vendimia-de-el-hierro\\\/#breadcrumb\",\"itemListElement\":[{\"@type\":\"ListItem\",\"position\":1,\"name\":\"Portada\",\"item\":\"https:\\\/\\\/wp.ull.es\\\/aenogas\\\/\"},{\"@type\":\"ListItem\",\"position\":2,\"name\":\"Eventos\",\"item\":\"https:\\\/\\\/wp.ull.es\\\/aenogas\\\/events\\\/\"},{\"@type\":\"ListItem\",\"position\":3,\"name\":\"Fiesta de la Vendimia de El Hierro\"}]},{\"@type\":\"WebSite\",\"@id\":\"https:\\\/\\\/wp.ull.es\\\/aenogas\\\/#website\",\"url\":\"https:\\\/\\\/wp.ull.es\\\/aenogas\\\/\",\"name\":\"Enoturismo Canarias\",\"description\":\"C\u00e1tedra de Agroturismo y Enoturismo Instituto de Canario de Calidad Agroalimentaria\",\"publisher\":{\"@id\":\"https:\\\/\\\/wp.ull.es\\\/aenogas\\\/#organization\"},\"potentialAction\":[{\"@type\":\"SearchAction\",\"target\":{\"@type\":\"EntryPoint\",\"urlTemplate\":\"https:\\\/\\\/wp.ull.es\\\/aenogas\\\/?s={search_term_string}\"},\"query-input\":{\"@type\":\"PropertyValueSpecification\",\"valueRequired\":true,\"valueName\":\"search_term_string\"}}],\"inLanguage\":\"es\"},{\"@type\":\"Organization\",\"@id\":\"https:\\\/\\\/wp.ull.es\\\/aenogas\\\/#organization\",\"name\":\"C\u00e1tedra de Agroturismo y Enoturismo de Canarias del Instituto Canario de Calidad Agroalimentaria y de la Universidad de La Laguna\",\"url\":\"https:\\\/\\\/wp.ull.es\\\/aenogas\\\/\",\"logo\":{\"@type\":\"ImageObject\",\"inLanguage\":\"es\",\"@id\":\"https:\\\/\\\/wp.ull.es\\\/aenogas\\\/#\\\/schema\\\/logo\\\/image\\\/\",\"url\":\"https:\\\/\\\/wp.ull.es\\\/aenogas\\\/wp-content\\\/uploads\\\/sites\\\/90\\\/2021\\\/03\\\/Logotipo-Catedra.png\",\"contentUrl\":\"https:\\\/\\\/wp.ull.es\\\/aenogas\\\/wp-content\\\/uploads\\\/sites\\\/90\\\/2021\\\/03\\\/Logotipo-Catedra.png\",\"width\":300,\"height\":89,\"caption\":\"C\u00e1tedra de Agroturismo y Enoturismo de Canarias del Instituto Canario de Calidad Agroalimentaria y de la Universidad de La Laguna\"},\"image\":{\"@id\":\"https:\\\/\\\/wp.ull.es\\\/aenogas\\\/#\\\/schema\\\/logo\\\/image\\\/\"},\"sameAs\":[\"https:\\\/\\\/www.facebook.com\\\/enoturismoull\",\"https:\\\/\\\/x.com\\\/enoturismoull\",\"https:\\\/\\\/www.linkedin.com\\\/company\\\/40816665\\\/admin\\\/dashboard\\\/\"]}]}<\/script>\n<!-- \/ Yoast SEO plugin. -->","yoast_head_json":{"title":"Fiesta de la Vendimia de El Hierro - Enoturismo Canarias","robots":{"index":"index","follow":"follow","max-snippet":"max-snippet:-1","max-image-preview":"max-image-preview:large","max-video-preview":"max-video-preview:-1"},"canonical":"https:\/\/wp.ull.es\/aenogas\/events\/fiesta-de-la-vendimia-de-el-hierro\/","og_locale":"es_ES","og_type":"article","og_title":"Fiesta de la Vendimia de El Hierro - Enoturismo Canarias","og_description":"Acto principal de la Fiesta de la Vendimia de El Hierro promovido por la Asociaci\u00f3n ARME en colaboraci\u00f3n con la C\u00e1tedra de Agroturismo y Enoturismo de Canarias del ICCA y de la ULL, con la participaci\u00f3n como mantenedor Javier Luaces &hellip; Fiesta de la Vendimia de El Hierro Leer m\u00e1s \u00bb","og_url":"https:\/\/wp.ull.es\/aenogas\/events\/fiesta-de-la-vendimia-de-el-hierro\/","og_site_name":"Enoturismo Canarias","article_publisher":"https:\/\/www.facebook.com\/enoturismoull","article_modified_time":"2024-08-10T10:31:59+00:00","og_image":[{"width":700,"height":350,"url":"https:\/\/wp.ull.es\/aenogas\/wp-content\/uploads\/sites\/90\/2024\/08\/Banner-2.jpg","type":"image\/jpeg"}],"twitter_card":"summary_large_image","twitter_site":"@enoturismoull","schema":{"@context":"https:\/\/schema.org","@graph":[{"@type":"WebPage","@id":"https:\/\/wp.ull.es\/aenogas\/events\/fiesta-de-la-vendimia-de-el-hierro\/","url":"https:\/\/wp.ull.es\/aenogas\/events\/fiesta-de-la-vendimia-de-el-hierro\/","name":"Fiesta de la Vendimia de El Hierro - Enoturismo Canarias","isPartOf":{"@id":"https:\/\/wp.ull.es\/aenogas\/#website"},"primaryImageOfPage":{"@id":"https:\/\/wp.ull.es\/aenogas\/events\/fiesta-de-la-vendimia-de-el-hierro\/#primaryimage"},"image":{"@id":"https:\/\/wp.ull.es\/aenogas\/events\/fiesta-de-la-vendimia-de-el-hierro\/#primaryimage"},"thumbnailUrl":"https:\/\/wp.ull.es\/aenogas\/wp-content\/uploads\/sites\/90\/2024\/08\/Banner-2.jpg","datePublished":"2024-08-10T10:14:28+00:00","dateModified":"2024-08-10T10:31:59+00:00","breadcrumb":{"@id":"https:\/\/wp.ull.es\/aenogas\/events\/fiesta-de-la-vendimia-de-el-hierro\/#breadcrumb"},"inLanguage":"es","potentialAction":[{"@type":"ReadAction","target":["https:\/\/wp.ull.es\/aenogas\/events\/fiesta-de-la-vendimia-de-el-hierro\/"]}]},{"@type":"ImageObject","inLanguage":"es","@id":"https:\/\/wp.ull.es\/aenogas\/events\/fiesta-de-la-vendimia-de-el-hierro\/#primaryimage","url":"https:\/\/wp.ull.es\/aenogas\/wp-content\/uploads\/sites\/90\/2024\/08\/Banner-2.jpg","contentUrl":"https:\/\/wp.ull.es\/aenogas\/wp-content\/uploads\/sites\/90\/2024\/08\/Banner-2.jpg","width":700,"height":350},{"@type":"BreadcrumbList","@id":"https:\/\/wp.ull.es\/aenogas\/events\/fiesta-de-la-vendimia-de-el-hierro\/#breadcrumb","itemListElement":[{"@type":"ListItem","position":1,"name":"Portada","item":"https:\/\/wp.ull.es\/aenogas\/"},{"@type":"ListItem","position":2,"name":"Eventos","item":"https:\/\/wp.ull.es\/aenogas\/events\/"},{"@type":"ListItem","position":3,"name":"Fiesta de la Vendimia de El Hierro"}]},{"@type":"WebSite","@id":"https:\/\/wp.ull.es\/aenogas\/#website","url":"https:\/\/wp.ull.es\/aenogas\/","name":"Enoturismo Canarias","description":"C\u00e1tedra de Agroturismo y Enoturismo Instituto de Canario de Calidad Agroalimentaria","publisher":{"@id":"https:\/\/wp.ull.es\/aenogas\/#organization"},"potentialAction":[{"@type":"SearchAction","target":{"@type":"EntryPoint","urlTemplate":"https:\/\/wp.ull.es\/aenogas\/?s={search_term_string}"},"query-input":{"@type":"PropertyValueSpecification","valueRequired":true,"valueName":"search_term_string"}}],"inLanguage":"es"},{"@type":"Organization","@id":"https:\/\/wp.ull.es\/aenogas\/#organization","name":"C\u00e1tedra de Agroturismo y Enoturismo de Canarias del Instituto Canario de Calidad Agroalimentaria y de la Universidad de La Laguna","url":"https:\/\/wp.ull.es\/aenogas\/","logo":{"@type":"ImageObject","inLanguage":"es","@id":"https:\/\/wp.ull.es\/aenogas\/#\/schema\/logo\/image\/","url":"https:\/\/wp.ull.es\/aenogas\/wp-content\/uploads\/sites\/90\/2021\/03\/Logotipo-Catedra.png","contentUrl":"https:\/\/wp.ull.es\/aenogas\/wp-content\/uploads\/sites\/90\/2021\/03\/Logotipo-Catedra.png","width":300,"height":89,"caption":"C\u00e1tedra de Agroturismo y Enoturismo de Canarias del Instituto Canario de Calidad Agroalimentaria y de la Universidad de La Laguna"},"image":{"@id":"https:\/\/wp.ull.es\/aenogas\/#\/schema\/logo\/image\/"},"sameAs":["https:\/\/www.facebook.com\/enoturismoull","https:\/\/x.com\/enoturismoull","https:\/\/www.linkedin.com\/company\/40816665\/admin\/dashboard\/"]}]}},"_links":{"self":[{"href":"https:\/\/wp.ull.es\/aenogas\/wp-json\/wp\/v2\/mec-events\/6394","targetHints":{"allow":["GET"]}}],"collection":[{"href":"https:\/\/wp.ull.es\/aenogas\/wp-json\/wp\/v2\/mec-events"}],"about":[{"href":"https:\/\/wp.ull.es\/aenogas\/wp-json\/wp\/v2\/types\/mec-events"}],"author":[{"embeddable":true,"href":"https:\/\/wp.ull.es\/aenogas\/wp-json\/wp\/v2\/users\/227"}],"replies":[{"embeddable":true,"href":"https:\/\/wp.ull.es\/aenogas\/wp-json\/wp\/v2\/comments?post=6394"}],"wp:featuredmedia":[{"embeddable":true,"href":"https:\/\/wp.ull.es\/aenogas\/wp-json\/wp\/v2\/media\/6401"}],"wp:attachment":[{"href":"https:\/\/wp.ull.es\/aenogas\/wp-json\/wp\/v2\/media?parent=6394"}],"wp:term":[{"taxonomy":"post_tag","embeddable":true,"href":"https:\/\/wp.ull.es\/aenogas\/wp-json\/wp\/v2\/tags?post=6394"},{"taxonomy":"mec_category","embeddable":true,"href":"https:\/\/wp.ull.es\/aenogas\/wp-json\/wp\/v2\/mec_category?post=6394"}],"curies":[{"name":"wp","href":"https:\/\/api.w.org\/{rel}","templated":true}]}}

<p>Acto principal de la Fiesta de la Vendimia de El Hierro promovido por la Asociación ARME en colaboración con la Cátedra de Agroturismo y Enoturismo de Canarias del ICCA y de la ULL, con la participación como mantenedor Javier Luaces Hernández, copropietario de El Rebusco Bodegas &#8211; Premio Enogastroturismo de la Universidad de La Laguna 2024 en la categoría de Iniciativa Empresarial.</p>

<p>Acto principal de la Fiesta de la Vendimia de El Hierro promovido por la Asociación ARME en colaboración con la Cátedra de Agroturismo y Enoturismo de Canarias del ICCA y de la ULL, con la participación como mantenedor Javier Luaces &hellip;</p>
<p class="read-more"> <a class="more-link" href="https://wp.ull.es/aenogas/events/fiesta-de-la-vendimia-de-el-hierro/"> <span class="screen-reader-text">Fiesta de la Vendimia de El Hierro</span> Leer más »</a></p>

<!-- This site is optimized with the Yoast SEO plugin v27.4 - https://yoast.com/product/yoast-seo-wordpress/ -->
<title>Fiesta de la Vendimia de El Hierro - Enoturismo Canarias</title>
<meta name="robots" content="index, follow, max-snippet:-1, max-image-preview:large, max-video-preview:-1" />
<link rel="canonical" href="https://wp.ull.es/aenogas/events/fiesta-de-la-vendimia-de-el-hierro/" />
<meta property="og:locale" content="es_ES" />
<meta property="og:type" content="article" />
<meta property="og:title" content="Fiesta de la Vendimia de El Hierro - Enoturismo Canarias" />
<meta property="og:description" content="Acto principal de la Fiesta de la Vendimia de El Hierro promovido por la Asociación ARME en colaboración con la Cátedra de Agroturismo y Enoturismo de Canarias del ICCA y de la ULL, con la participación como mantenedor Javier Luaces &hellip; Fiesta de la Vendimia de El Hierro Leer más »" />
<meta property="og:url" content="https://wp.ull.es/aenogas/events/fiesta-de-la-vendimia-de-el-hierro/" />
<meta property="og:site_name" content="Enoturismo Canarias" />
<meta property="article:publisher" content="https://www.facebook.com/enoturismoull" />
<meta property="article:modified_time" content="2024-08-10T10:31:59+00:00" />
<meta property="og:image" content="https://wp.ull.es/aenogas/wp-content/uploads/sites/90/2024/08/Banner-2.jpg" />
	<meta property="og:image:width" content="700" />
	<meta property="og:image:height" content="350" />
	<meta property="og:image:type" content="image/jpeg" />
<meta name="twitter:card" content="summary_large_image" />
<meta name="twitter:site" content="@enoturismoull" />
<script type="application/ld+json" class="yoast-schema-graph">{"@context":"https:\/\/schema.org","@graph":[{"@type":"WebPage","@id":"https:\/\/wp.ull.es\/aenogas\/events\/fiesta-de-la-vendimia-de-el-hierro\/","url":"https:\/\/wp.ull.es\/aenogas\/events\/fiesta-de-la-vendimia-de-el-hierro\/","name":"Fiesta de la Vendimia de El Hierro - Enoturismo Canarias","isPartOf":{"@id":"https:\/\/wp.ull.es\/aenogas\/#website"},"primaryImageOfPage":{"@id":"https:\/\/wp.ull.es\/aenogas\/events\/fiesta-de-la-vendimia-de-el-hierro\/#primaryimage"},"image":{"@id":"https:\/\/wp.ull.es\/aenogas\/events\/fiesta-de-la-vendimia-de-el-hierro\/#primaryimage"},"thumbnailUrl":"https:\/\/wp.ull.es\/aenogas\/wp-content\/uploads\/sites\/90\/2024\/08\/Banner-2.jpg","datePublished":"2024-08-10T10:14:28+00:00","dateModified":"2024-08-10T10:31:59+00:00","breadcrumb":{"@id":"https:\/\/wp.ull.es\/aenogas\/events\/fiesta-de-la-vendimia-de-el-hierro\/#breadcrumb"},"inLanguage":"es","potentialAction":[{"@type":"ReadAction","target":["https:\/\/wp.ull.es\/aenogas\/events\/fiesta-de-la-vendimia-de-el-hierro\/"]}]},{"@type":"ImageObject","inLanguage":"es","@id":"https:\/\/wp.ull.es\/aenogas\/events\/fiesta-de-la-vendimia-de-el-hierro\/#primaryimage","url":"https:\/\/wp.ull.es\/aenogas\/wp-content\/uploads\/sites\/90\/2024\/08\/Banner-2.jpg","contentUrl":"https:\/\/wp.ull.es\/aenogas\/wp-content\/uploads\/sites\/90\/2024\/08\/Banner-2.jpg","width":700,"height":350},{"@type":"BreadcrumbList","@id":"https:\/\/wp.ull.es\/aenogas\/events\/fiesta-de-la-vendimia-de-el-hierro\/#breadcrumb","itemListElement":[{"@type":"ListItem","position":1,"name":"Portada","item":"https:\/\/wp.ull.es\/aenogas\/"},{"@type":"ListItem","position":2,"name":"Eventos","item":"https:\/\/wp.ull.es\/aenogas\/events\/"},{"@type":"ListItem","position":3,"name":"Fiesta de la Vendimia de El Hierro"}]},{"@type":"WebSite","@id":"https:\/\/wp.ull.es\/aenogas\/#website","url":"https:\/\/wp.ull.es\/aenogas\/","name":"Enoturismo Canarias","description":"Cátedra de Agroturismo y Enoturismo Instituto de Canario de Calidad Agroalimentaria","publisher":{"@id":"https:\/\/wp.ull.es\/aenogas\/#organization"},"potentialAction":[{"@type":"SearchAction","target":{"@type":"EntryPoint","urlTemplate":"https:\/\/wp.ull.es\/aenogas\/?s={search_term_string}"},"query-input":{"@type":"PropertyValueSpecification","valueRequired":true,"valueName":"search_term_string"}}],"inLanguage":"es"},{"@type":"Organization","@id":"https:\/\/wp.ull.es\/aenogas\/#organization","name":"Cátedra de Agroturismo y Enoturismo de Canarias del Instituto Canario de Calidad Agroalimentaria y de la Universidad de La Laguna","url":"https:\/\/wp.ull.es\/aenogas\/","logo":{"@type":"ImageObject","inLanguage":"es","@id":"https:\/\/wp.ull.es\/aenogas\/#\/schema\/logo\/image\/","url":"https:\/\/wp.ull.es\/aenogas\/wp-content\/uploads\/sites\/90\/2021\/03\/Logotipo-Catedra.png","contentUrl":"https:\/\/wp.ull.es\/aenogas\/wp-content\/uploads\/sites\/90\/2021\/03\/Logotipo-Catedra.png","width":300,"height":89,"caption":"Cátedra de Agroturismo y Enoturismo de Canarias del Instituto Canario de Calidad Agroalimentaria y de la Universidad de La Laguna"},"image":{"@id":"https:\/\/wp.ull.es\/aenogas\/#\/schema\/logo\/image\/"},"sameAs":["https:\/\/www.facebook.com\/enoturismoull","https:\/\/x.com\/enoturismoull","https:\/\/www.linkedin.com\/company\/40816665\/admin\/dashboard\/"]}]}</script>
<!-- / Yoast SEO plugin. -->

Acto principal de la Fiesta de la Vendimia de El Hierro promovido por la Asociación ARME en colaboración con la Cátedra de Agroturismo y Enoturismo de Canarias del ICCA y de la ULL, con la participación como mantenedor Javier Luaces &hellip; Fiesta de la Vendimia de El Hierro Leer más »

Cátedra de Agroturismo y Enoturismo Instituto de Canario de Calidad Agroalimentaria

Cátedra de Agroturismo y Enoturismo de Canarias del Instituto Canario de Calidad Agroalimentaria y de la Universidad de La Laguna
